{"id":853,"date":"2020-12-18T08:50:47","date_gmt":"2020-12-18T07:50:47","guid":{"rendered":"https:\/\/blogsaverroes.juntadeandalucia.es\/pre\/plantilla-pencil\/?page_id=853"},"modified":"2025-03-04T12:08:06","modified_gmt":"2025-03-04T11:08:06","slug":"nuestra-historia","status":"publish","type":"page","link":"https:\/\/blogsaverroes.juntadeandalucia.es\/iesguadiana\/nuestra-historia\/","title":{"rendered":"Nuestra Historia"},"content":{"rendered":"<p style=\"text-align: center\"><img loading=\"lazy\" decoding=\"async\" class=\"aligncenter wp-image-1238 size-full\" src=\"https:\/\/blogsaverroes.juntadeandalucia.es\/iesguadiana\/files\/2025\/03\/entrada-centro.png\" alt=\"\" width=\"637\" height=\"507\" srcset=\"https:\/\/blogsaverroes.juntadeandalucia.es\/iesguadiana\/files\/2025\/03\/entrada-centro.png 637w, https:\/\/blogsaverroes.juntadeandalucia.es\/iesguadiana\/files\/2025\/03\/entrada-centro-300x239.png 300w\" sizes=\"(max-width: 637px) 100vw, 637px\" \/><\/p>\n<p>La ense\u00f1anza secundaria en Ayamonte nace a mediados del siglo XX, cuando el Ayuntamiento decide iniciar los tr\u00e1mites administrativos para solicitar en 1952 la creaci\u00f3n de un Centro de Ense\u00f1anza Media y Profesional.<br \/>\nSe har\u00e1 efectivo con la creaci\u00f3n del Centro Oficial de Ense\u00f1anza Media y Profesional de modalidad mar\u00edtimo-pesquera, el 1 de octubre de 1955.<br \/>\nLa sede estar\u00eda en un edificio de la calle Jovellanos, perteneciente al antiguo Convento de la Merced del siglo XVII, a la espera de la construcci\u00f3n de un edificio nuevo, en una finca que estaba frente a la carretera de Huelva a Ayamonte, conocida como sitio del Flete.<br \/>\nLas primeras clases se impartieron el 21 de noviembre de 1955, el claustro de profesores estaba compuesto por ocho miembros, cinco hombres y tres mujeres, y se matricularon cuarenta y cinco alumnos.<br \/>\nEn las Navidades de 1963, se hizo el traslado desde la Merced a la nueva ubicaci\u00f3n y la nueva sede educativa fue inaugurada en el curso 1964-65. La otra gran novedad de los a\u00f1os sesenta fue la incorporaci\u00f3n de la mujer a las ense\u00f1anzas medias en Ayamonte. Las primeras alumnas se incorporaron en el curso 1966-67 y fueron un total de treinta y nueve que se matricularon en la modalidad de Bachillerato Laboral Administrativo.<br \/>\nLos \u00faltimos a\u00f1os del franquismo y la transici\u00f3n democr\u00e1tica fueron el contexto hist\u00f3rico de unos nuevo modelos educativos que acabaron sustituyendo a los anteriores, as\u00ed surgieron el Instituto de Bachillerato Unificado Polivalente Guadiana, que utilizar\u00eda la sede del antiguo Instituto Laboral y el Instituto de Formaci\u00f3n Profesional Le\u00f3n Ortega que empezar\u00eda en el cuso 1975-76 en unas nuevas instalaciones anexas.<br \/>\nEn el curso 1997-98 como resultado de la aplicaci\u00f3n de la Ley Org\u00e1nica General del Sistema Educativo (LOGSE) ambos centros quedaron fusionados con la denominaci\u00f3n actual de Instituto de Ense\u00f1anza Secundaria Guadiana.<\/p>\n","protected":false},"excerpt":{"rendered":"<p>La ense\u00f1anza secundaria en Ayamonte nace a mediados del siglo XX, cuando el Ayuntamiento decide iniciar los tr\u00e1mites administrativos para solicitar en 1952 la creaci\u00f3n de un Centro de Ense\u00f1anza Media y Profesional. Se&#46;&#46;&#46;<\/p>\n","protected":false},"author":7051,"featured_media":0,"parent":0,"menu_order":0,"comment_status":"closed","ping_status":"closed","template":"","meta":{"ngg_post_thumbnail":0,"footnotes":""},"aioseo_notices":[],"_links":{"self":[{"href":"https:\/\/blogsaverroes.juntadeandalucia.es\/iesguadiana\/wp-json\/wp\/v2\/pages\/853"}],"collection":[{"href":"https:\/\/blogsaverroes.juntadeandalucia.es\/iesguadiana\/wp-json\/wp\/v2\/pages"}],"about":[{"href":"https:\/\/blogsaverroes.juntadeandalucia.es\/iesguadiana\/wp-json\/wp\/v2\/types\/page"}],"author":[{"embeddable":true,"href":"https:\/\/blogsaverroes.juntadeandalucia.es\/iesguadiana\/wp-json\/wp\/v2\/users\/7051"}],"replies":[{"embeddable":true,"href":"https:\/\/blogsaverroes.juntadeandalucia.es\/iesguadiana\/wp-json\/wp\/v2\/comments?post=853"}],"version-history":[{"count":4,"href":"https:\/\/blogsaverroes.juntadeandalucia.es\/iesguadiana\/wp-json\/wp\/v2\/pages\/853\/revisions"}],"predecessor-version":[{"id":1239,"href":"https:\/\/blogsaverroes.juntadeandalucia.es\/iesguadiana\/wp-json\/wp\/v2\/pages\/853\/revisions\/1239"}],"wp:attachment":[{"href":"https:\/\/blogsaverroes.juntadeandalucia.es\/iesguadiana\/wp-json\/wp\/v2\/media?parent=853"}],"curies":[{"name":"wp","href":"https:\/\/api.w.org\/{rel}","templated":true}]}}

<p style="text-align: center"><img loading="lazy" decoding="async" class="aligncenter wp-image-1238 size-full" src="https://blogsaverroes.juntadeandalucia.es/iesguadiana/files/2025/03/entrada-centro.png" alt="" width="637" height="507" srcset="https://blogsaverroes.juntadeandalucia.es/iesguadiana/files/2025/03/entrada-centro.png 637w, https://blogsaverroes.juntadeandalucia.es/iesguadiana/files/2025/03/entrada-centro-300x239.png 300w" sizes="(max-width: 637px) 100vw, 637px" /></p>
<p>La enseñanza secundaria en Ayamonte nace a mediados del siglo XX, cuando el Ayuntamiento decide iniciar los trámites administrativos para solicitar en 1952 la creación de un Centro de Enseñanza Media y Profesional.<br />
Se hará efectivo con la creación del Centro Oficial de Enseñanza Media y Profesional de modalidad marítimo-pesquera, el 1 de octubre de 1955.<br />
La sede estaría en un edificio de la calle Jovellanos, perteneciente al antiguo Convento de la Merced del siglo XVII, a la espera de la construcción de un edificio nuevo, en una finca que estaba frente a la carretera de Huelva a Ayamonte, conocida como sitio del Flete.<br />
Las primeras clases se impartieron el 21 de noviembre de 1955, el claustro de profesores estaba compuesto por ocho miembros, cinco hombres y tres mujeres, y se matricularon cuarenta y cinco alumnos.<br />
En las Navidades de 1963, se hizo el traslado desde la Merced a la nueva ubicación y la nueva sede educativa fue inaugurada en el curso 1964-65. La otra gran novedad de los años sesenta fue la incorporación de la mujer a las enseñanzas medias en Ayamonte. Las primeras alumnas se incorporaron en el curso 1966-67 y fueron un total de treinta y nueve que se matricularon en la modalidad de Bachillerato Laboral Administrativo.<br />
Los últimos años del franquismo y la transición democrática fueron el contexto histórico de unos nuevo modelos educativos que acabaron sustituyendo a los anteriores, así surgieron el Instituto de Bachillerato Unificado Polivalente Guadiana, que utilizaría la sede del antiguo Instituto Laboral y el Instituto de Formación Profesional León Ortega que empezaría en el cuso 1975-76 en unas nuevas instalaciones anexas.<br />
En el curso 1997-98 como resultado de la aplicación de la Ley Orgánica General del Sistema Educativo (LOGSE) ambos centros quedaron fusionados con la denominación actual de Instituto de Enseñanza Secundaria Guadiana.</p>

<p>La enseñanza secundaria en Ayamonte nace a mediados del siglo XX, cuando el Ayuntamiento decide iniciar los trámites administrativos para solicitar en 1952 la creación de un Centro de Enseñanza Media y Profesional. Se&#46;&#46;&#46;</p>
