{"id":2633,"date":"2022-01-31T20:52:11","date_gmt":"2022-01-31T19:52:11","guid":{"rendered":"https:\/\/blogsaverroes.juntadeandalucia.es\/ieshienipa\/?page_id=2633"},"modified":"2022-01-31T21:22:48","modified_gmt":"2022-01-31T20:22:48","slug":"nos-mudamos","status":"publish","type":"page","link":"https:\/\/blogsaverroes.juntadeandalucia.es\/ieshienipa\/","title":{"rendered":"\u00a1Nos mudamos!"},"content":{"rendered":"<h4>La web del IES HIENIPA, de Alcal\u00e1 de Guada\u00edra, se traslada a una nueva direcci\u00f3n: <a href=\"https:\/\/ieshienipa.es\">https:\/\/ieshienipa.es<\/a><\/h4>\n<hr>\n<p><a href=\"http:\/\/ieshienipa.es\"><img loading=\"lazy\" decoding=\"async\" class=\"aligncenter wp-image-2636 size-large\" title=\"Captura de pantalla de la nueva web\" src=\"https:\/\/blogsaverroes.juntadeandalucia.es\/ieshienipa\/files\/2022\/01\/Nueva_web_IES_Hienipa-1024x957.png\" alt=\"Captura de pantalla de la nueva web\" width=\"1024\" height=\"957\" srcset=\"https:\/\/blogsaverroes.juntadeandalucia.es\/ieshienipa\/files\/2022\/01\/Nueva_web_IES_Hienipa-1024x957.png 1024w, https:\/\/blogsaverroes.juntadeandalucia.es\/ieshienipa\/files\/2022\/01\/Nueva_web_IES_Hienipa-300x280.png 300w, https:\/\/blogsaverroes.juntadeandalucia.es\/ieshienipa\/files\/2022\/01\/Nueva_web_IES_Hienipa-768x718.png 768w, https:\/\/blogsaverroes.juntadeandalucia.es\/ieshienipa\/files\/2022\/01\/Nueva_web_IES_Hienipa.png 1503w\" sizes=\"(max-width: 1024px) 100vw, 1024px\" \/><\/a><\/p>\n<blockquote>\n<hr>\n<h2 style=\"text-align: center\"><span style=\"color: #ff9900\"><strong>No dejes de visitarnos.&nbsp;<\/strong><\/span><\/h2>\n<\/blockquote>\n","protected":false},"excerpt":{"rendered":"<p>La web del IES HIENIPA, de Alcal\u00e1 de Guada\u00edra, se traslada a una nueva direcci\u00f3n: https:\/\/ieshienipa.es No dejes de visitarnos.&nbsp;<\/p>\n","protected":false},"author":14326,"featured_media":0,"parent":0,"menu_order":0,"comment_status":"closed","ping_status":"closed","template":"","meta":{"ngg_post_thumbnail":0,"footnotes":"","_mc_calendar":[]},"aioseo_notices":[],"_links":{"self":[{"href":"https:\/\/blogsaverroes.juntadeandalucia.es\/ieshienipa\/wp-json\/wp\/v2\/pages\/2633"}],"collection":[{"href":"https:\/\/blogsaverroes.juntadeandalucia.es\/ieshienipa\/wp-json\/wp\/v2\/pages"}],"about":[{"href":"https:\/\/blogsaverroes.juntadeandalucia.es\/ieshienipa\/wp-json\/wp\/v2\/types\/page"}],"author":[{"embeddable":true,"href":"https:\/\/blogsaverroes.juntadeandalucia.es\/ieshienipa\/wp-json\/wp\/v2\/users\/14326"}],"replies":[{"embeddable":true,"href":"https:\/\/blogsaverroes.juntadeandalucia.es\/ieshienipa\/wp-json\/wp\/v2\/comments?post=2633"}],"version-history":[{"count":6,"href":"https:\/\/blogsaverroes.juntadeandalucia.es\/ieshienipa\/wp-json\/wp\/v2\/pages\/2633\/revisions"}],"predecessor-version":[{"id":2651,"href":"https:\/\/blogsaverroes.juntadeandalucia.es\/ieshienipa\/wp-json\/wp\/v2\/pages\/2633\/revisions\/2651"}],"wp:attachment":[{"href":"https:\/\/blogsaverroes.juntadeandalucia.es\/ieshienipa\/wp-json\/wp\/v2\/media?parent=2633"}],"curies":[{"name":"wp","href":"https:\/\/api.w.org\/{rel}","templated":true}]}}