{"id":10347,"date":"2021-06-06T11:20:45","date_gmt":"2021-06-06T11:20:45","guid":{"rendered":"https:\/\/blogsaverroes.juntadeandalucia.es\/ieshimilce\/?page_id=10347"},"modified":"2026-04-20T19:24:56","modified_gmt":"2026-04-20T19:24:56","slug":"cfgs-de-energias-renovables","status":"publish","type":"page","link":"https:\/\/blogsaverroes.juntadeandalucia.es\/ieshimilce\/cfgs-de-energias-renovables\/","title":{"rendered":"CFGS de Energ\u00edas Renovables"},"content":{"rendered":"<p style=\"text-align: justify\"><span style=\"font-size: 14pt\">\u00abEstamos en plena revoluci\u00f3n energ\u00e9tica y el CICLO DE FP DE GRADO SUPERIOR DE ENERG\u00cdAS RENOVABLES es tu billete directo al MERCADO LABORAL. Este CICLO lo tenemos aqu\u00ed, en Linares, en el IES HIMILCE.<\/span><br \/>\n<span style=\"font-size: 14pt\">Dale al Play para descubrir testimonios reales de quienes ya est\u00e1n formando parte activa de este tipo de ENERG\u00cdAS en auge, adem\u00e1s, contamos con la participaci\u00f3n de profesores que te explicar\u00e1n las claves del aprendizaje y, lo m\u00e1s importante, antiguos ALUMNOS que hoy trabajan en las principales empresas del Sector.<\/span><\/p>\n<div class=\"embed-container\"><iframe loading=\"lazy\" title=\"VIDEO C.F.G.S. ENERG\u00cdA RENOVABLES\" width=\"555\" height=\"312\" src=\"https:\/\/www.youtube.com\/embed\/5em7wpqg4oc?feature=oembed\" frameborder=\"0\" allow=\"accelerometer; autoplay; clipboard-write; encrypted-media; gyroscope; picture-in-picture; web-share\" referrerpolicy=\"strict-origin-when-cross-origin\" allowfullscreen><\/iframe><\/div>\n<h4><a href=\"https:\/\/blogsaverroes.juntadeandalucia.es\/ieshimilce\/files\/2021\/06\/GUIA-CFGS-ENERGIAS-RENOVABLES.pdf\" target=\"_blank\" rel=\"noopener noreferrer\">Gu\u00eda completa del Ciclo formativo (pdf)<\/a><\/h4>\n<h4><a href=\"https:\/\/www.juntadeandalucia.es\/boja\/2014\/160\/4\" target=\"_blank\" rel=\"noopener noreferrer\">Orden de 17 de julio de 2014, por la que se desarrolla el curr\u00edculo correspondiente al t\u00edtulo de T\u00e9cnico Superior en Energ\u00edas Renovables.<\/a><\/h4>\n<p><a href=\"https:\/\/blogsaverroes.juntadeandalucia.es\/ieshimilce\/files\/2022\/06\/Cartel-A2-CFGS-ENERG\u00cdAS-RENOVABLES-2-OPCIONES.jpg\"><img loading=\"lazy\" decoding=\"async\" class=\"aligncenter size-full wp-image-11867\" src=\"https:\/\/blogsaverroes.juntadeandalucia.es\/ieshimilce\/files\/2022\/06\/Cartel-A2-CFGS-ENERG\u00cdAS-RENOVABLES-2-OPCIONES.jpg\" alt=\"\" width=\"848\" height=\"1200\" srcset=\"https:\/\/blogsaverroes.juntadeandalucia.es\/ieshimilce\/files\/2022\/06\/Cartel-A2-CFGS-ENERG\u00cdAS-RENOVABLES-2-OPCIONES.jpg 848w, https:\/\/blogsaverroes.juntadeandalucia.es\/ieshimilce\/files\/2022\/06\/Cartel-A2-CFGS-ENERG\u00cdAS-RENOVABLES-2-OPCIONES-212x300.jpg 212w, https:\/\/blogsaverroes.juntadeandalucia.es\/ieshimilce\/files\/2022\/06\/Cartel-A2-CFGS-ENERG\u00cdAS-RENOVABLES-2-OPCIONES-724x1024.jpg 724w, https:\/\/blogsaverroes.juntadeandalucia.es\/ieshimilce\/files\/2022\/06\/Cartel-A2-CFGS-ENERG\u00cdAS-RENOVABLES-2-OPCIONES-768x1086.jpg 768w, https:\/\/blogsaverroes.juntadeandalucia.es\/ieshimilce\/files\/2022\/06\/Cartel-A2-CFGS-ENERG\u00cdAS-RENOVABLES-2-OPCIONES-1086x1536.jpg 1086w, https:\/\/blogsaverroes.juntadeandalucia.es\/ieshimilce\/files\/2022\/06\/Cartel-A2-CFGS-ENERG\u00cdAS-RENOVABLES-2-OPCIONES-1448x2048.jpg 1448w\" sizes=\"(max-width: 848px) 100vw, 848px\" \/><\/a><\/p>\n<p>&nbsp;<\/p>\n","protected":false},"excerpt":{"rendered":"<p>\u00abEstamos en plena revoluci\u00f3n energ\u00e9tica y el CICLO DE FP DE GRADO SUPERIOR DE ENERG\u00cdAS RENOVABLES es tu billete directo al MERCADO LABORAL. Este CICLO lo tenemos aqu\u00ed, en Linares, en el IES HIMILCE. Dale al Play para descubrir testimonios reales de quienes ya est\u00e1n formando parte activa de este tipo de ENERG\u00cdAS en auge, &hellip; <\/p>\n<p><a class=\"more-link btn\" href=\"https:\/\/blogsaverroes.juntadeandalucia.es\/ieshimilce\/cfgs-de-energias-renovables\/\">Seguir leyendo<\/a><\/p>\n","protected":false},"author":5100,"featured_media":0,"parent":0,"menu_order":0,"comment_status":"closed","ping_status":"closed","template":"","meta":{"ngg_post_thumbnail":0,"footnotes":"","_mc_calendar":[]},"aioseo_notices":[],"_links":{"self":[{"href":"https:\/\/blogsaverroes.juntadeandalucia.es\/ieshimilce\/wp-json\/wp\/v2\/pages\/10347"}],"collection":[{"href":"https:\/\/blogsaverroes.juntadeandalucia.es\/ieshimilce\/wp-json\/wp\/v2\/pages"}],"about":[{"href":"https:\/\/blogsaverroes.juntadeandalucia.es\/ieshimilce\/wp-json\/wp\/v2\/types\/page"}],"author":[{"embeddable":true,"href":"https:\/\/blogsaverroes.juntadeandalucia.es\/ieshimilce\/wp-json\/wp\/v2\/users\/5100"}],"replies":[{"embeddable":true,"href":"https:\/\/blogsaverroes.juntadeandalucia.es\/ieshimilce\/wp-json\/wp\/v2\/comments?post=10347"}],"version-history":[{"count":8,"href":"https:\/\/blogsaverroes.juntadeandalucia.es\/ieshimilce\/wp-json\/wp\/v2\/pages\/10347\/revisions"}],"predecessor-version":[{"id":15087,"href":"https:\/\/blogsaverroes.juntadeandalucia.es\/ieshimilce\/wp-json\/wp\/v2\/pages\/10347\/revisions\/15087"}],"wp:attachment":[{"href":"https:\/\/blogsaverroes.juntadeandalucia.es\/ieshimilce\/wp-json\/wp\/v2\/media?parent=10347"}],"curies":[{"name":"wp","href":"https:\/\/api.w.org\/{rel}","templated":true}]}}

CFGS de Energías Renovables

<p style="text-align: justify"><span style="font-size: 14pt">«Estamos en plena revolución energética y el CICLO DE FP DE GRADO SUPERIOR DE ENERGÍAS RENOVABLES es tu billete directo al MERCADO LABORAL. Este CICLO lo tenemos aquí, en Linares, en el IES HIMILCE.</span><br />
<span style="font-size: 14pt">Dale al Play para descubrir testimonios reales de quienes ya están formando parte activa de este tipo de ENERGÍAS en auge, además, contamos con la participación de profesores que te explicarán las claves del aprendizaje y, lo más importante, antiguos ALUMNOS que hoy trabajan en las principales empresas del Sector.</span></p>
<div class="embed-container"><iframe loading="lazy" title="VIDEO C.F.G.S. ENERGÍA RENOVABLES" width="555" height="312" src="https://www.youtube.com/embed/5em7wpqg4oc?feature=oembed" frameborder="0" allow="accelerometer; autoplay; clipboard-write; encrypted-media; gyroscope; picture-in-picture; web-share" referrerpolicy="strict-origin-when-cross-origin" allowfullscreen></iframe></div>
<h4><a href="https://blogsaverroes.juntadeandalucia.es/ieshimilce/files/2021/06/GUIA-CFGS-ENERGIAS-RENOVABLES.pdf" target="_blank" rel="noopener noreferrer">Guía completa del Ciclo formativo (pdf)</a></h4>
<h4><a href="https://www.juntadeandalucia.es/boja/2014/160/4" target="_blank" rel="noopener noreferrer">Orden de 17 de julio de 2014, por la que se desarrolla el currículo correspondiente al título de Técnico Superior en Energías Renovables.</a></h4>
<p><a href="https://blogsaverroes.juntadeandalucia.es/ieshimilce/files/2022/06/Cartel-A2-CFGS-ENERGÍAS-RENOVABLES-2-OPCIONES.jpg"><img loading="lazy" decoding="async" class="aligncenter size-full wp-image-11867" src="https://blogsaverroes.juntadeandalucia.es/ieshimilce/files/2022/06/Cartel-A2-CFGS-ENERGÍAS-RENOVABLES-2-OPCIONES.jpg" alt="" width="848" height="1200" srcset="https://blogsaverroes.juntadeandalucia.es/ieshimilce/files/2022/06/Cartel-A2-CFGS-ENERGÍAS-RENOVABLES-2-OPCIONES.jpg 848w, https://blogsaverroes.juntadeandalucia.es/ieshimilce/files/2022/06/Cartel-A2-CFGS-ENERGÍAS-RENOVABLES-2-OPCIONES-212x300.jpg 212w, https://blogsaverroes.juntadeandalucia.es/ieshimilce/files/2022/06/Cartel-A2-CFGS-ENERGÍAS-RENOVABLES-2-OPCIONES-724x1024.jpg 724w, https://blogsaverroes.juntadeandalucia.es/ieshimilce/files/2022/06/Cartel-A2-CFGS-ENERGÍAS-RENOVABLES-2-OPCIONES-768x1086.jpg 768w, https://blogsaverroes.juntadeandalucia.es/ieshimilce/files/2022/06/Cartel-A2-CFGS-ENERGÍAS-RENOVABLES-2-OPCIONES-1086x1536.jpg 1086w, https://blogsaverroes.juntadeandalucia.es/ieshimilce/files/2022/06/Cartel-A2-CFGS-ENERGÍAS-RENOVABLES-2-OPCIONES-1448x2048.jpg 1448w" sizes="(max-width: 848px) 100vw, 848px" /></a></p>
<p>&nbsp;</p>

<p>«Estamos en plena revolución energética y el CICLO DE FP DE GRADO SUPERIOR DE ENERGÍAS RENOVABLES es tu billete directo al MERCADO LABORAL. Este CICLO lo tenemos aquí, en Linares, en el IES HIMILCE. Dale al Play para descubrir testimonios reales de quienes ya están formando parte activa de este tipo de ENERGÍAS en auge, &hellip; </p>
<p><a class="more-link btn" href="https://blogsaverroes.juntadeandalucia.es/ieshimilce/cfgs-de-energias-renovables/">Seguir leyendo</a></p>
