{"id":11517,"date":"2022-04-21T22:05:51","date_gmt":"2022-04-21T22:05:51","guid":{"rendered":"https:\/\/blogsaverroes.juntadeandalucia.es\/ieshimilce\/?page_id=11517"},"modified":"2024-08-03T19:12:51","modified_gmt":"2024-08-03T19:12:51","slug":"programa-proa","status":"publish","type":"page","link":"https:\/\/blogsaverroes.juntadeandalucia.es\/ieshimilce\/programa-proa\/","title":{"rendered":"Programa PROA+"},"content":{"rendered":"<p>&nbsp;<\/p>\n<p><a href=\"https:\/\/blogsaverroes.juntadeandalucia.es\/ieshimilce\/files\/2022\/04\/proa.png\"><img loading=\"lazy\" decoding=\"async\" class=\"aligncenter size-full wp-image-11519\" src=\"https:\/\/blogsaverroes.juntadeandalucia.es\/ieshimilce\/files\/2022\/04\/proa.png\" alt=\"\" width=\"930\" height=\"280\" data-wp-editing=\"1\" srcset=\"https:\/\/blogsaverroes.juntadeandalucia.es\/ieshimilce\/files\/2022\/04\/proa.png 930w, https:\/\/blogsaverroes.juntadeandalucia.es\/ieshimilce\/files\/2022\/04\/proa-300x90.png 300w, https:\/\/blogsaverroes.juntadeandalucia.es\/ieshimilce\/files\/2022\/04\/proa-768x231.png 768w\" sizes=\"(max-width: 930px) 100vw, 930px\" \/><\/a><\/p>\n<p style=\"text-align: justify\"><span style=\"font-size: 14pt\"><strong>PROA+ Andaluc\u00eda<\/strong> es una de las apuestas de la Consejer\u00eda de Educaci\u00f3n y Deporte para garantizar la igualdad de oportunidades, incrementar el \u00e9xito escolar del alumnado y prevenir el absentismo y el abandono escolar temprano, a trav\u00e9s del desarrollo de diferentes actuaciones que ponen el foco en la adecuaci\u00f3n de la respuesta educativa al alumnado con necesidades espec\u00edficas de apoyo educativo por precisar acciones de car\u00e1cter compensatorio.&nbsp;<\/span><\/p>\n<p><span style=\"font-size: 14pt\">https:\/\/www.juntadeandalucia.es\/educacion\/portals\/web\/ced\/planesyprogramas\/proa-2021-2022<\/span><\/p>\n<h3>\ud83d\ude42 21\/04\/2022. <strong>PROA +. <span style=\"color: #800000\">COMIENZA LA AVENTURA.<\/span><\/strong><\/h3>\n<h3><strong>Lectura en el Aula con el curso de 2\u00ba ESO.<\/strong><\/h3>\n\n\t\t<style type=\"text\/css\">\n\t\t\t#gallery-1 {\n\t\t\t\tmargin: auto;\n\t\t\t}\n\t\t\t#gallery-1 .gallery-item {\n\t\t\t\tfloat: left;\n\t\t\t\tmargin-top: 10px;\n\t\t\t\ttext-align: center;\n\t\t\t\twidth: 20%;\n\t\t\t}\n\t\t\t#gallery-1 img {\n\t\t\t\tborder: 2px solid #cfcfcf;\n\t\t\t}\n\t\t\t#gallery-1 .gallery-caption {\n\t\t\t\tmargin-left: 0;\n\t\t\t}\n\t\t\t\/* see gallery_shortcode() in wp-includes\/media.php *\/\n\t\t<\/style>\n\t\t<div id='gallery-1' class='gallery galleryid-11517 gallery-columns-5 gallery-size-thumbnail'><dl class='gallery-item'>\n\t\t\t<dt class='gallery-icon landscape'>\n\t\t\t\t<a href='https:\/\/blogsaverroes.juntadeandalucia.es\/ieshimilce\/programa-proa\/whatsapp-image-2022-04-21-at-7-49-33-am-1\/'><img loading=\"lazy\" decoding=\"async\" width=\"150\" height=\"150\" src=\"https:\/\/blogsaverroes.juntadeandalucia.es\/ieshimilce\/files\/2022\/04\/WhatsApp-Image-2022-04-21-at-7.49.33-AM-1-150x150.jpeg\" class=\"attachment-thumbnail size-thumbnail\" alt=\"\" srcset=\"https:\/\/blogsaverroes.juntadeandalucia.es\/ieshimilce\/files\/2022\/04\/WhatsApp-Image-2022-04-21-at-7.49.33-AM-1-150x150.jpeg 150w, https:\/\/blogsaverroes.juntadeandalucia.es\/ieshimilce\/files\/2022\/04\/WhatsApp-Image-2022-04-21-at-7.49.33-AM-1-50x50.jpeg 50w\" sizes=\"(max-width: 150px) 100vw, 150px\" \/><\/a>\n\t\t\t<\/dt><\/dl><dl class='gallery-item'>\n\t\t\t<dt class='gallery-icon landscape'>\n\t\t\t\t<a href='https:\/\/blogsaverroes.juntadeandalucia.es\/ieshimilce\/programa-proa\/whatsapp-image-2022-04-21-at-7-49-33-am\/'><img loading=\"lazy\" decoding=\"async\" width=\"150\" height=\"150\" src=\"https:\/\/blogsaverroes.juntadeandalucia.es\/ieshimilce\/files\/2022\/04\/WhatsApp-Image-2022-04-21-at-7.49.33-AM-150x150.jpeg\" class=\"attachment-thumbnail size-thumbnail\" alt=\"\" srcset=\"https:\/\/blogsaverroes.juntadeandalucia.es\/ieshimilce\/files\/2022\/04\/WhatsApp-Image-2022-04-21-at-7.49.33-AM-150x150.jpeg 150w, https:\/\/blogsaverroes.juntadeandalucia.es\/ieshimilce\/files\/2022\/04\/WhatsApp-Image-2022-04-21-at-7.49.33-AM-50x50.jpeg 50w\" sizes=\"(max-width: 150px) 100vw, 150px\" \/><\/a>\n\t\t\t<\/dt><\/dl><dl class='gallery-item'>\n\t\t\t<dt class='gallery-icon portrait'>\n\t\t\t\t<a href='https:\/\/blogsaverroes.juntadeandalucia.es\/ieshimilce\/programa-proa\/whatsapp-image-2022-04-21-at-7-48-24-am-2\/'><img loading=\"lazy\" decoding=\"async\" width=\"150\" height=\"150\" src=\"https:\/\/blogsaverroes.juntadeandalucia.es\/ieshimilce\/files\/2022\/04\/WhatsApp-Image-2022-04-21-at-7.48.24-AM-2-150x150.jpeg\" class=\"attachment-thumbnail size-thumbnail\" alt=\"\" srcset=\"https:\/\/blogsaverroes.juntadeandalucia.es\/ieshimilce\/files\/2022\/04\/WhatsApp-Image-2022-04-21-at-7.48.24-AM-2-150x150.jpeg 150w, https:\/\/blogsaverroes.juntadeandalucia.es\/ieshimilce\/files\/2022\/04\/WhatsApp-Image-2022-04-21-at-7.48.24-AM-2-50x50.jpeg 50w\" sizes=\"(max-width: 150px) 100vw, 150px\" \/><\/a>\n\t\t\t<\/dt><\/dl><dl class='gallery-item'>\n\t\t\t<dt class='gallery-icon landscape'>\n\t\t\t\t<a href='https:\/\/blogsaverroes.juntadeandalucia.es\/ieshimilce\/programa-proa\/whatsapp-image-2022-04-21-at-7-48-24-am-1\/'><img loading=\"lazy\" decoding=\"async\" width=\"150\" height=\"150\" src=\"https:\/\/blogsaverroes.juntadeandalucia.es\/ieshimilce\/files\/2022\/04\/WhatsApp-Image-2022-04-21-at-7.48.24-AM-1-150x150.jpeg\" class=\"attachment-thumbnail size-thumbnail\" alt=\"\" srcset=\"https:\/\/blogsaverroes.juntadeandalucia.es\/ieshimilce\/files\/2022\/04\/WhatsApp-Image-2022-04-21-at-7.48.24-AM-1-150x150.jpeg 150w, https:\/\/blogsaverroes.juntadeandalucia.es\/ieshimilce\/files\/2022\/04\/WhatsApp-Image-2022-04-21-at-7.48.24-AM-1-50x50.jpeg 50w\" sizes=\"(max-width: 150px) 100vw, 150px\" \/><\/a>\n\t\t\t<\/dt><\/dl><dl class='gallery-item'>\n\t\t\t<dt class='gallery-icon landscape'>\n\t\t\t\t<a href='https:\/\/blogsaverroes.juntadeandalucia.es\/ieshimilce\/programa-proa\/whatsapp-image-2022-04-21-at-7-48-24-am\/'><img loading=\"lazy\" decoding=\"async\" width=\"150\" height=\"150\" src=\"https:\/\/blogsaverroes.juntadeandalucia.es\/ieshimilce\/files\/2022\/04\/WhatsApp-Image-2022-04-21-at-7.48.24-AM-150x150.jpeg\" class=\"attachment-thumbnail size-thumbnail\" alt=\"\" srcset=\"https:\/\/blogsaverroes.juntadeandalucia.es\/ieshimilce\/files\/2022\/04\/WhatsApp-Image-2022-04-21-at-7.48.24-AM-150x150.jpeg 150w, https:\/\/blogsaverroes.juntadeandalucia.es\/ieshimilce\/files\/2022\/04\/WhatsApp-Image-2022-04-21-at-7.48.24-AM-50x50.jpeg 50w\" sizes=\"(max-width: 150px) 100vw, 150px\" \/><\/a>\n\t\t\t<\/dt><\/dl><br style=\"clear: both\" \/>\n\t\t<\/div>\n\n","protected":false},"excerpt":{"rendered":"<p>&nbsp; PROA+ Andaluc\u00eda es una de las apuestas de la Consejer\u00eda de Educaci\u00f3n y Deporte para garantizar la igualdad de oportunidades, incrementar el \u00e9xito escolar del alumnado y prevenir el absentismo y el abandono escolar temprano, a trav\u00e9s del desarrollo de diferentes actuaciones que ponen el foco en la adecuaci\u00f3n de la respuesta educativa al &hellip; <\/p>\n<p><a class=\"more-link btn\" href=\"https:\/\/blogsaverroes.juntadeandalucia.es\/ieshimilce\/programa-proa\/\">Seguir leyendo<\/a><\/p>\n","protected":false},"author":5100,"featured_media":0,"parent":0,"menu_order":0,"comment_status":"closed","ping_status":"closed","template":"page-template-full.php","meta":{"ngg_post_thumbnail":0,"footnotes":"","_mc_calendar":[]},"aioseo_notices":[],"_links":{"self":[{"href":"https:\/\/blogsaverroes.juntadeandalucia.es\/ieshimilce\/wp-json\/wp\/v2\/pages\/11517"}],"collection":[{"href":"https:\/\/blogsaverroes.juntadeandalucia.es\/ieshimilce\/wp-json\/wp\/v2\/pages"}],"about":[{"href":"https:\/\/blogsaverroes.juntadeandalucia.es\/ieshimilce\/wp-json\/wp\/v2\/types\/page"}],"author":[{"embeddable":true,"href":"https:\/\/blogsaverroes.juntadeandalucia.es\/ieshimilce\/wp-json\/wp\/v2\/users\/5100"}],"replies":[{"embeddable":true,"href":"https:\/\/blogsaverroes.juntadeandalucia.es\/ieshimilce\/wp-json\/wp\/v2\/comments?post=11517"}],"version-history":[{"count":12,"href":"https:\/\/blogsaverroes.juntadeandalucia.es\/ieshimilce\/wp-json\/wp\/v2\/pages\/11517\/revisions"}],"predecessor-version":[{"id":13261,"href":"https:\/\/blogsaverroes.juntadeandalucia.es\/ieshimilce\/wp-json\/wp\/v2\/pages\/11517\/revisions\/13261"}],"wp:attachment":[{"href":"https:\/\/blogsaverroes.juntadeandalucia.es\/ieshimilce\/wp-json\/wp\/v2\/media?parent=11517"}],"curies":[{"name":"wp","href":"https:\/\/api.w.org\/{rel}","templated":true}]}}