{"id":5512,"date":"2018-06-13T08:40:50","date_gmt":"2018-06-13T08:40:50","guid":{"rendered":"https:\/\/blogsaverroes.juntadeandalucia.es\/ieshimilce\/?page_id=5512"},"modified":"2019-06-03T15:18:02","modified_gmt":"2019-06-03T15:18:02","slug":"admision-cfs","status":"publish","type":"page","link":"https:\/\/blogsaverroes.juntadeandalucia.es\/ieshimilce\/admision-cfs\/","title":{"rendered":"Admisi\u00f3n CFs"},"content":{"rendered":"<p style=\"text-align: justify\"><a href=\"https:\/\/www.adideandalucia.es\/normas\/resoluc\/Resolucion28mayo2019CalendarioCiclosFormativosGMGS.pdf\" target=\"_blank\" rel=\"noopener\">RESOLUCI\u00d3N DE 28 DE MAYO DE 2019, DE LA DIRECCI\u00d3N GENERAL DE FORMACI\u00d3N<\/a><br \/>\nPROFESIONAL INICIAL Y EDUCACI\u00d3N PERMANENTE, POR LA QUE SE HACE P\u00daBLICO EL&nbsp;<strong>CALENDARIO<\/strong> A APLICAR EN EL <strong>PROCEDIMIENTO DE ADMISI\u00d3N DEL ALUMNADO EN LOS&nbsp;CENTROS DOCENTES, PARA CURSAR CICLOS FORMATIVOS DE GRADO MEDIO Y GRADO&nbsp;SUPERIOR<\/strong> SOSTENIDOS CON FONDOS P\u00daBLICOS, DE FORMACI\u00d3N PROFESIONAL&nbsp;INICIAL, EN EL CURSO 2019\/2020.<\/p>\n<p>&nbsp;<\/p>\n","protected":false},"excerpt":{"rendered":"<p>RESOLUCI\u00d3N DE 28 DE MAYO DE 2019, DE LA DIRECCI\u00d3N GENERAL DE FORMACI\u00d3N PROFESIONAL INICIAL Y EDUCACI\u00d3N PERMANENTE, POR LA QUE SE HACE P\u00daBLICO EL&nbsp;CALENDARIO A APLICAR EN EL PROCEDIMIENTO DE ADMISI\u00d3N DEL ALUMNADO EN LOS&nbsp;CENTROS DOCENTES, PARA CURSAR CICLOS FORMATIVOS DE GRADO MEDIO Y GRADO&nbsp;SUPERIOR SOSTENIDOS CON FONDOS P\u00daBLICOS, DE FORMACI\u00d3N PROFESIONAL&nbsp;INICIAL, EN EL &hellip; <\/p>\n<p><a class=\"more-link btn\" href=\"https:\/\/blogsaverroes.juntadeandalucia.es\/ieshimilce\/admision-cfs\/\">Seguir leyendo<\/a><\/p>\n","protected":false},"author":5100,"featured_media":0,"parent":0,"menu_order":0,"comment_status":"closed","ping_status":"closed","template":"","meta":{"ngg_post_thumbnail":0,"footnotes":"","_mc_calendar":[]},"aioseo_notices":[],"_links":{"self":[{"href":"https:\/\/blogsaverroes.juntadeandalucia.es\/ieshimilce\/wp-json\/wp\/v2\/pages\/5512"}],"collection":[{"href":"https:\/\/blogsaverroes.juntadeandalucia.es\/ieshimilce\/wp-json\/wp\/v2\/pages"}],"about":[{"href":"https:\/\/blogsaverroes.juntadeandalucia.es\/ieshimilce\/wp-json\/wp\/v2\/types\/page"}],"author":[{"embeddable":true,"href":"https:\/\/blogsaverroes.juntadeandalucia.es\/ieshimilce\/wp-json\/wp\/v2\/users\/5100"}],"replies":[{"embeddable":true,"href":"https:\/\/blogsaverroes.juntadeandalucia.es\/ieshimilce\/wp-json\/wp\/v2\/comments?post=5512"}],"version-history":[{"count":6,"href":"https:\/\/blogsaverroes.juntadeandalucia.es\/ieshimilce\/wp-json\/wp\/v2\/pages\/5512\/revisions"}],"predecessor-version":[{"id":6686,"href":"https:\/\/blogsaverroes.juntadeandalucia.es\/ieshimilce\/wp-json\/wp\/v2\/pages\/5512\/revisions\/6686"}],"wp:attachment":[{"href":"https:\/\/blogsaverroes.juntadeandalucia.es\/ieshimilce\/wp-json\/wp\/v2\/media?parent=5512"}],"curies":[{"name":"wp","href":"https:\/\/api.w.org\/{rel}","templated":true}]}}