{"id":8781,"date":"2020-06-10T15:12:30","date_gmt":"2020-06-10T15:12:30","guid":{"rendered":"https:\/\/blogsaverroes.juntadeandalucia.es\/ieshimilce\/?page_id=8781"},"modified":"2025-05-04T11:02:19","modified_gmt":"2025-05-04T11:02:19","slug":"fpb-de-actividades-domesticas-y-limpieza-de-edificios","status":"publish","type":"page","link":"https:\/\/blogsaverroes.juntadeandalucia.es\/ieshimilce\/fpb-de-actividades-domesticas-y-limpieza-de-edificios\/","title":{"rendered":"Programa Espec\u00edfico de FPB de Actividades dom\u00e9sticas y Limpieza de edificios"},"content":{"rendered":"<h3><iframe loading=\"lazy\" src=\"https:\/\/www.youtube.com\/embed\/Wai-MJGEz-s?si=_NALfFXO0sVc0ky5\" width=\"1120\" height=\"630\" frameborder=\"0\"><span data-mce-type=\"bookmark\" style=\"width: 0px;overflow: hidden;line-height: 0\" class=\"mce_SELRES_start\">\ufeff<\/span><\/iframe>&nbsp;<\/h3>\n<h3><img loading=\"lazy\" decoding=\"async\" class=\"aligncenter size-full wp-image-10521\" src=\"https:\/\/blogsaverroes.juntadeandalucia.es\/ieshimilce\/files\/2021\/06\/Cartel-A2-Programa-Espec\u00edfico-FPB-Act.-Dom\u00e9sticas-y-Limpieza-Edificios.jpg\" alt=\"\" width=\"1131\" height=\"1600\" srcset=\"https:\/\/blogsaverroes.juntadeandalucia.es\/ieshimilce\/files\/2021\/06\/Cartel-A2-Programa-Espec\u00edfico-FPB-Act.-Dom\u00e9sticas-y-Limpieza-Edificios.jpg 1131w, https:\/\/blogsaverroes.juntadeandalucia.es\/ieshimilce\/files\/2021\/06\/Cartel-A2-Programa-Espec\u00edfico-FPB-Act.-Dom\u00e9sticas-y-Limpieza-Edificios-212x300.jpg 212w, https:\/\/blogsaverroes.juntadeandalucia.es\/ieshimilce\/files\/2021\/06\/Cartel-A2-Programa-Espec\u00edfico-FPB-Act.-Dom\u00e9sticas-y-Limpieza-Edificios-724x1024.jpg 724w, https:\/\/blogsaverroes.juntadeandalucia.es\/ieshimilce\/files\/2021\/06\/Cartel-A2-Programa-Espec\u00edfico-FPB-Act.-Dom\u00e9sticas-y-Limpieza-Edificios-768x1086.jpg 768w, https:\/\/blogsaverroes.juntadeandalucia.es\/ieshimilce\/files\/2021\/06\/Cartel-A2-Programa-Espec\u00edfico-FPB-Act.-Dom\u00e9sticas-y-Limpieza-Edificios-1086x1536.jpg 1086w, https:\/\/blogsaverroes.juntadeandalucia.es\/ieshimilce\/files\/2021\/06\/Cartel-A2-Programa-Espec\u00edfico-FPB-Act.-Dom\u00e9sticas-y-Limpieza-Edificios-1448x2048.jpg 1448w\" sizes=\"(max-width: 1131px) 100vw, 1131px\" \/><\/h3>\n<h3 style=\"text-align: center\"><strong>Programas espec\u00edficos de Formaci\u00f3n Profesional B\u00e1sica<\/strong><\/h3>\n<p><a href=\"https:\/\/blogsaverroes.juntadeandalucia.es\/ieshimilce\/files\/2021\/01\/fpb.jpg\"><img loading=\"lazy\" decoding=\"async\" class=\"aligncenter size-full wp-image-9471\" src=\"https:\/\/blogsaverroes.juntadeandalucia.es\/ieshimilce\/files\/2021\/01\/fpb.jpg\" alt=\"\" width=\"732\" height=\"516\" srcset=\"https:\/\/blogsaverroes.juntadeandalucia.es\/ieshimilce\/files\/2021\/01\/fpb.jpg 732w, https:\/\/blogsaverroes.juntadeandalucia.es\/ieshimilce\/files\/2021\/01\/fpb-300x211.jpg 300w, https:\/\/blogsaverroes.juntadeandalucia.es\/ieshimilce\/files\/2021\/01\/fpb-24x17.jpg 24w, https:\/\/blogsaverroes.juntadeandalucia.es\/ieshimilce\/files\/2021\/01\/fpb-36x25.jpg 36w, https:\/\/blogsaverroes.juntadeandalucia.es\/ieshimilce\/files\/2021\/01\/fpb-48x34.jpg 48w\" sizes=\"(max-width: 732px) 100vw, 732px\" \/><\/a><\/p>\n<p style=\"text-align: justify\">Los&nbsp;<strong>Programas espec\u00edficos de Formaci\u00f3n Profesional B\u00e1sica<\/strong>&nbsp;est\u00e1n dirigidos al alumnado con necesidades educativas especiales que, teniendo un nivel de autonom\u00eda personal y social que le permita tener expectativas razonables de inserci\u00f3n laboral, no pueda integrarse en un ciclo formativo de Formaci\u00f3n Profesional B\u00e1sica, cuente con un desfase en su unidad de competencia curricular que haga inviable la obtenci\u00f3n del t\u00edtulo de Graduado en ESO o el t\u00edtulo Profesional b\u00e1sico y pueda alcanzar cualificaciones profesionales asociadas al perfil profesional del t\u00edtulo.<\/p>\n<h3 style=\"text-align: justify\"><strong>Requisitos de acceso<\/strong><\/h3>\n<p style=\"text-align: justify\">El alumnado con necesidades educativas especiales propuesto para su incorporaci\u00f3n a un Programa espec\u00edfico de Formaci\u00f3n Profesional B\u00e1sica debe cumplir los&nbsp;<strong>siguientes requisitos<\/strong>:<\/p>\n<ul style=\"text-align: justify\">\n<li>Tener cumplidos&nbsp;<strong>16 a\u00f1os <\/strong>o cumplirlos antes del 31 de diciembre, y&nbsp;<strong>no superar los 19 a\u00f1os<\/strong>&nbsp;en el momento del acceso ni durante el a\u00f1o natural en que se inician estas ense\u00f1anzas.<\/li>\n<li><strong>No haber obtenido <\/strong>el t\u00edtulo de Graduado en&nbsp;<strong>Educaci\u00f3n Secundaria Obligatoria<\/strong>.<\/li>\n<li>Contar con un&nbsp;<strong>Consejo orientador<\/strong>, de acuerdo con la normativa vigente, del curso en que estuviera matriculado el alumno o la alumna y en el que se proponga expresamente esta opci\u00f3n formativa para el\/la alumno\/a.<\/li>\n<\/ul>\n<h3 style=\"text-align: justify\"><strong>Escolarizaci\u00f3n<\/strong><\/h3>\n<p style=\"text-align: justify\">La&nbsp;<strong>Orden de 8 de noviembre de 2016<\/strong>, por la que se regulan las ense\u00f1anzas de Formaci\u00f3n Profesional B\u00e1sica en Andaluc\u00eda, los criterios y el procedimiento de admisi\u00f3n a las mismas y se desarrollan los curr\u00edculos de veintis\u00e9is t\u00edtulos profesionales b\u00e1sicos, establece en el art\u00edculo 7.6 que&nbsp;<strong>ser\u00e1n las Delegaciones Territoriales<\/strong>&nbsp;de la Consejer\u00eda de Educaci\u00f3n las que tramitar\u00e1n la solicitud y resolver\u00e1n la matr\u00edcula de las personas solicitantes&nbsp;en su \u00e1mbito territorial.<\/p>\n<p style=\"text-align: justify\"><a href=\"https:\/\/blogsaverroes.juntadeandalucia.es\/ieshimilce\/files\/2021\/06\/InstruccionesPEFPBDTJa\u00c3\u00a9ncurso2021_2022F.pdf\" target=\"_blank\" rel=\"noopener noreferrer\">INSTRUCCIONES DE LA DELEGACI\u00d3N TERRITORIAL DE EDUCACI\u00d3N, DEPORTES, IGUALDAD, POL\u00cdTICAS SOCIALES Y CONCILIACI\u00d3N DE JA\u00c9N PARA LA ORGANIZACI\u00d3N DEL PROCEDIMIENTO DE ADMISI\u00d3N Y MATRICULACI\u00d3N DEL ALUMNADO EN LOS PROGRAMAS ESPEC\u00cdFICOS DE FORMACI\u00d3N PROFESIONAL B\u00c1SICA EN LOS CENTROS DOCENTES DE LA PROVINCIA DE JA\u00c9N PARA EL CURSO 2021-2022.<\/a><\/p>\n\n\t\t<style type=\"text\/css\">\n\t\t\t#gallery-1 {\n\t\t\t\tmargin: auto;\n\t\t\t}\n\t\t\t#gallery-1 .gallery-item {\n\t\t\t\tfloat: left;\n\t\t\t\tmargin-top: 10px;\n\t\t\t\ttext-align: center;\n\t\t\t\twidth: 11%;\n\t\t\t}\n\t\t\t#gallery-1 img {\n\t\t\t\tborder: 2px solid #cfcfcf;\n\t\t\t}\n\t\t\t#gallery-1 .gallery-caption {\n\t\t\t\tmargin-left: 0;\n\t\t\t}\n\t\t\t\/* see gallery_shortcode() in wp-includes\/media.php *\/\n\t\t<\/style>\n\t\t<div id='gallery-1' class='gallery galleryid-8781 gallery-columns-9 gallery-size-large'><dl class='gallery-item'>\n\t\t\t<dt class='gallery-icon portrait'>\n\t\t\t\t<a href='https:\/\/blogsaverroes.juntadeandalucia.es\/ieshimilce\/fpb-de-actividades-domesticas-y-limpieza-de-edificios\/whatsapp-image-2022-04-26-at-9-34-54-pm-1\/'><img loading=\"lazy\" decoding=\"async\" width=\"555\" height=\"723\" src=\"https:\/\/blogsaverroes.juntadeandalucia.es\/ieshimilce\/files\/2022\/05\/WhatsApp-Image-2022-04-26-at-9.34.54-PM-1-786x1024.jpeg\" class=\"attachment-large size-large\" alt=\"\" srcset=\"https:\/\/blogsaverroes.juntadeandalucia.es\/ieshimilce\/files\/2022\/05\/WhatsApp-Image-2022-04-26-at-9.34.54-PM-1-786x1024.jpeg 786w, https:\/\/blogsaverroes.juntadeandalucia.es\/ieshimilce\/files\/2022\/05\/WhatsApp-Image-2022-04-26-at-9.34.54-PM-1-230x300.jpeg 230w, https:\/\/blogsaverroes.juntadeandalucia.es\/ieshimilce\/files\/2022\/05\/WhatsApp-Image-2022-04-26-at-9.34.54-PM-1-768x1000.jpeg 768w, https:\/\/blogsaverroes.juntadeandalucia.es\/ieshimilce\/files\/2022\/05\/WhatsApp-Image-2022-04-26-at-9.34.54-PM-1-1180x1536.jpeg 1180w, https:\/\/blogsaverroes.juntadeandalucia.es\/ieshimilce\/files\/2022\/05\/WhatsApp-Image-2022-04-26-at-9.34.54-PM-1.jpeg 1229w\" sizes=\"(max-width: 555px) 100vw, 555px\" \/><\/a>\n\t\t\t<\/dt><\/dl><dl class='gallery-item'>\n\t\t\t<dt class='gallery-icon portrait'>\n\t\t\t\t<a href='https:\/\/blogsaverroes.juntadeandalucia.es\/ieshimilce\/fpb-de-actividades-domesticas-y-limpieza-de-edificios\/whatsapp-image-2022-04-26-at-9-34-54-pm-2\/'><img loading=\"lazy\" decoding=\"async\" width=\"555\" height=\"947\" src=\"https:\/\/blogsaverroes.juntadeandalucia.es\/ieshimilce\/files\/2022\/05\/WhatsApp-Image-2022-04-26-at-9.34.54-PM-2-600x1024.jpeg\" class=\"attachment-large size-large\" alt=\"\" srcset=\"https:\/\/blogsaverroes.juntadeandalucia.es\/ieshimilce\/files\/2022\/05\/WhatsApp-Image-2022-04-26-at-9.34.54-PM-2-600x1024.jpeg 600w, https:\/\/blogsaverroes.juntadeandalucia.es\/ieshimilce\/files\/2022\/05\/WhatsApp-Image-2022-04-26-at-9.34.54-PM-2-176x300.jpeg 176w, https:\/\/blogsaverroes.juntadeandalucia.es\/ieshimilce\/files\/2022\/05\/WhatsApp-Image-2022-04-26-at-9.34.54-PM-2-768x1311.jpeg 768w, https:\/\/blogsaverroes.juntadeandalucia.es\/ieshimilce\/files\/2022\/05\/WhatsApp-Image-2022-04-26-at-9.34.54-PM-2-900x1536.jpeg 900w, https:\/\/blogsaverroes.juntadeandalucia.es\/ieshimilce\/files\/2022\/05\/WhatsApp-Image-2022-04-26-at-9.34.54-PM-2.jpeg 704w\" sizes=\"(max-width: 555px) 100vw, 555px\" \/><\/a>\n\t\t\t<\/dt><\/dl><dl class='gallery-item'>\n\t\t\t<dt class='gallery-icon landscape'>\n\t\t\t\t<a href='https:\/\/blogsaverroes.juntadeandalucia.es\/ieshimilce\/fpb-de-actividades-domesticas-y-limpieza-de-edificios\/whatsapp-image-2022-04-26-at-9-34-54-pm-3\/'><img loading=\"lazy\" decoding=\"async\" width=\"555\" height=\"492\" src=\"https:\/\/blogsaverroes.juntadeandalucia.es\/ieshimilce\/files\/2022\/05\/WhatsApp-Image-2022-04-26-at-9.34.54-PM-3-1024x907.jpeg\" class=\"attachment-large size-large\" alt=\"\" srcset=\"https:\/\/blogsaverroes.juntadeandalucia.es\/ieshimilce\/files\/2022\/05\/WhatsApp-Image-2022-04-26-at-9.34.54-PM-3-1024x907.jpeg 1024w, https:\/\/blogsaverroes.juntadeandalucia.es\/ieshimilce\/files\/2022\/05\/WhatsApp-Image-2022-04-26-at-9.34.54-PM-3-300x266.jpeg 300w, https:\/\/blogsaverroes.juntadeandalucia.es\/ieshimilce\/files\/2022\/05\/WhatsApp-Image-2022-04-26-at-9.34.54-PM-3-768x680.jpeg 768w, https:\/\/blogsaverroes.juntadeandalucia.es\/ieshimilce\/files\/2022\/05\/WhatsApp-Image-2022-04-26-at-9.34.54-PM-3-1536x1360.jpeg 1536w, https:\/\/blogsaverroes.juntadeandalucia.es\/ieshimilce\/files\/2022\/05\/WhatsApp-Image-2022-04-26-at-9.34.54-PM-3.jpeg 1200w\" sizes=\"(max-width: 555px) 100vw, 555px\" \/><\/a>\n\t\t\t<\/dt><\/dl><dl class='gallery-item'>\n\t\t\t<dt class='gallery-icon landscape'>\n\t\t\t\t<a href='https:\/\/blogsaverroes.juntadeandalucia.es\/ieshimilce\/fpb-de-actividades-domesticas-y-limpieza-de-edificios\/whatsapp-image-2022-04-26-at-9-34-54-pm-4\/'><img loading=\"lazy\" decoding=\"async\" width=\"555\" height=\"419\" src=\"https:\/\/blogsaverroes.juntadeandalucia.es\/ieshimilce\/files\/2022\/05\/WhatsApp-Image-2022-04-26-at-9.34.54-PM-4-1024x773.jpeg\" class=\"attachment-large size-large\" alt=\"\" srcset=\"https:\/\/blogsaverroes.juntadeandalucia.es\/ieshimilce\/files\/2022\/05\/WhatsApp-Image-2022-04-26-at-9.34.54-PM-4-1024x773.jpeg 1024w, https:\/\/blogsaverroes.juntadeandalucia.es\/ieshimilce\/files\/2022\/05\/WhatsApp-Image-2022-04-26-at-9.34.54-PM-4-300x226.jpeg 300w, https:\/\/blogsaverroes.juntadeandalucia.es\/ieshimilce\/files\/2022\/05\/WhatsApp-Image-2022-04-26-at-9.34.54-PM-4-768x580.jpeg 768w, https:\/\/blogsaverroes.juntadeandalucia.es\/ieshimilce\/files\/2022\/05\/WhatsApp-Image-2022-04-26-at-9.34.54-PM-4-1536x1159.jpeg 1536w, https:\/\/blogsaverroes.juntadeandalucia.es\/ieshimilce\/files\/2022\/05\/WhatsApp-Image-2022-04-26-at-9.34.54-PM-4.jpeg 1200w\" sizes=\"(max-width: 555px) 100vw, 555px\" \/><\/a>\n\t\t\t<\/dt><\/dl><dl class='gallery-item'>\n\t\t\t<dt class='gallery-icon landscape'>\n\t\t\t\t<a href='https:\/\/blogsaverroes.juntadeandalucia.es\/ieshimilce\/fpb-de-actividades-domesticas-y-limpieza-de-edificios\/whatsapp-image-2022-04-26-at-9-34-54-pm\/'><img loading=\"lazy\" decoding=\"async\" width=\"555\" height=\"451\" src=\"https:\/\/blogsaverroes.juntadeandalucia.es\/ieshimilce\/files\/2022\/05\/WhatsApp-Image-2022-04-26-at-9.34.54-PM-1024x832.jpeg\" class=\"attachment-large size-large\" alt=\"\" srcset=\"https:\/\/blogsaverroes.juntadeandalucia.es\/ieshimilce\/files\/2022\/05\/WhatsApp-Image-2022-04-26-at-9.34.54-PM-1024x832.jpeg 1024w, https:\/\/blogsaverroes.juntadeandalucia.es\/ieshimilce\/files\/2022\/05\/WhatsApp-Image-2022-04-26-at-9.34.54-PM-300x244.jpeg 300w, https:\/\/blogsaverroes.juntadeandalucia.es\/ieshimilce\/files\/2022\/05\/WhatsApp-Image-2022-04-26-at-9.34.54-PM-768x624.jpeg 768w, https:\/\/blogsaverroes.juntadeandalucia.es\/ieshimilce\/files\/2022\/05\/WhatsApp-Image-2022-04-26-at-9.34.54-PM-1536x1247.jpeg 1536w, https:\/\/blogsaverroes.juntadeandalucia.es\/ieshimilce\/files\/2022\/05\/WhatsApp-Image-2022-04-26-at-9.34.54-PM.jpeg 1200w\" sizes=\"(max-width: 555px) 100vw, 555px\" \/><\/a>\n\t\t\t<\/dt><\/dl><dl class='gallery-item'>\n\t\t\t<dt class='gallery-icon landscape'>\n\t\t\t\t<a href='https:\/\/blogsaverroes.juntadeandalucia.es\/ieshimilce\/fpb-de-actividades-domesticas-y-limpieza-de-edificios\/whatsapp-image-2022-04-26-at-9-34-55-pm-1\/'><img loading=\"lazy\" decoding=\"async\" width=\"555\" height=\"416\" src=\"https:\/\/blogsaverroes.juntadeandalucia.es\/ieshimilce\/files\/2022\/05\/WhatsApp-Image-2022-04-26-at-9.34.55-PM-1-1024x768.jpeg\" class=\"attachment-large size-large\" alt=\"\" srcset=\"https:\/\/blogsaverroes.juntadeandalucia.es\/ieshimilce\/files\/2022\/05\/WhatsApp-Image-2022-04-26-at-9.34.55-PM-1-1024x768.jpeg 1024w, https:\/\/blogsaverroes.juntadeandalucia.es\/ieshimilce\/files\/2022\/05\/WhatsApp-Image-2022-04-26-at-9.34.55-PM-1-300x225.jpeg 300w, https:\/\/blogsaverroes.juntadeandalucia.es\/ieshimilce\/files\/2022\/05\/WhatsApp-Image-2022-04-26-at-9.34.55-PM-1-768x576.jpeg 768w, https:\/\/blogsaverroes.juntadeandalucia.es\/ieshimilce\/files\/2022\/05\/WhatsApp-Image-2022-04-26-at-9.34.55-PM-1-1536x1152.jpeg 1536w, https:\/\/blogsaverroes.juntadeandalucia.es\/ieshimilce\/files\/2022\/05\/WhatsApp-Image-2022-04-26-at-9.34.55-PM-1.jpeg 1200w\" sizes=\"(max-width: 555px) 100vw, 555px\" \/><\/a>\n\t\t\t<\/dt><\/dl><dl class='gallery-item'>\n\t\t\t<dt class='gallery-icon landscape'>\n\t\t\t\t<a href='https:\/\/blogsaverroes.juntadeandalucia.es\/ieshimilce\/fpb-de-actividades-domesticas-y-limpieza-de-edificios\/whatsapp-image-2022-04-26-at-9-34-55-pm-2\/'><img loading=\"lazy\" decoding=\"async\" width=\"555\" height=\"482\" src=\"https:\/\/blogsaverroes.juntadeandalucia.es\/ieshimilce\/files\/2022\/05\/WhatsApp-Image-2022-04-26-at-9.34.55-PM-2-1024x890.jpeg\" class=\"attachment-large size-large\" alt=\"\" srcset=\"https:\/\/blogsaverroes.juntadeandalucia.es\/ieshimilce\/files\/2022\/05\/WhatsApp-Image-2022-04-26-at-9.34.55-PM-2-1024x890.jpeg 1024w, https:\/\/blogsaverroes.juntadeandalucia.es\/ieshimilce\/files\/2022\/05\/WhatsApp-Image-2022-04-26-at-9.34.55-PM-2-300x261.jpeg 300w, https:\/\/blogsaverroes.juntadeandalucia.es\/ieshimilce\/files\/2022\/05\/WhatsApp-Image-2022-04-26-at-9.34.55-PM-2-768x667.jpeg 768w, https:\/\/blogsaverroes.juntadeandalucia.es\/ieshimilce\/files\/2022\/05\/WhatsApp-Image-2022-04-26-at-9.34.55-PM-2-1536x1335.jpeg 1536w, https:\/\/blogsaverroes.juntadeandalucia.es\/ieshimilce\/files\/2022\/05\/WhatsApp-Image-2022-04-26-at-9.34.55-PM-2.jpeg 1200w\" sizes=\"(max-width: 555px) 100vw, 555px\" \/><\/a>\n\t\t\t<\/dt><\/dl><dl class='gallery-item'>\n\t\t\t<dt class='gallery-icon landscape'>\n\t\t\t\t<a href='https:\/\/blogsaverroes.juntadeandalucia.es\/ieshimilce\/fpb-de-actividades-domesticas-y-limpieza-de-edificios\/whatsapp-image-2022-04-26-at-9-34-55-pm-3\/'><img loading=\"lazy\" decoding=\"async\" width=\"555\" height=\"537\" src=\"https:\/\/blogsaverroes.juntadeandalucia.es\/ieshimilce\/files\/2022\/05\/WhatsApp-Image-2022-04-26-at-9.34.55-PM-3-1024x990.jpeg\" class=\"attachment-large size-large\" alt=\"\" srcset=\"https:\/\/blogsaverroes.juntadeandalucia.es\/ieshimilce\/files\/2022\/05\/WhatsApp-Image-2022-04-26-at-9.34.55-PM-3-1024x990.jpeg 1024w, https:\/\/blogsaverroes.juntadeandalucia.es\/ieshimilce\/files\/2022\/05\/WhatsApp-Image-2022-04-26-at-9.34.55-PM-3-300x290.jpeg 300w, https:\/\/blogsaverroes.juntadeandalucia.es\/ieshimilce\/files\/2022\/05\/WhatsApp-Image-2022-04-26-at-9.34.55-PM-3-768x743.jpeg 768w, https:\/\/blogsaverroes.juntadeandalucia.es\/ieshimilce\/files\/2022\/05\/WhatsApp-Image-2022-04-26-at-9.34.55-PM-3-1536x1485.jpeg 1536w, https:\/\/blogsaverroes.juntadeandalucia.es\/ieshimilce\/files\/2022\/05\/WhatsApp-Image-2022-04-26-at-9.34.55-PM-3.jpeg 1200w\" sizes=\"(max-width: 555px) 100vw, 555px\" \/><\/a>\n\t\t\t<\/dt><\/dl><dl class='gallery-item'>\n\t\t\t<dt class='gallery-icon landscape'>\n\t\t\t\t<a href='https:\/\/blogsaverroes.juntadeandalucia.es\/ieshimilce\/fpb-de-actividades-domesticas-y-limpieza-de-edificios\/whatsapp-image-2022-04-26-at-9-34-55-pm-4\/'><img loading=\"lazy\" decoding=\"async\" width=\"555\" height=\"462\" src=\"https:\/\/blogsaverroes.juntadeandalucia.es\/ieshimilce\/files\/2022\/05\/WhatsApp-Image-2022-04-26-at-9.34.55-PM-4-1024x853.jpeg\" class=\"attachment-large size-large\" alt=\"\" srcset=\"https:\/\/blogsaverroes.juntadeandalucia.es\/ieshimilce\/files\/2022\/05\/WhatsApp-Image-2022-04-26-at-9.34.55-PM-4-1024x853.jpeg 1024w, https:\/\/blogsaverroes.juntadeandalucia.es\/ieshimilce\/files\/2022\/05\/WhatsApp-Image-2022-04-26-at-9.34.55-PM-4-300x250.jpeg 300w, https:\/\/blogsaverroes.juntadeandalucia.es\/ieshimilce\/files\/2022\/05\/WhatsApp-Image-2022-04-26-at-9.34.55-PM-4-768x640.jpeg 768w, https:\/\/blogsaverroes.juntadeandalucia.es\/ieshimilce\/files\/2022\/05\/WhatsApp-Image-2022-04-26-at-9.34.55-PM-4-1536x1280.jpeg 1536w, https:\/\/blogsaverroes.juntadeandalucia.es\/ieshimilce\/files\/2022\/05\/WhatsApp-Image-2022-04-26-at-9.34.55-PM-4.jpeg 1200w\" sizes=\"(max-width: 555px) 100vw, 555px\" \/><\/a>\n\t\t\t<\/dt><\/dl><br style=\"clear: both\" \/><dl class='gallery-item'>\n\t\t\t<dt class='gallery-icon landscape'>\n\t\t\t\t<a href='https:\/\/blogsaverroes.juntadeandalucia.es\/ieshimilce\/fpb-de-actividades-domesticas-y-limpieza-de-edificios\/whatsapp-image-2022-04-26-at-9-34-55-pm\/'><img loading=\"lazy\" decoding=\"async\" width=\"555\" height=\"416\" src=\"https:\/\/blogsaverroes.juntadeandalucia.es\/ieshimilce\/files\/2022\/05\/WhatsApp-Image-2022-04-26-at-9.34.55-PM-1024x768.jpeg\" class=\"attachment-large size-large\" alt=\"\" srcset=\"https:\/\/blogsaverroes.juntadeandalucia.es\/ieshimilce\/files\/2022\/05\/WhatsApp-Image-2022-04-26-at-9.34.55-PM-1024x768.jpeg 1024w, https:\/\/blogsaverroes.juntadeandalucia.es\/ieshimilce\/files\/2022\/05\/WhatsApp-Image-2022-04-26-at-9.34.55-PM-300x225.jpeg 300w, https:\/\/blogsaverroes.juntadeandalucia.es\/ieshimilce\/files\/2022\/05\/WhatsApp-Image-2022-04-26-at-9.34.55-PM-768x576.jpeg 768w, https:\/\/blogsaverroes.juntadeandalucia.es\/ieshimilce\/files\/2022\/05\/WhatsApp-Image-2022-04-26-at-9.34.55-PM-1536x1152.jpeg 1536w, https:\/\/blogsaverroes.juntadeandalucia.es\/ieshimilce\/files\/2022\/05\/WhatsApp-Image-2022-04-26-at-9.34.55-PM.jpeg 1200w\" sizes=\"(max-width: 555px) 100vw, 555px\" \/><\/a>\n\t\t\t<\/dt><\/dl>\n\t\t\t<br style='clear: both' \/>\n\t\t<\/div>\n\n","protected":false},"excerpt":{"rendered":"<p>\ufeff&nbsp; Programas espec\u00edficos de Formaci\u00f3n Profesional B\u00e1sica Los&nbsp;Programas espec\u00edficos de Formaci\u00f3n Profesional B\u00e1sica&nbsp;est\u00e1n dirigidos al alumnado con necesidades educativas especiales que, teniendo un nivel de autonom\u00eda personal y social que le permita tener expectativas razonables de inserci\u00f3n laboral, no pueda integrarse en un ciclo formativo de Formaci\u00f3n Profesional B\u00e1sica, cuente con un desfase en su &hellip; <\/p>\n<p><a class=\"more-link btn\" href=\"https:\/\/blogsaverroes.juntadeandalucia.es\/ieshimilce\/fpb-de-actividades-domesticas-y-limpieza-de-edificios\/\">Seguir leyendo<\/a><\/p>\n","protected":false},"author":5100,"featured_media":0,"parent":0,"menu_order":0,"comment_status":"closed","ping_status":"closed","template":"","meta":{"ngg_post_thumbnail":0,"footnotes":"","_mc_calendar":[]},"aioseo_notices":[],"_links":{"self":[{"href":"https:\/\/blogsaverroes.juntadeandalucia.es\/ieshimilce\/wp-json\/wp\/v2\/pages\/8781"}],"collection":[{"href":"https:\/\/blogsaverroes.juntadeandalucia.es\/ieshimilce\/wp-json\/wp\/v2\/pages"}],"about":[{"href":"https:\/\/blogsaverroes.juntadeandalucia.es\/ieshimilce\/wp-json\/wp\/v2\/types\/page"}],"author":[{"embeddable":true,"href":"https:\/\/blogsaverroes.juntadeandalucia.es\/ieshimilce\/wp-json\/wp\/v2\/users\/5100"}],"replies":[{"embeddable":true,"href":"https:\/\/blogsaverroes.juntadeandalucia.es\/ieshimilce\/wp-json\/wp\/v2\/comments?post=8781"}],"version-history":[{"count":23,"href":"https:\/\/blogsaverroes.juntadeandalucia.es\/ieshimilce\/wp-json\/wp\/v2\/pages\/8781\/revisions"}],"predecessor-version":[{"id":14546,"href":"https:\/\/blogsaverroes.juntadeandalucia.es\/ieshimilce\/wp-json\/wp\/v2\/pages\/8781\/revisions\/14546"}],"wp:attachment":[{"href":"https:\/\/blogsaverroes.juntadeandalucia.es\/ieshimilce\/wp-json\/wp\/v2\/media?parent=8781"}],"curies":[{"name":"wp","href":"https:\/\/api.w.org\/{rel}","templated":true}]}}