{"id":35,"date":"2015-03-13T08:21:43","date_gmt":"2015-03-13T08:21:43","guid":{"rendered":"http:\/\/blogsaverroes.juntadeandalucia.es\/pre\/ceip\/?page_id=35"},"modified":"2021-01-12T21:36:05","modified_gmt":"2021-01-12T21:36:05","slug":"el-centro-2","status":"publish","type":"page","link":"https:\/\/blogsaverroes.juntadeandalucia.es\/iesilipamagna\/el-centro-2\/","title":{"rendered":"Datos del centro"},"content":{"rendered":"<p>[googlemaps https:\/\/www.google.com\/maps\/embed?pb=!1m18!1m12!1m3!1d3164.4335127023455!2d-5.983126384689666!3d37.521276979806444!2m3!1f0!2f0!3f0!3m2!1i1024!2i768!4f13.1!3m3!1m2!1s0xd1242271f6af037%3A0x12ed5238a6f98053!2sInstituto%20De%20Educaci%C3%B3n%20Secundaria%20Ilipa%20Magna!5e0!3m2!1ses!2ses!4v1610486646209!5m2!1ses!2ses&amp;w=600&amp;h=450]<\/p>\n<p>&nbsp;<\/p>\n<h4>Datos de contacto<\/h4>\n<h4>I.E.S. Ilipa Magna<\/h4>\n<p><strong>Direcci\u00f3n:<\/strong>&nbsp; Avda. Andaluc\u00eda s\/n, 41200 Alcal\u00e1 del R\u00edo (Sevilla)<\/p>\n<p><strong>Tel\u00e9fono \/ FAX:<\/strong><\/p>\n<p><strong>Email:<\/strong> 41011002.edu@juntadeandalucia.es<\/p>\n<h4><strong>Horarios<\/strong><\/h4>\n<p>&nbsp;De Lunes a Viernes de 8:15h. a 14:45h.<\/p>\n<h4><strong>Oferta educativa<\/strong><\/h4>\n<p>Una breve descripci\u00f3n de las ense\u00f1anzas ofrecidas en el centro, con posibilidad de <a title=\"Educaci\u00f3n infantil\" href=\"http:\/\/blogsaverroes.juntadeandalucia.es\/temahuemanies\/educacion-infantil\/\">enlazar <\/a>a otras secciones informativas de la web.<\/p>\n<h4>Instalaciones<\/h4>\n<p><!-- index.php -->\n<div\n\tclass=\"ngg-galleryoverview\n\t ngg-ajax-pagination-none\t\"\n\tid=\"ngg-gallery-99684dc598f6c067b864159049bb677a-1\">\n\n\t\t<div class=\"slideshowlink\">\n\t\t<a href='https:\/\/blogsaverroes.juntadeandalucia.es\/iesilipamagna\/el-centro-2\/nggallery\/slideshow'>[Mostrar presentaci\u00f3n de diapositivas]<\/a>\n\n\t<\/div>\n\t\t\t<!-- Thumbnails -->\n\t\t\t\t<div id=\"ngg-image-0\" class=\"ngg-gallery-thumbnail-box\"\n\t\t\t\t\t\t\t\t\t\t\t>\n\t\t\t\t\t\t<div class=\"ngg-gallery-thumbnail\">\n\t\t\t<a href=\"https:\/\/blogsaverroes.juntadeandalucia.es\/iesilipamagna\/wp-content\/uploads\/sites\/797\/nggallery\/instalaciones\/instalacion01-1.jpg\"\n\t\t\t\ttitle=\"\"\n\t\t\t\tdata-src=\"https:\/\/blogsaverroes.juntadeandalucia.es\/iesilipamagna\/wp-content\/uploads\/sites\/797\/nggallery\/instalaciones\/instalacion01-1.jpg\"\n\t\t\t\tdata-thumbnail=\"https:\/\/blogsaverroes.juntadeandalucia.es\/iesilipamagna\/wp-content\/uploads\/sites\/797\/nggallery\/instalaciones\/thumbs\/thumbs_instalacion01-1.jpg\"\n\t\t\t\tdata-image-id=\"29\"\n\t\t\t\tdata-title=\"instalacion01\"\n\t\t\t\tdata-description=\"\"\n\t\t\t\tdata-image-slug=\"instalacion01\"\n\t\t\t\tclass=\"ngg-fancybox\" rel=\"99684dc598f6c067b864159049bb677a\">\n\t\t\t\t<img\n\t\t\t\t\ttitle=\"instalacion01\"\n\t\t\t\t\talt=\"instalacion01\"\n\t\t\t\t\tsrc=\"https:\/\/blogsaverroes.juntadeandalucia.es\/iesilipamagna\/wp-content\/uploads\/sites\/797\/nggallery\/instalaciones\/thumbs\/thumbs_instalacion01-1.jpg\"\n\t\t\t\t\twidth=\"120\"\n\t\t\t\t\theight=\"90\"\n\t\t\t\t\tstyle=\"max-width:100%;\"\n\t\t\t\t\/>\n\t\t\t<\/a>\n\t\t<\/div>\n\t\t\t\t\t\t\t<\/div>\n\t\t\t\n\t\t\n\t\t\t\t<div id=\"ngg-image-1\" class=\"ngg-gallery-thumbnail-box\"\n\t\t\t\t\t\t\t\t\t\t\t>\n\t\t\t\t\t\t<div class=\"ngg-gallery-thumbnail\">\n\t\t\t<a href=\"https:\/\/blogsaverroes.juntadeandalucia.es\/iesilipamagna\/wp-content\/uploads\/sites\/797\/nggallery\/instalaciones\/instalacion02-1.jpg\"\n\t\t\t\ttitle=\"\"\n\t\t\t\tdata-src=\"https:\/\/blogsaverroes.juntadeandalucia.es\/iesilipamagna\/wp-content\/uploads\/sites\/797\/nggallery\/instalaciones\/instalacion02-1.jpg\"\n\t\t\t\tdata-thumbnail=\"https:\/\/blogsaverroes.juntadeandalucia.es\/iesilipamagna\/wp-content\/uploads\/sites\/797\/nggallery\/instalaciones\/thumbs\/thumbs_instalacion02-1.jpg\"\n\t\t\t\tdata-image-id=\"30\"\n\t\t\t\tdata-title=\"instalacion02\"\n\t\t\t\tdata-description=\"\"\n\t\t\t\tdata-image-slug=\"instalacion02\"\n\t\t\t\tclass=\"ngg-fancybox\" rel=\"99684dc598f6c067b864159049bb677a\">\n\t\t\t\t<img\n\t\t\t\t\ttitle=\"instalacion02\"\n\t\t\t\t\talt=\"instalacion02\"\n\t\t\t\t\tsrc=\"https:\/\/blogsaverroes.juntadeandalucia.es\/iesilipamagna\/wp-content\/uploads\/sites\/797\/nggallery\/instalaciones\/thumbs\/thumbs_instalacion02-1.jpg\"\n\t\t\t\t\twidth=\"120\"\n\t\t\t\t\theight=\"90\"\n\t\t\t\t\tstyle=\"max-width:100%;\"\n\t\t\t\t\/>\n\t\t\t<\/a>\n\t\t<\/div>\n\t\t\t\t\t\t\t<\/div>\n\t\t\t\n\t\t\n\t\t\t\t<div id=\"ngg-image-2\" class=\"ngg-gallery-thumbnail-box\"\n\t\t\t\t\t\t\t\t\t\t\t>\n\t\t\t\t\t\t<div class=\"ngg-gallery-thumbnail\">\n\t\t\t<a href=\"https:\/\/blogsaverroes.juntadeandalucia.es\/iesilipamagna\/wp-content\/uploads\/sites\/797\/nggallery\/instalaciones\/instalacion03-1.jpg\"\n\t\t\t\ttitle=\"\"\n\t\t\t\tdata-src=\"https:\/\/blogsaverroes.juntadeandalucia.es\/iesilipamagna\/wp-content\/uploads\/sites\/797\/nggallery\/instalaciones\/instalacion03-1.jpg\"\n\t\t\t\tdata-thumbnail=\"https:\/\/blogsaverroes.juntadeandalucia.es\/iesilipamagna\/wp-content\/uploads\/sites\/797\/nggallery\/instalaciones\/thumbs\/thumbs_instalacion03-1.jpg\"\n\t\t\t\tdata-image-id=\"31\"\n\t\t\t\tdata-title=\"instalacion03\"\n\t\t\t\tdata-description=\"\"\n\t\t\t\tdata-image-slug=\"instalacion03\"\n\t\t\t\tclass=\"ngg-fancybox\" rel=\"99684dc598f6c067b864159049bb677a\">\n\t\t\t\t<img\n\t\t\t\t\ttitle=\"instalacion03\"\n\t\t\t\t\talt=\"instalacion03\"\n\t\t\t\t\tsrc=\"https:\/\/blogsaverroes.juntadeandalucia.es\/iesilipamagna\/wp-content\/uploads\/sites\/797\/nggallery\/instalaciones\/thumbs\/thumbs_instalacion03-1.jpg\"\n\t\t\t\t\twidth=\"120\"\n\t\t\t\t\theight=\"90\"\n\t\t\t\t\tstyle=\"max-width:100%;\"\n\t\t\t\t\/>\n\t\t\t<\/a>\n\t\t<\/div>\n\t\t\t\t\t\t\t<\/div>\n\t\t\t\n\t\t\n\t\t\t\t<div id=\"ngg-image-3\" class=\"ngg-gallery-thumbnail-box\"\n\t\t\t\t\t\t\t\t\t\t\t>\n\t\t\t\t\t\t<div class=\"ngg-gallery-thumbnail\">\n\t\t\t<a href=\"https:\/\/blogsaverroes.juntadeandalucia.es\/iesilipamagna\/wp-content\/uploads\/sites\/797\/nggallery\/instalaciones\/instalacion04-1.jpg\"\n\t\t\t\ttitle=\"\"\n\t\t\t\tdata-src=\"https:\/\/blogsaverroes.juntadeandalucia.es\/iesilipamagna\/wp-content\/uploads\/sites\/797\/nggallery\/instalaciones\/instalacion04-1.jpg\"\n\t\t\t\tdata-thumbnail=\"https:\/\/blogsaverroes.juntadeandalucia.es\/iesilipamagna\/wp-content\/uploads\/sites\/797\/nggallery\/instalaciones\/thumbs\/thumbs_instalacion04-1.jpg\"\n\t\t\t\tdata-image-id=\"32\"\n\t\t\t\tdata-title=\"instalacion04\"\n\t\t\t\tdata-description=\"\"\n\t\t\t\tdata-image-slug=\"instalacion04\"\n\t\t\t\tclass=\"ngg-fancybox\" rel=\"99684dc598f6c067b864159049bb677a\">\n\t\t\t\t<img\n\t\t\t\t\ttitle=\"instalacion04\"\n\t\t\t\t\talt=\"instalacion04\"\n\t\t\t\t\tsrc=\"https:\/\/blogsaverroes.juntadeandalucia.es\/iesilipamagna\/wp-content\/uploads\/sites\/797\/nggallery\/instalaciones\/thumbs\/thumbs_instalacion04-1.jpg\"\n\t\t\t\t\twidth=\"120\"\n\t\t\t\t\theight=\"90\"\n\t\t\t\t\tstyle=\"max-width:100%;\"\n\t\t\t\t\/>\n\t\t\t<\/a>\n\t\t<\/div>\n\t\t\t\t\t\t\t<\/div>\n\t\t\t\n\t\t\n\t\t\n\t\t<!-- Pagination -->\n\t\t<div class='ngg-clear'><\/div>\t<\/div>\n<\/p>\n<p>&nbsp;<\/p>\n","protected":false},"excerpt":{"rendered":"<p>[googlemaps https:\/\/www.google.com\/maps\/embed?pb=!1m18!1m12!1m3!1d3164.4335127023455!2d-5.983126384689666!3d37.521276979806444!2m3!1f0!2f0!3f0!3m2!1i1024!2i768!4f13.1!3m3!1m2!1s0xd1242271f6af037%3A0x12ed5238a6f98053!2sInstituto%20De%20Educaci%C3%B3n%20Secundaria%20Ilipa%20Magna!5e0!3m2!1ses!2ses!4v1610486646209!5m2!1ses!2ses&amp;w=600&amp;h=450] &nbsp; Datos de contacto I.E.S. Ilipa Magna Direcci\u00f3n:&nbsp; Avda. Andaluc\u00eda s\/n, 41200 Alcal\u00e1 del R\u00edo (Sevilla) Tel\u00e9fono \/ FAX: Email: 41011002.edu@juntadeandalucia.es Horarios &nbsp;De Lunes a Viernes de 8:15h. a 14:45h. Oferta educativa&#46;&#46;&#46;<\/p>\n","protected":false},"author":1,"featured_media":0,"parent":0,"menu_order":0,"comment_status":"open","ping_status":"open","template":"","meta":{"ngg_post_thumbnail":0,"footnotes":"","_mc_calendar":[]},"aioseo_notices":[],"_links":{"self":[{"href":"https:\/\/blogsaverroes.juntadeandalucia.es\/iesilipamagna\/wp-json\/wp\/v2\/pages\/35"}],"collection":[{"href":"https:\/\/blogsaverroes.juntadeandalucia.es\/iesilipamagna\/wp-json\/wp\/v2\/pages"}],"about":[{"href":"https:\/\/blogsaverroes.juntadeandalucia.es\/iesilipamagna\/wp-json\/wp\/v2\/types\/page"}],"author":[{"embeddable":true,"href":"https:\/\/blogsaverroes.juntadeandalucia.es\/iesilipamagna\/wp-json\/wp\/v2\/users\/1"}],"replies":[{"embeddable":true,"href":"https:\/\/blogsaverroes.juntadeandalucia.es\/iesilipamagna\/wp-json\/wp\/v2\/comments?post=35"}],"version-history":[{"count":26,"href":"https:\/\/blogsaverroes.juntadeandalucia.es\/iesilipamagna\/wp-json\/wp\/v2\/pages\/35\/revisions"}],"predecessor-version":[{"id":2463,"href":"https:\/\/blogsaverroes.juntadeandalucia.es\/iesilipamagna\/wp-json\/wp\/v2\/pages\/35\/revisions\/2463"}],"wp:attachment":[{"href":"https:\/\/blogsaverroes.juntadeandalucia.es\/iesilipamagna\/wp-json\/wp\/v2\/media?parent=35"}],"curies":[{"name":"wp","href":"https:\/\/api.w.org\/{rel}","templated":true}]}}

<p>[googlemaps https://www.google.com/maps/embed?pb=!1m18!1m12!1m3!1d3164.4335127023455!2d-5.983126384689666!3d37.521276979806444!2m3!1f0!2f0!3f0!3m2!1i1024!2i768!4f13.1!3m3!1m2!1s0xd1242271f6af037%3A0x12ed5238a6f98053!2sInstituto%20De%20Educaci%C3%B3n%20Secundaria%20Ilipa%20Magna!5e0!3m2!1ses!2ses!4v1610486646209!5m2!1ses!2ses&amp;w=600&amp;h=450]</p>
<p>&nbsp;</p>
<h4>Datos de contacto</h4>
<h4>I.E.S. Ilipa Magna</h4>
<p><strong>Dirección:</strong>&nbsp; Avda. Andalucía s/n, 41200 Alcalá del Río (Sevilla)</p>
<p><strong>Teléfono / FAX:</strong></p>
<p><strong>Email:</strong> 41011002.edu@juntadeandalucia.es</p>
<h4><strong>Horarios</strong></h4>
<p>&nbsp;De Lunes a Viernes de 8:15h. a 14:45h.</p>
<h4><strong>Oferta educativa</strong></h4>
<p>Una breve descripción de las enseñanzas ofrecidas en el centro, con posibilidad de <a title="Educación infantil" href="http://blogsaverroes.juntadeandalucia.es/temahuemanies/educacion-infantil/">enlazar </a>a otras secciones informativas de la web.</p>
<h4>Instalaciones</h4>
<p><!-- index.php -->
<div
	class="ngg-galleryoverview
	 ngg-ajax-pagination-none	"
	id="ngg-gallery-99684dc598f6c067b864159049bb677a-1">

		<div class="slideshowlink">
		<a href='https://blogsaverroes.juntadeandalucia.es/iesilipamagna/el-centro-2/nggallery/slideshow'>[Mostrar presentación de diapositivas]</a>

	</div>
			<!-- Thumbnails -->
				<div id="ngg-image-0" class="ngg-gallery-thumbnail-box"
											>
						<div class="ngg-gallery-thumbnail">
			<a href="https://blogsaverroes.juntadeandalucia.es/iesilipamagna/wp-content/uploads/sites/797/nggallery/instalaciones/instalacion01-1.jpg"
				title=""
				data-src="https://blogsaverroes.juntadeandalucia.es/iesilipamagna/wp-content/uploads/sites/797/nggallery/instalaciones/instalacion01-1.jpg"
				data-thumbnail="https://blogsaverroes.juntadeandalucia.es/iesilipamagna/wp-content/uploads/sites/797/nggallery/instalaciones/thumbs/thumbs_instalacion01-1.jpg"
				data-image-id="29"
				data-title="instalacion01"
				data-description=""
				data-image-slug="instalacion01"
				class="ngg-fancybox" rel="99684dc598f6c067b864159049bb677a">
				<img
					title="instalacion01"
					alt="instalacion01"
					src="https://blogsaverroes.juntadeandalucia.es/iesilipamagna/wp-content/uploads/sites/797/nggallery/instalaciones/thumbs/thumbs_instalacion01-1.jpg"
					width="120"
					height="90"
					style="max-width:100%;"
				/>
			</a>
		</div>
							</div>
			
		
				<div id="ngg-image-1" class="ngg-gallery-thumbnail-box"
											>
						<div class="ngg-gallery-thumbnail">
			<a href="https://blogsaverroes.juntadeandalucia.es/iesilipamagna/wp-content/uploads/sites/797/nggallery/instalaciones/instalacion02-1.jpg"
				title=""
				data-src="https://blogsaverroes.juntadeandalucia.es/iesilipamagna/wp-content/uploads/sites/797/nggallery/instalaciones/instalacion02-1.jpg"
				data-thumbnail="https://blogsaverroes.juntadeandalucia.es/iesilipamagna/wp-content/uploads/sites/797/nggallery/instalaciones/thumbs/thumbs_instalacion02-1.jpg"
				data-image-id="30"
				data-title="instalacion02"
				data-description=""
				data-image-slug="instalacion02"
				class="ngg-fancybox" rel="99684dc598f6c067b864159049bb677a">
				<img
					title="instalacion02"
					alt="instalacion02"
					src="https://blogsaverroes.juntadeandalucia.es/iesilipamagna/wp-content/uploads/sites/797/nggallery/instalaciones/thumbs/thumbs_instalacion02-1.jpg"
					width="120"
					height="90"
					style="max-width:100%;"
				/>
			</a>
		</div>
							</div>
			
		
				<div id="ngg-image-2" class="ngg-gallery-thumbnail-box"
											>
						<div class="ngg-gallery-thumbnail">
			<a href="https://blogsaverroes.juntadeandalucia.es/iesilipamagna/wp-content/uploads/sites/797/nggallery/instalaciones/instalacion03-1.jpg"
				title=""
				data-src="https://blogsaverroes.juntadeandalucia.es/iesilipamagna/wp-content/uploads/sites/797/nggallery/instalaciones/instalacion03-1.jpg"
				data-thumbnail="https://blogsaverroes.juntadeandalucia.es/iesilipamagna/wp-content/uploads/sites/797/nggallery/instalaciones/thumbs/thumbs_instalacion03-1.jpg"
				data-image-id="31"
				data-title="instalacion03"
				data-description=""
				data-image-slug="instalacion03"
				class="ngg-fancybox" rel="99684dc598f6c067b864159049bb677a">
				<img
					title="instalacion03"
					alt="instalacion03"
					src="https://blogsaverroes.juntadeandalucia.es/iesilipamagna/wp-content/uploads/sites/797/nggallery/instalaciones/thumbs/thumbs_instalacion03-1.jpg"
					width="120"
					height="90"
					style="max-width:100%;"
				/>
			</a>
		</div>
							</div>
			
		
				<div id="ngg-image-3" class="ngg-gallery-thumbnail-box"
											>
						<div class="ngg-gallery-thumbnail">
			<a href="https://blogsaverroes.juntadeandalucia.es/iesilipamagna/wp-content/uploads/sites/797/nggallery/instalaciones/instalacion04-1.jpg"
				title=""
				data-src="https://blogsaverroes.juntadeandalucia.es/iesilipamagna/wp-content/uploads/sites/797/nggallery/instalaciones/instalacion04-1.jpg"
				data-thumbnail="https://blogsaverroes.juntadeandalucia.es/iesilipamagna/wp-content/uploads/sites/797/nggallery/instalaciones/thumbs/thumbs_instalacion04-1.jpg"
				data-image-id="32"
				data-title="instalacion04"
				data-description=""
				data-image-slug="instalacion04"
				class="ngg-fancybox" rel="99684dc598f6c067b864159049bb677a">
				<img
					title="instalacion04"
					alt="instalacion04"
					src="https://blogsaverroes.juntadeandalucia.es/iesilipamagna/wp-content/uploads/sites/797/nggallery/instalaciones/thumbs/thumbs_instalacion04-1.jpg"
					width="120"
					height="90"
					style="max-width:100%;"
				/>
			</a>
		</div>
							</div>
			
		
		
		<!-- Pagination -->
		<div class='ngg-clear'></div>	</div>
</p>
<p>&nbsp;</p>

<p>[googlemaps https://www.google.com/maps/embed?pb=!1m18!1m12!1m3!1d3164.4335127023455!2d-5.983126384689666!3d37.521276979806444!2m3!1f0!2f0!3f0!3m2!1i1024!2i768!4f13.1!3m3!1m2!1s0xd1242271f6af037%3A0x12ed5238a6f98053!2sInstituto%20De%20Educaci%C3%B3n%20Secundaria%20Ilipa%20Magna!5e0!3m2!1ses!2ses!4v1610486646209!5m2!1ses!2ses&amp;w=600&amp;h=450] &nbsp; Datos de contacto I.E.S. Ilipa Magna Dirección:&nbsp; Avda. Andalucía s/n, 41200 Alcalá del Río (Sevilla) Teléfono / FAX: Email: 41011002.edu@juntadeandalucia.es Horarios &nbsp;De Lunes a Viernes de 8:15h. a 14:45h. Oferta educativa&#46;&#46;&#46;</p>
