{"id":1185,"date":"2022-01-22T23:16:04","date_gmt":"2022-01-22T22:16:04","guid":{"rendered":"https:\/\/blogsaverroes.juntadeandalucia.es\/iesisidorosanchez\/?page_id=1185"},"modified":"2022-01-22T23:30:00","modified_gmt":"2022-01-22T22:30:00","slug":"justificacion-de-ausencias","status":"publish","type":"page","link":"https:\/\/blogsaverroes.juntadeandalucia.es\/iesisidorosanchez\/justificacion-de-ausencias\/","title":{"rendered":"JUSTIFICACI\u00d3N DE AUSENCIAS"},"content":{"rendered":"<p><span style=\"color: #000000;font-size: 12pt\">Aqu\u00ed intentaremos responder a las preguntas m\u00e1s frecuentes que nos formul\u00e1is tanto alumnado como familiares relativas a las ausencias y sus justificaciones.<\/span><\/p>\n<p>&nbsp;<\/p>\n<p><span style=\"font-size: 12pt;color: #0d98b8\"><strong>\u00bfC\u00f3mo se justifican las ausencias?<\/strong><\/span><\/p>\n<p><span style=\"color: #000000;font-size: 12pt\">Como norma general, se utilizar\u00e1 la aplicaci\u00f3n <strong>iPASEN<\/strong> para justificar el motivo de una ausencia. Para ello, una vez que se acceda a la aplicaci\u00f3n <strong>iPASEN<\/strong>, se deber\u00e1 entrar en el apartado \u201cPersonal\u201d pulsando el segundo de los \u00edconos de la parte inferior de la pantalla y una vez ah\u00ed pulsar en el apartado de \u201cFaltas de asistencia\u201d. Aqu\u00ed aparecer\u00e1n todos los tramos horarios en los que ha habido una ausencia. Habr\u00e1 una leyenda sombreada en rojo para los tramos injustificados y una leyenda sombreada en verde para los tramos justificados.<\/span><\/p>\n<p><span style=\"color: #000000;font-size: 12pt\">Pulsa en uno de los tramos que desees justificar y en la nueva pantalla rellena los campos que aparecen en la nueva pantalla. Pulsa sobre el campo <strong>\u201cMotivo de Justificaci\u00f3n<\/strong>\u201d y selecciona aquel que m\u00e1s se ajuste a la circunstancia de la ausencia. A\u00f1ade en <strong>\u201cComentario\u201d<\/strong> toda la informaci\u00f3n que resulte pertinente y, si dispones de \u00e9l, adjunta un justificante pulsando en el bot\u00f3n <strong>\u201cAdjuntar justificante\u201d<\/strong>. Seleccionando <strong>\u201cdesde carrete<\/strong>\u201d podr\u00e1s seleccionar una fotograf\u00eda de galer\u00eda de tu dispositivo; seleccionando \u201c<strong>desde documentos<\/strong>\u201d podr\u00e1s seleccionar un documento de tu terminal.<\/span><\/p>\n<p><span style=\"color: #000000;font-size: 12pt\">Cuando hayas terminado de hacer todo esto, pulsa el bot\u00f3n \u201c<strong>Enviar<\/strong>\u201d de la parte inferior de la pantalla. En seguida aparecer\u00e1 un mensaje de confirmaci\u00f3n indic\u00e1ndote que la justificaci\u00f3n se ha enviado correctamente. Aqu\u00ed te dejamos un v\u00eddeo para que compruebes lo f\u00e1cil que es hacerlo.<\/span><\/p>\n<div style=\"width: 1165px;\" class=\"wp-video\"><!--[if lt IE 9]><script>document.createElement('video');<\/script><![endif]-->\n<video class=\"wp-video-shortcode\" id=\"video-1185-1\" width=\"1165\" height=\"655\" poster=\"https:\/\/blogsaverroes.juntadeandalucia.es\/iesisidorosanchez\/files\/2021\/11\/p3-1.png\" preload=\"metadata\" controls=\"controls\"><source type=\"video\/mp4\" src=\"https:\/\/blogsaverroes.juntadeandalucia.es\/iesisidorosanchez\/files\/2022\/01\/Justificaci\u00f3n-ausencias-iPASEN.mp4?_=1\" \/><a href=\"https:\/\/blogsaverroes.juntadeandalucia.es\/iesisidorosanchez\/files\/2022\/01\/Justificaci\u00f3n-ausencias-iPASEN.mp4\">https:\/\/blogsaverroes.juntadeandalucia.es\/iesisidorosanchez\/files\/2022\/01\/Justificaci\u00f3n-ausencias-iPASEN.mp4<\/a><\/video><\/div>\n<p>&nbsp;<\/p>\n<p><span style=\"font-size: 12pt;color: #0d98b8\"><strong>\u00bfSe pueden justificar las ausencias si no se tiene iPASEN?<\/strong><\/span><\/p>\n<p><span style=\"color: #000000;font-size: 12pt\">De manera <span style=\"text-decoration: underline\"><strong>MUY EXCEPCIONAL<\/strong>&nbsp;<\/span>se podr\u00e1n admitir justificaciones de ausencias en soporte papel. Para ello deber\u00e1s descargarte el modelo de justificante que encontrar\u00e1s al finalizar esta respuesta, imprimirlo, rellenarlo y entregarlo debidamente firmado. El <span style=\"text-decoration: underline\"><strong>justificante<\/strong><\/span> deber\u00e1 ir <span style=\"text-decoration: underline\"><strong>SIEMPRE acompa\u00f1ado de fotocopia del DNI<\/strong><\/span> (o documentaci\u00f3n identificativa equivalente) de la persona firmante. Si dispones de un documento acreditativo de la circunstancia de la ausencia (justificante m\u00e9dico, citaci\u00f3n judicial\u2026) debes adjuntar una fotocopia de este documento al modelo de justificante y a la fotocopia del DNI de la persona firmante. Esta documentaci\u00f3n se deber\u00e1 mostrar a todo el profesorado afectado por la ausencia y finalmente, entregarlo a la persona que ejerce la tutor\u00eda del grupo.<\/span><\/p>\n<p><a href=\"https:\/\/blogsaverroes.juntadeandalucia.es\/iesisidorosanchez\/files\/2022\/01\/JUSTIFICANTE-AUSENCIAS.pdf\">JUSTIFICANTE AUSENCIAS<\/a><\/p>\n<p>&nbsp;<\/p>\n<p><span style=\"font-size: 12pt;color: #0d98b8\"><strong>He justificado una ausencia por PASEN pero sigue apareciendo como \u201cinjustificada\u201d. \u00bfQu\u00e9 hago?<\/strong><\/span><\/p>\n<p><span style=\"color: #000000;font-size: 12pt\">El profesorado suele revisar las ausencias del alumnado semanalmente. Por ello, <strong>puede que una ausencia tarde varios d\u00edas en cambiar su estado de \u201cinjustificada\u201d a \u201cjustificada\u201d<\/strong>. Si, pasados varios d\u00edas, la ausencia sigue sin cambiar de estado, contacta con el profesorado implicado para averiguar qu\u00e9 ha ocurrido. Puede que se deba a que no se ha procedido a una revisi\u00f3n de las ausencias o bien <span style=\"text-decoration: underline\"><strong>puede deberse a que el motivo aportado no sirva para justificar la ausencia<\/strong><\/span>. Puedes encontrar aclaraciones a este respecto, pulsando en el enlace que encontrar\u00e1s al finalizar la respuesta a esta pregunta. Si, una vez aclarada la situaci\u00f3n con el profesorado implicado y la ausencia sigue sin cambiar de estado, contacta con la persona que ejerce la tutor\u00eda del grupo para intentar solventar el asunto. El profesorado y, en \u00faltima instancia, la persona que ejerce la tutor\u00eda del grupo son los responsables de justificar (o no) en el sistema las diferentes ausencias del alumnado atendiendo a la informaci\u00f3n (justificaci\u00f3n) aportada por el propio alumnado en caso de ser mayor de edad o los\/as representantes legales del alumnado menor de edad.<\/span><\/p>\n<p><a href=\"https:\/\/blogsaverroes.juntadeandalucia.es\/iesisidorosanchez\/files\/2022\/01\/CRITERIOS-PARA-LA-JUSTIFICACI\u00d3N-DE-LAS-FALTAS-DE-ASISTENCIA.pdf\">CRITERIOS PARA LA JUSTIFICACI\u00d3N DE LAS FALTAS DE ASISTENCIA<\/a><\/p>\n<p>&nbsp;<\/p>\n<p><span style=\"font-size: 12pt;color: #0d98b8\"><strong>He recogido a mi hijo a mitad de la jornada escolar porque se encontraba enfermo. \u00bfPor qu\u00e9 me aparecen las faltas de ese d\u00eda como injustificadas si he firmado un papel en el instituto al recogerlo?<\/strong><\/span><\/p>\n<p><span style=\"color: #000000;font-size: 12pt\"><span style=\"text-decoration: underline\"><strong>El papel que has firmado en instituto<\/strong><\/span> al recoger a tu hijo es un simple documento acreditativo que conserva el centro de que un menor ha abandonado el instituto acompa\u00f1ado de una persona autorizada por sus tutores legales como respaldo en el supuesto de que ocurriese cualquier circunstancia excepcional. <span style=\"text-decoration: underline\"><strong>No es un justificante de ausencias.<\/strong><\/span> Tampoco es un documento que se haga llegar a la persona que tiene la tutor\u00eda de tu hijo ni mucho menos al profesorado que le imparte clase. Los tramos horarios de ausencia de tu hijo de ese d\u00eda deben ser justificados seg\u00fan se ha explicado anteriormente: preferiblemente a trav\u00e9s de <strong>iPASEN.<\/strong>&nbsp;<\/span><\/p>\n<p>&nbsp;<\/p>\n<p><span style=\"font-size: 12pt;color: #0d98b8\"><strong>Ha faltado el profesor con el que ten\u00eda clase las dos \u00faltimas horas. Como soy estudiante mayor de edad me he marchado a casa. \u00bfPor qu\u00e9 me salen esas horas como faltas injustificadas?<\/strong><\/span><\/p>\n<p><span style=\"color: #000000;font-size: 12pt\">Cuando falta un profesor acude otro profesor en servicio de guardia. Entre las funciones del profesorado de guardia est\u00e1 la de pasar lista al alumnado del grupo del docente cuya ausencia est\u00e1 cubriendo. Por eso te aparecen esas horas como faltas injustificadas: <span style=\"text-decoration: underline\"><strong>porque un profesor de guardia ha pasado lista<\/strong><\/span>. Cuando falte un profesor, si no deseas tener tramos horarios injustificados, debes permanecer tu aula de referencia. En muchos casos, el profesorado ausente (si se trata de una ausencia prevista) deja tareas para que su alumnado las realice durante su ausencia con la supervisi\u00f3n del profesorado de guardia. Si te marchas, tambi\u00e9n te arriesgas a no realizar algunas tareas que ha podido dejar tu profesor que, puede pedirte y evaluar una vez se incorpore. Si el profesorado no ha dejado tareas para que realic\u00e9is con la supervisi\u00f3n del profesorado de guardia, puedes aprovechar ese tiempo para estudiar y repasar lo visto en otros m\u00f3dulos.<\/span><\/p>\n<p>&nbsp;<\/p>\n<p><span style=\"font-size: 12pt;color: #0d98b8\"><strong>El otro d\u00eda hubo huelga. Todos los de mi clase rellenamos y firmamos un documento en el que dec\u00edamos que \u00edbamos a hacer huelga. \u00bfPor qu\u00e9 aparecen las faltas de ese d\u00eda como \u201cinjustificadas\u201d?<\/strong><\/span><\/p>\n<p><span style=\"color: #000000;font-size: 12pt\">El documento que rellenasteis y firmasteis es meramente informativo y no tiene efectos de justificaci\u00f3n de ausencias. <span style=\"text-decoration: underline\"><strong>Debes justificar las ausencias de ese d\u00eda<\/strong><\/span> tal y como se ha explicado anteriormente (preferiblemente a trav\u00e9s de iPASEN) <span style=\"text-decoration: underline\"><strong>indicando<\/strong><\/span> que has ejercido tu derecho a huelga y <span style=\"text-decoration: underline\"><strong>el organismo que ha convocado dicha huelga<\/strong><\/span>. Ten en cuenta que <span style=\"text-decoration: underline\"><strong>debe tratarse de una huelga convocada para estudiantes<\/strong><\/span>. Piensa que, si es una huelga convocada para el personal docente, tus faltas seguir\u00e1n quedando como injustificadas puesto que no ha sido convocada para el alumnado.<\/span><\/p>\n<p><span style=\"color: #000000;font-size: 12pt\">Si eres mayor de edad, puedes t\u00fa mismo\/a puedes justificar tus ausencias; si eres menor de edad, deber\u00e1 ser tu madre\/padre\/representante legal quien la justifique de la manera que te hemos indicado. Si est\u00e1s estudiando 1\u00ba o 2\u00ba de ESO, las ausencias por huelga seguir\u00e1n siendo injustificadas puesto que el derecho a huelga no est\u00e1 reconocido para el alumnado de estos niveles educativos.<\/span><\/p>\n","protected":false},"excerpt":{"rendered":"<p>Aqu\u00ed intentaremos responder a las preguntas m\u00e1s frecuentes que nos formul\u00e1is tanto alumnado como familiares relativas a las ausencias y sus justificaciones. &nbsp; \u00bfC\u00f3mo se justifican las ausencias? Como norma general, se utilizar\u00e1 la aplicaci\u00f3n iPASEN para justificar el motivo de una ausencia. Para ello, una vez que se acceda a la aplicaci\u00f3n iPASEN, se [&hellip;]<\/p>\n","protected":false},"author":13803,"featured_media":0,"parent":0,"menu_order":0,"comment_status":"closed","ping_status":"closed","template":"","meta":{"ngg_post_thumbnail":0,"footnotes":""},"aioseo_notices":[],"_links":{"self":[{"href":"https:\/\/blogsaverroes.juntadeandalucia.es\/iesisidorosanchez\/wp-json\/wp\/v2\/pages\/1185"}],"collection":[{"href":"https:\/\/blogsaverroes.juntadeandalucia.es\/iesisidorosanchez\/wp-json\/wp\/v2\/pages"}],"about":[{"href":"https:\/\/blogsaverroes.juntadeandalucia.es\/iesisidorosanchez\/wp-json\/wp\/v2\/types\/page"}],"author":[{"embeddable":true,"href":"https:\/\/blogsaverroes.juntadeandalucia.es\/iesisidorosanchez\/wp-json\/wp\/v2\/users\/13803"}],"replies":[{"embeddable":true,"href":"https:\/\/blogsaverroes.juntadeandalucia.es\/iesisidorosanchez\/wp-json\/wp\/v2\/comments?post=1185"}],"version-history":[{"count":4,"href":"https:\/\/blogsaverroes.juntadeandalucia.es\/iesisidorosanchez\/wp-json\/wp\/v2\/pages\/1185\/revisions"}],"predecessor-version":[{"id":1194,"href":"https:\/\/blogsaverroes.juntadeandalucia.es\/iesisidorosanchez\/wp-json\/wp\/v2\/pages\/1185\/revisions\/1194"}],"wp:attachment":[{"href":"https:\/\/blogsaverroes.juntadeandalucia.es\/iesisidorosanchez\/wp-json\/wp\/v2\/media?parent=1185"}],"curies":[{"name":"wp","href":"https:\/\/api.w.org\/{rel}","templated":true}]}}

JUSTIFICACIÓN DE AUSENCIAS

<p><span style="color: #000000;font-size: 12pt">Aquí intentaremos responder a las preguntas más frecuentes que nos formuláis tanto alumnado como familiares relativas a las ausencias y sus justificaciones.</span></p>
<p>&nbsp;</p>
<p><span style="font-size: 12pt;color: #0d98b8"><strong>¿Cómo se justifican las ausencias?</strong></span></p>
<p><span style="color: #000000;font-size: 12pt">Como norma general, se utilizará la aplicación <strong>iPASEN</strong> para justificar el motivo de una ausencia. Para ello, una vez que se acceda a la aplicación <strong>iPASEN</strong>, se deberá entrar en el apartado “Personal” pulsando el segundo de los íconos de la parte inferior de la pantalla y una vez ahí pulsar en el apartado de “Faltas de asistencia”. Aquí aparecerán todos los tramos horarios en los que ha habido una ausencia. Habrá una leyenda sombreada en rojo para los tramos injustificados y una leyenda sombreada en verde para los tramos justificados.</span></p>
<p><span style="color: #000000;font-size: 12pt">Pulsa en uno de los tramos que desees justificar y en la nueva pantalla rellena los campos que aparecen en la nueva pantalla. Pulsa sobre el campo <strong>“Motivo de Justificación</strong>” y selecciona aquel que más se ajuste a la circunstancia de la ausencia. Añade en <strong>“Comentario”</strong> toda la información que resulte pertinente y, si dispones de él, adjunta un justificante pulsando en el botón <strong>“Adjuntar justificante”</strong>. Seleccionando <strong>“desde carrete</strong>” podrás seleccionar una fotografía de galería de tu dispositivo; seleccionando “<strong>desde documentos</strong>” podrás seleccionar un documento de tu terminal.</span></p>
<p><span style="color: #000000;font-size: 12pt">Cuando hayas terminado de hacer todo esto, pulsa el botón “<strong>Enviar</strong>” de la parte inferior de la pantalla. En seguida aparecerá un mensaje de confirmación indicándote que la justificación se ha enviado correctamente. Aquí te dejamos un vídeo para que compruebes lo fácil que es hacerlo.</span></p>
<div style="width: 1165px;" class="wp-video"><!--[if lt IE 9]><script>document.createElement('video');</script><![endif]-->
<video class="wp-video-shortcode" id="video-1185-1" width="1165" height="655" poster="https://blogsaverroes.juntadeandalucia.es/iesisidorosanchez/files/2021/11/p3-1.png" preload="metadata" controls="controls"><source type="video/mp4" src="https://blogsaverroes.juntadeandalucia.es/iesisidorosanchez/files/2022/01/Justificación-ausencias-iPASEN.mp4?_=1" /><a href="https://blogsaverroes.juntadeandalucia.es/iesisidorosanchez/files/2022/01/Justificación-ausencias-iPASEN.mp4">https://blogsaverroes.juntadeandalucia.es/iesisidorosanchez/files/2022/01/Justificación-ausencias-iPASEN.mp4</a></video></div>
<p>&nbsp;</p>
<p><span style="font-size: 12pt;color: #0d98b8"><strong>¿Se pueden justificar las ausencias si no se tiene iPASEN?</strong></span></p>
<p><span style="color: #000000;font-size: 12pt">De manera <span style="text-decoration: underline"><strong>MUY EXCEPCIONAL</strong>&nbsp;</span>se podrán admitir justificaciones de ausencias en soporte papel. Para ello deberás descargarte el modelo de justificante que encontrarás al finalizar esta respuesta, imprimirlo, rellenarlo y entregarlo debidamente firmado. El <span style="text-decoration: underline"><strong>justificante</strong></span> deberá ir <span style="text-decoration: underline"><strong>SIEMPRE acompañado de fotocopia del DNI</strong></span> (o documentación identificativa equivalente) de la persona firmante. Si dispones de un documento acreditativo de la circunstancia de la ausencia (justificante médico, citación judicial…) debes adjuntar una fotocopia de este documento al modelo de justificante y a la fotocopia del DNI de la persona firmante. Esta documentación se deberá mostrar a todo el profesorado afectado por la ausencia y finalmente, entregarlo a la persona que ejerce la tutoría del grupo.</span></p>
<p><a href="https://blogsaverroes.juntadeandalucia.es/iesisidorosanchez/files/2022/01/JUSTIFICANTE-AUSENCIAS.pdf">JUSTIFICANTE AUSENCIAS</a></p>
<p>&nbsp;</p>
<p><span style="font-size: 12pt;color: #0d98b8"><strong>He justificado una ausencia por PASEN pero sigue apareciendo como “injustificada”. ¿Qué hago?</strong></span></p>
<p><span style="color: #000000;font-size: 12pt">El profesorado suele revisar las ausencias del alumnado semanalmente. Por ello, <strong>puede que una ausencia tarde varios días en cambiar su estado de “injustificada” a “justificada”</strong>. Si, pasados varios días, la ausencia sigue sin cambiar de estado, contacta con el profesorado implicado para averiguar qué ha ocurrido. Puede que se deba a que no se ha procedido a una revisión de las ausencias o bien <span style="text-decoration: underline"><strong>puede deberse a que el motivo aportado no sirva para justificar la ausencia</strong></span>. Puedes encontrar aclaraciones a este respecto, pulsando en el enlace que encontrarás al finalizar la respuesta a esta pregunta. Si, una vez aclarada la situación con el profesorado implicado y la ausencia sigue sin cambiar de estado, contacta con la persona que ejerce la tutoría del grupo para intentar solventar el asunto. El profesorado y, en última instancia, la persona que ejerce la tutoría del grupo son los responsables de justificar (o no) en el sistema las diferentes ausencias del alumnado atendiendo a la información (justificación) aportada por el propio alumnado en caso de ser mayor de edad o los/as representantes legales del alumnado menor de edad.</span></p>
<p><a href="https://blogsaverroes.juntadeandalucia.es/iesisidorosanchez/files/2022/01/CRITERIOS-PARA-LA-JUSTIFICACIÓN-DE-LAS-FALTAS-DE-ASISTENCIA.pdf">CRITERIOS PARA LA JUSTIFICACIÓN DE LAS FALTAS DE ASISTENCIA</a></p>
<p>&nbsp;</p>
<p><span style="font-size: 12pt;color: #0d98b8"><strong>He recogido a mi hijo a mitad de la jornada escolar porque se encontraba enfermo. ¿Por qué me aparecen las faltas de ese día como injustificadas si he firmado un papel en el instituto al recogerlo?</strong></span></p>
<p><span style="color: #000000;font-size: 12pt"><span style="text-decoration: underline"><strong>El papel que has firmado en instituto</strong></span> al recoger a tu hijo es un simple documento acreditativo que conserva el centro de que un menor ha abandonado el instituto acompañado de una persona autorizada por sus tutores legales como respaldo en el supuesto de que ocurriese cualquier circunstancia excepcional. <span style="text-decoration: underline"><strong>No es un justificante de ausencias.</strong></span> Tampoco es un documento que se haga llegar a la persona que tiene la tutoría de tu hijo ni mucho menos al profesorado que le imparte clase. Los tramos horarios de ausencia de tu hijo de ese día deben ser justificados según se ha explicado anteriormente: preferiblemente a través de <strong>iPASEN.</strong>&nbsp;</span></p>
<p>&nbsp;</p>
<p><span style="font-size: 12pt;color: #0d98b8"><strong>Ha faltado el profesor con el que tenía clase las dos últimas horas. Como soy estudiante mayor de edad me he marchado a casa. ¿Por qué me salen esas horas como faltas injustificadas?</strong></span></p>
<p><span style="color: #000000;font-size: 12pt">Cuando falta un profesor acude otro profesor en servicio de guardia. Entre las funciones del profesorado de guardia está la de pasar lista al alumnado del grupo del docente cuya ausencia está cubriendo. Por eso te aparecen esas horas como faltas injustificadas: <span style="text-decoration: underline"><strong>porque un profesor de guardia ha pasado lista</strong></span>. Cuando falte un profesor, si no deseas tener tramos horarios injustificados, debes permanecer tu aula de referencia. En muchos casos, el profesorado ausente (si se trata de una ausencia prevista) deja tareas para que su alumnado las realice durante su ausencia con la supervisión del profesorado de guardia. Si te marchas, también te arriesgas a no realizar algunas tareas que ha podido dejar tu profesor que, puede pedirte y evaluar una vez se incorpore. Si el profesorado no ha dejado tareas para que realicéis con la supervisión del profesorado de guardia, puedes aprovechar ese tiempo para estudiar y repasar lo visto en otros módulos.</span></p>
<p>&nbsp;</p>
<p><span style="font-size: 12pt;color: #0d98b8"><strong>El otro día hubo huelga. Todos los de mi clase rellenamos y firmamos un documento en el que decíamos que íbamos a hacer huelga. ¿Por qué aparecen las faltas de ese día como “injustificadas”?</strong></span></p>
<p><span style="color: #000000;font-size: 12pt">El documento que rellenasteis y firmasteis es meramente informativo y no tiene efectos de justificación de ausencias. <span style="text-decoration: underline"><strong>Debes justificar las ausencias de ese día</strong></span> tal y como se ha explicado anteriormente (preferiblemente a través de iPASEN) <span style="text-decoration: underline"><strong>indicando</strong></span> que has ejercido tu derecho a huelga y <span style="text-decoration: underline"><strong>el organismo que ha convocado dicha huelga</strong></span>. Ten en cuenta que <span style="text-decoration: underline"><strong>debe tratarse de una huelga convocada para estudiantes</strong></span>. Piensa que, si es una huelga convocada para el personal docente, tus faltas seguirán quedando como injustificadas puesto que no ha sido convocada para el alumnado.</span></p>
<p><span style="color: #000000;font-size: 12pt">Si eres mayor de edad, puedes tú mismo/a puedes justificar tus ausencias; si eres menor de edad, deberá ser tu madre/padre/representante legal quien la justifique de la manera que te hemos indicado. Si estás estudiando 1º o 2º de ESO, las ausencias por huelga seguirán siendo injustificadas puesto que el derecho a huelga no está reconocido para el alumnado de estos niveles educativos.</span></p>

<p>Aquí intentaremos responder a las preguntas más frecuentes que nos formuláis tanto alumnado como familiares relativas a las ausencias y sus justificaciones. &nbsp; ¿Cómo se justifican las ausencias? Como norma general, se utilizará la aplicación iPASEN para justificar el motivo de una ausencia. Para ello, una vez que se acceda a la aplicación iPASEN, se [&hellip;]</p>
