{"id":1309,"date":"2022-02-01T10:51:24","date_gmt":"2022-02-01T09:51:24","guid":{"rendered":"https:\/\/blogsaverroes.juntadeandalucia.es\/iesisidorosanchez\/?page_id=1309"},"modified":"2026-02-13T08:20:21","modified_gmt":"2026-02-13T07:20:21","slug":"acredita","status":"publish","type":"page","link":"https:\/\/blogsaverroes.juntadeandalucia.es\/iesisidorosanchez\/acredita\/","title":{"rendered":"Acredita"},"content":{"rendered":"<p style=\"text-align: justify\">Procedimiento que permite obtener una acreditaci\u00f3n oficial a aquellas personas que tienen experiencia laboral demostrable o que han recibido formaci\u00f3n no formal, es decir, formaci\u00f3n realizada fuera del sistema educativo oficial, y directamente relacionada con la cualificaci\u00f3n profesional que desea acreditar.<a href=\"https:\/\/drive.google.com\/file\/d\/1jD2aJjqnASzmi6Vue3veqNwYM1zOcpoq\/view?usp=sharing\" target=\"_blank\" rel=\"noopener\"><img loading=\"lazy\" decoding=\"async\" class=\"aligncenter\" src=\"https:\/\/blogsaverroes.juntadeandalucia.es\/iesisidorosanchez\/files\/2024\/04\/acredita2024.png\" width=\"267\" height=\"375\"\/><\/a><\/p>\n<p style=\"text-align: justify\">Para m\u00e1s informaci\u00f3n puede consultar la web del IACP relativa al procedimiento abierto y permanente, y a las convocatoria espec\u00edficas que se lleven a cabo, y que podr\u00e1 encontrar en el siguiente enlace: <a href=\"https:\/\/www.juntadeandalucia.es\/educacion\/portals\/web\/iacp\/convocatorias\" target=\"_blank\" rel=\"noopener\">https:\/\/www.juntadeandalucia.es\/educacion\/portals\/web\/iacp\/convocatorias<\/a><\/p>\n<p><span style=\"text-decoration: underline\">Documentaci\u00f3n de inter\u00e9s:<\/span><\/p>\n<ul>\n<li><a href=\"https:\/\/drive.google.com\/file\/d\/1fh_R8MhM93qF4gYizAKurKxa2VgMffKU\/view?usp=sharing\" target=\"_blank\" rel=\"noopener\">Instrucciones de 22 de marzo de 2022, conjunta de la Direcci\u00f3n General de Formaci\u00f3n Profesional para el empleo de la Consejer\u00eda de Empleo, Formaci\u00f3n y Trabajo Aut\u00f3nomo, y de la Direcci\u00f3n General de Formaci\u00f3n Profesional de la Consejer\u00eda de Educaci\u00f3n y Deporte, por la que se determinan los criterios de admisi\u00f3n de la formaci\u00f3n aportada por las personas solicitantes de participaci\u00f3n en el procedimiento de evaluaci\u00f3n y acreditaci\u00f3n de las competencias profesionales adquiridas a trav\u00e9s de la experiencia laboral o de v\u00edas no formales de formaci\u00f3n, as\u00ed como otros aspectos relativos al desarrollo del procedimiento.<\/a><\/li>\n<li><a href=\"https:\/\/drive.google.com\/file\/d\/1sp7L0Ve0XDqENiwU8cj5trBDIPMzipCR\/view?usp=sharing\" target=\"_blank\" rel=\"noopener\">Procedimiento de evaluaci\u00f3n y acreditaci\u00f3n de competencias profesionales.<\/a><\/li>\n<li><a href=\"https:\/\/drive.google.com\/file\/d\/16RDbYKBibkgyUpQBBvFFlMRlaiMH0REp\/view?usp=sharing\" target=\"_blank\" rel=\"noopener\">Declaraci\u00f3n responsable de la actividad desarrollada por cuenta propia.<\/a><\/li>\n<\/ul>\n<p><span style=\"text-decoration: underline\">Organismos financiadores<\/span><\/p>\n<p><img decoding=\"async\" class=\"aligncenter\" src=\"https:\/\/blogsaverroes.juntadeandalucia.es\/iesisidorosanchez\/files\/2024\/04\/acredita_organismos.png\"\/><\/p>\n","protected":false},"excerpt":{"rendered":"<p>Procedimiento que permite obtener una acreditaci\u00f3n oficial a aquellas personas que tienen experiencia laboral demostrable o que han recibido formaci\u00f3n no formal, es decir, formaci\u00f3n realizada fuera del sistema educativo oficial, y directamente relacionada con la cualificaci\u00f3n profesional que desea acreditar. Para m\u00e1s informaci\u00f3n puede consultar la web del IACP relativa al procedimiento abierto y [&hellip;]<\/p>\n","protected":false},"author":14467,"featured_media":0,"parent":0,"menu_order":0,"comment_status":"closed","ping_status":"closed","template":"","meta":{"ngg_post_thumbnail":0,"footnotes":""},"aioseo_notices":[],"_links":{"self":[{"href":"https:\/\/blogsaverroes.juntadeandalucia.es\/iesisidorosanchez\/wp-json\/wp\/v2\/pages\/1309"}],"collection":[{"href":"https:\/\/blogsaverroes.juntadeandalucia.es\/iesisidorosanchez\/wp-json\/wp\/v2\/pages"}],"about":[{"href":"https:\/\/blogsaverroes.juntadeandalucia.es\/iesisidorosanchez\/wp-json\/wp\/v2\/types\/page"}],"author":[{"embeddable":true,"href":"https:\/\/blogsaverroes.juntadeandalucia.es\/iesisidorosanchez\/wp-json\/wp\/v2\/users\/14467"}],"replies":[{"embeddable":true,"href":"https:\/\/blogsaverroes.juntadeandalucia.es\/iesisidorosanchez\/wp-json\/wp\/v2\/comments?post=1309"}],"version-history":[{"count":83,"href":"https:\/\/blogsaverroes.juntadeandalucia.es\/iesisidorosanchez\/wp-json\/wp\/v2\/pages\/1309\/revisions"}],"predecessor-version":[{"id":4429,"href":"https:\/\/blogsaverroes.juntadeandalucia.es\/iesisidorosanchez\/wp-json\/wp\/v2\/pages\/1309\/revisions\/4429"}],"wp:attachment":[{"href":"https:\/\/blogsaverroes.juntadeandalucia.es\/iesisidorosanchez\/wp-json\/wp\/v2\/media?parent=1309"}],"curies":[{"name":"wp","href":"https:\/\/api.w.org\/{rel}","templated":true}]}}

<p style="text-align: justify">Procedimiento que permite obtener una acreditación oficial a aquellas personas que tienen experiencia laboral demostrable o que han recibido formación no formal, es decir, formación realizada fuera del sistema educativo oficial, y directamente relacionada con la cualificación profesional que desea acreditar.<a href="https://drive.google.com/file/d/1jD2aJjqnASzmi6Vue3veqNwYM1zOcpoq/view?usp=sharing" target="_blank" rel="noopener"><img loading="lazy" decoding="async" class="aligncenter" src="https://blogsaverroes.juntadeandalucia.es/iesisidorosanchez/files/2024/04/acredita2024.png" width="267" height="375"/></a></p>
<p style="text-align: justify">Para más información puede consultar la web del IACP relativa al procedimiento abierto y permanente, y a las convocatoria específicas que se lleven a cabo, y que podrá encontrar en el siguiente enlace: <a href="https://www.juntadeandalucia.es/educacion/portals/web/iacp/convocatorias" target="_blank" rel="noopener">https://www.juntadeandalucia.es/educacion/portals/web/iacp/convocatorias</a></p>
<p><span style="text-decoration: underline">Documentación de interés:</span></p>
<ul>
<li><a href="https://drive.google.com/file/d/1fh_R8MhM93qF4gYizAKurKxa2VgMffKU/view?usp=sharing" target="_blank" rel="noopener">Instrucciones de 22 de marzo de 2022, conjunta de la Dirección General de Formación Profesional para el empleo de la Consejería de Empleo, Formación y Trabajo Autónomo, y de la Dirección General de Formación Profesional de la Consejería de Educación y Deporte, por la que se determinan los criterios de admisión de la formación aportada por las personas solicitantes de participación en el procedimiento de evaluación y acreditación de las competencias profesionales adquiridas a través de la experiencia laboral o de vías no formales de formación, así como otros aspectos relativos al desarrollo del procedimiento.</a></li>
<li><a href="https://drive.google.com/file/d/1sp7L0Ve0XDqENiwU8cj5trBDIPMzipCR/view?usp=sharing" target="_blank" rel="noopener">Procedimiento de evaluación y acreditación de competencias profesionales.</a></li>
<li><a href="https://drive.google.com/file/d/16RDbYKBibkgyUpQBBvFFlMRlaiMH0REp/view?usp=sharing" target="_blank" rel="noopener">Declaración responsable de la actividad desarrollada por cuenta propia.</a></li>
</ul>
<p><span style="text-decoration: underline">Organismos financiadores</span></p>
<p><img decoding="async" class="aligncenter" src="https://blogsaverroes.juntadeandalucia.es/iesisidorosanchez/files/2024/04/acredita_organismos.png"/></p>

<p>Procedimiento que permite obtener una acreditación oficial a aquellas personas que tienen experiencia laboral demostrable o que han recibido formación no formal, es decir, formación realizada fuera del sistema educativo oficial, y directamente relacionada con la cualificación profesional que desea acreditar. Para más información puede consultar la web del IACP relativa al procedimiento abierto y [&hellip;]</p>
