{"id":3273,"date":"2023-12-21T14:17:05","date_gmt":"2023-12-21T13:17:05","guid":{"rendered":"https:\/\/blogsaverroes.juntadeandalucia.es\/iesisidorosanchez\/?page_id=3273"},"modified":"2025-11-18T12:08:58","modified_gmt":"2025-11-18T11:08:58","slug":"programaciones-didacticas-2","status":"publish","type":"page","link":"https:\/\/blogsaverroes.juntadeandalucia.es\/iesisidorosanchez\/programaciones-didacticas-2\/","title":{"rendered":"Programaciones did\u00e1cticas"},"content":{"rendered":"<p>&nbsp;<\/p>\n<!--themify_builder_content-->\n<div id=\"themify_builder_content-3273\" data-postid=\"3273\" class=\"themify_builder_content themify_builder_content-3273 themify_builder tf_clear\">\n                    <div  data-lazy=\"1\" class=\"module_row themify_builder_row tb_bx8c462 tb_first tf_w\">\n                        <div class=\"row_inner col_align_top tb_col_count_1 tf_box tf_rel\">\n                        <div  data-lazy=\"1\" class=\"module_column tb-column col-full tb_oxmd463 first\">\n                    <!-- module text -->\n<div  class=\"module module-text tb_bj3d628   \" data-lazy=\"1\">\n        <div  class=\"tb_text_wrap\">\n        <p>A trav\u00e9s de los siguientes enlaces acceder\u00e1s a las distintas programaciones did\u00e1cticas:<\/p>    <\/div>\n<\/div>\n<!-- \/module text -->        <\/div>\n                        <\/div>\n        <\/div>\n                        <div  data-lazy=\"1\" class=\"module_row themify_builder_row tb_a6px223 tf_w\">\n                        <div class=\"row_inner col_align_top tb_col_count_4 tf_box tf_rel\">\n                        <div  data-lazy=\"1\" class=\"module_column tb-column col4-1 tb_vzco224 first\">\n                    <!-- module image -->\n<div  class=\"module module-image tb_m6hb673 image-center   tf_mw\" data-lazy=\"1\">\n        <div class=\"image-wrap tf_rel tf_mw\">\n            <img loading=\"lazy\" decoding=\"async\" src=\"https:\/\/blogsaverroes.juntadeandalucia.es\/iesisidorosanchez\/files\/2023\/12\/E.S.O2-200x92.png\" width=\"200\" height=\"92\" class=\"wp-post-image wp-image-3285\" title=\"E.S.O\" alt=\"E.S.O\" srcset=\"https:\/\/blogsaverroes.juntadeandalucia.es\/iesisidorosanchez\/files\/2023\/12\/E.S.O2-200x92.png 200w, https:\/\/blogsaverroes.juntadeandalucia.es\/iesisidorosanchez\/files\/2023\/12\/E.S.O2-300x139.png 300w, https:\/\/blogsaverroes.juntadeandalucia.es\/iesisidorosanchez\/files\/2023\/12\/E.S.O2-432x200.png 432w, https:\/\/blogsaverroes.juntadeandalucia.es\/iesisidorosanchez\/files\/2023\/12\/E.S.O2-216x100.png 216w, https:\/\/blogsaverroes.juntadeandalucia.es\/iesisidorosanchez\/files\/2023\/12\/E.S.O2-108x50.png 108w, https:\/\/blogsaverroes.juntadeandalucia.es\/iesisidorosanchez\/files\/2023\/12\/E.S.O2-162x75.png 162w, https:\/\/blogsaverroes.juntadeandalucia.es\/iesisidorosanchez\/files\/2023\/12\/E.S.O2.png 400w\" sizes=\"(max-width: 200px) 100vw, 200px\" \/>    \n        <\/div>\n    <!-- \/image-wrap -->\n    \n        <\/div>\n<!-- \/module image -->        <\/div>\n                    <div  data-lazy=\"1\" class=\"module_column tb-column col4-1 tb_m39d224\">\n                            <\/div>\n                    <div  data-lazy=\"1\" class=\"module_column tb-column col4-1 tb_fg94224\">\n                    <!-- module text -->\n<div  class=\"module module-text tb_8t5a862   \" data-lazy=\"1\">\n        <div  class=\"tb_text_wrap\">\n        <p><a href=\"https:\/\/drive.google.com\/drive\/folders\/1soBPdw2gsvEhTiKkRevDM_2WF8vHZ0OZ?usp=drive_link\" target=\"_blank\" rel=\"noopener\">Educaci\u00f3n Secundaria Obligatoria<\/a> (TURNO DE MA\u00d1ANA)<\/p>\n    <\/div>\n<\/div>\n<!-- \/module text -->        <\/div>\n                    <div  data-lazy=\"1\" class=\"module_column tb-column col4-1 tb_86x8224 last\">\n                            <\/div>\n                        <\/div>\n        <\/div>\n                        <div  data-lazy=\"1\" class=\"module_row themify_builder_row tb_swmr808 tf_w\">\n                        <div class=\"row_inner col_align_top tb_col_count_4 tf_box tf_rel\">\n                        <div  data-lazy=\"1\" class=\"module_column tb-column col4-1 tb_tgz5809 first\">\n                    <!-- module image -->\n<div  class=\"module module-image tb_cljt959 image-center   tf_mw\" data-lazy=\"1\">\n        <div class=\"image-wrap tf_rel tf_mw\">\n            <img loading=\"lazy\" decoding=\"async\" src=\"https:\/\/blogsaverroes.juntadeandalucia.es\/iesisidorosanchez\/files\/2023\/12\/bachillerato-200x99.png\" width=\"200\" height=\"99\" class=\"wp-post-image wp-image-3274\" title=\"bachillerato\" alt=\"bachillerato\" srcset=\"https:\/\/blogsaverroes.juntadeandalucia.es\/iesisidorosanchez\/files\/2023\/12\/bachillerato-200x99.png 200w, https:\/\/blogsaverroes.juntadeandalucia.es\/iesisidorosanchez\/files\/2023\/12\/bachillerato-300x149.png 300w, https:\/\/blogsaverroes.juntadeandalucia.es\/iesisidorosanchez\/files\/2023\/12\/bachillerato-1024x510.png 1024w, https:\/\/blogsaverroes.juntadeandalucia.es\/iesisidorosanchez\/files\/2023\/12\/bachillerato-768x383.png 768w, https:\/\/blogsaverroes.juntadeandalucia.es\/iesisidorosanchez\/files\/2023\/12\/bachillerato-401x200.png 401w, https:\/\/blogsaverroes.juntadeandalucia.es\/iesisidorosanchez\/files\/2023\/12\/bachillerato-100x50.png 100w, https:\/\/blogsaverroes.juntadeandalucia.es\/iesisidorosanchez\/files\/2023\/12\/bachillerato-150x75.png 150w, https:\/\/blogsaverroes.juntadeandalucia.es\/iesisidorosanchez\/files\/2023\/12\/bachillerato.png 1072w\" sizes=\"(max-width: 200px) 100vw, 200px\" \/>    \n        <\/div>\n    <!-- \/image-wrap -->\n    \n        <\/div>\n<!-- \/module image -->        <\/div>\n                    <div  data-lazy=\"1\" class=\"module_column tb-column col4-1 tb_68t7809\">\n                            <\/div>\n                    <div  data-lazy=\"1\" class=\"module_column tb-column col4-1 tb_baoc809\">\n                    <!-- module text -->\n<div  class=\"module module-text tb_xvwq918   \" data-lazy=\"1\">\n        <div  class=\"tb_text_wrap\">\n        <p><a href=\"https:\/\/drive.google.com\/drive\/folders\/1rlSZqjLiKWMM7mwVA3muEz7syTF_sG35?usp=sharing\" target=\"_blank\" rel=\"noopener\">Bachillerato<\/a> CIENCIAS, HUMANIDADES Y CIENCIAS SOCIALES (TURNO DE MA\u00d1ANA)<\/p>    <\/div>\n<\/div>\n<!-- \/module text -->        <\/div>\n                    <div  data-lazy=\"1\" class=\"module_column tb-column col4-1 tb_adql809 last\">\n                            <\/div>\n                        <\/div>\n        <\/div>\n                        <div  data-lazy=\"1\" class=\"module_row themify_builder_row tb_keur816 tf_w\">\n                        <div class=\"row_inner col_align_top tb_col_count_4 tf_box tf_rel\">\n                        <div  data-lazy=\"1\" class=\"module_column tb-column col4-1 tb_yf6a816 first\">\n                    <!-- module image -->\n<div  class=\"module module-image tb_vdo0816 image-center   tf_mw\" data-lazy=\"1\">\n        <div class=\"image-wrap tf_rel tf_mw\">\n            <img loading=\"lazy\" decoding=\"async\" src=\"https:\/\/blogsaverroes.juntadeandalucia.es\/iesisidorosanchez\/files\/2023\/12\/orientacic3b3n-educativa-200x97.jpg\" width=\"200\" height=\"97\" class=\"wp-post-image wp-image-3332\" title=\"orientacic3b3n-educativa\" alt=\"orientacic3b3n-educativa\" srcset=\"https:\/\/blogsaverroes.juntadeandalucia.es\/iesisidorosanchez\/files\/2023\/12\/orientacic3b3n-educativa-200x97.jpg 200w, https:\/\/blogsaverroes.juntadeandalucia.es\/iesisidorosanchez\/files\/2023\/12\/orientacic3b3n-educativa-300x147.jpg 300w, https:\/\/blogsaverroes.juntadeandalucia.es\/iesisidorosanchez\/files\/2023\/12\/orientacic3b3n-educativa.jpg 645w\" sizes=\"(max-width: 200px) 100vw, 200px\" \/>    \n        <\/div>\n    <!-- \/image-wrap -->\n    \n        <\/div>\n<!-- \/module image -->        <\/div>\n                    <div  data-lazy=\"1\" class=\"module_column tb-column col4-1 tb_arv9817\">\n                            <\/div>\n                    <div  data-lazy=\"1\" class=\"module_column tb-column col4-1 tb_n6xo817\">\n                    <!-- module text -->\n<div  class=\"module module-text tb_42z0817   \" data-lazy=\"1\">\n        <div  class=\"tb_text_wrap\">\n        <p><a href=\"https:\/\/drive.google.com\/drive\/folders\/1uKfg0h1_W4LevspPoZ_UZCTyoH-cNfSR?usp=sharing\" target=\"_blank\" rel=\"noopener\">Orientaci\u00f3n<\/a><\/p>    <\/div>\n<\/div>\n<!-- \/module text -->        <\/div>\n                    <div  data-lazy=\"1\" class=\"module_column tb-column col4-1 tb_3avf818 last\">\n                            <\/div>\n                        <\/div>\n        <\/div>\n                        <div  data-lazy=\"1\" class=\"module_row themify_builder_row tb_6djd473 tf_w\">\n                        <div class=\"row_inner col_align_top tb_col_count_4 tf_box tf_rel\">\n                        <div  data-lazy=\"1\" class=\"module_column tb-column col4-1 tb_538o473 first\">\n                    <!-- module image -->\n<div  class=\"module module-image tb_713n735 image-center   tf_mw\" data-lazy=\"1\">\n        <div class=\"image-wrap tf_rel tf_mw\">\n            <img loading=\"lazy\" decoding=\"async\" src=\"https:\/\/blogsaverroes.juntadeandalucia.es\/iesisidorosanchez\/files\/2023\/12\/ADG.png-200x66.png\" width=\"200\" height=\"66\" class=\"wp-post-image wp-image-3276\" title=\"ADG.png\" alt=\"ADG.png\" srcset=\"https:\/\/blogsaverroes.juntadeandalucia.es\/iesisidorosanchez\/files\/2023\/12\/ADG.png-200x66.png 200w, https:\/\/blogsaverroes.juntadeandalucia.es\/iesisidorosanchez\/files\/2023\/12\/ADG.png-300x100.png 300w, https:\/\/blogsaverroes.juntadeandalucia.es\/iesisidorosanchez\/files\/2023\/12\/ADG.png-600x200.png 600w, https:\/\/blogsaverroes.juntadeandalucia.es\/iesisidorosanchez\/files\/2023\/12\/ADG.png-150x50.png 150w, https:\/\/blogsaverroes.juntadeandalucia.es\/iesisidorosanchez\/files\/2023\/12\/ADG.png-225x75.png 225w, https:\/\/blogsaverroes.juntadeandalucia.es\/iesisidorosanchez\/files\/2023\/12\/ADG.png.png 570w\" sizes=\"(max-width: 200px) 100vw, 200px\" \/>    \n        <\/div>\n    <!-- \/image-wrap -->\n    \n        <\/div>\n<!-- \/module image -->        <\/div>\n                    <div  data-lazy=\"1\" class=\"module_column tb-column col4-1 tb_71kl473\">\n                            <\/div>\n                    <div  data-lazy=\"1\" class=\"module_column tb-column col4-1 tb_q82i473\">\n                    <!-- module text -->\n<div  class=\"module module-text tb_cjy252   \" data-lazy=\"1\">\n        <div  class=\"tb_text_wrap\">\n        <p><a href=\"https:\/\/drive.google.com\/drive\/folders\/1hD3hbHCt857SQo0Tv6-azHo3AE5Toqpu?usp=sharing\" target=\"_blank\" rel=\"noopener\">CFGM Gesti\u00f3n Administrativa<\/a><br><a href=\"https:\/\/drive.google.com\/drive\/folders\/18nD4zx76KXUuYil0W1kBRLbY4sKo-Pyp?usp=sharing\" target=\"_blank\" rel=\"noopener\">CFGS Asistencia a la Direcci\u00f3n<\/a><\/p>    <\/div>\n<\/div>\n<!-- \/module text -->        <\/div>\n                    <div  data-lazy=\"1\" class=\"module_column tb-column col4-1 tb_okyz474 last\">\n                            <\/div>\n                        <\/div>\n        <\/div>\n                        <div  data-lazy=\"1\" class=\"module_row themify_builder_row tb_9pih816 tf_w\">\n                        <div class=\"row_inner col_align_top tb_col_count_4 tf_box tf_rel\">\n                        <div  data-lazy=\"1\" class=\"module_column tb-column col4-1 tb_d4ub816 first\">\n                    <!-- module image -->\n<div  class=\"module module-image tb_wbe0823 image-center   tf_mw\" data-lazy=\"1\">\n        <div class=\"image-wrap tf_rel tf_mw\">\n            <img loading=\"lazy\" decoding=\"async\" src=\"https:\/\/blogsaverroes.juntadeandalucia.es\/iesisidorosanchez\/files\/2023\/12\/fp_imp-200x66.png\" width=\"200\" height=\"66\" class=\"wp-post-image wp-image-3277\" title=\"fp_imp\" alt=\"fp_imp\" srcset=\"https:\/\/blogsaverroes.juntadeandalucia.es\/iesisidorosanchez\/files\/2023\/12\/fp_imp-200x66.png 200w, https:\/\/blogsaverroes.juntadeandalucia.es\/iesisidorosanchez\/files\/2023\/12\/fp_imp-300x100.png 300w, https:\/\/blogsaverroes.juntadeandalucia.es\/iesisidorosanchez\/files\/2023\/12\/fp_imp-150x50.png 150w, https:\/\/blogsaverroes.juntadeandalucia.es\/iesisidorosanchez\/files\/2023\/12\/fp_imp-225x75.png 225w, https:\/\/blogsaverroes.juntadeandalucia.es\/iesisidorosanchez\/files\/2023\/12\/fp_imp.png 570w\" sizes=\"(max-width: 200px) 100vw, 200px\" \/>    \n        <\/div>\n    <!-- \/image-wrap -->\n    \n        <\/div>\n<!-- \/module image -->        <\/div>\n                    <div  data-lazy=\"1\" class=\"module_column tb-column col4-1 tb_mail817\">\n                            <\/div>\n                    <div  data-lazy=\"1\" class=\"module_column tb-column col4-1 tb_ccze817\">\n                    <!-- module text -->\n<div  class=\"module module-text tb_2veg748   \" data-lazy=\"1\">\n        <div  class=\"tb_text_wrap\">\n        <p><a href=\"https:\/\/drive.google.com\/drive\/folders\/1prnQ-voKhHrBu1YZj-5UKdcsfXIY7p07?usp=sharing\" target=\"_blank\" rel=\"noopener\">CFGB Peluquer\u00eda y Est\u00e9tica<\/a><br><a href=\"https:\/\/drive.google.com\/drive\/folders\/1VTi6IQrEx11COAYOwsdhtw6ZXcQE3rcn?usp=sharing\" target=\"_blank\" rel=\"noopener\">CFGM Est\u00e9tica y Belleza<\/a><br><a href=\"https:\/\/drive.google.com\/drive\/folders\/1_LgJCBc2TUqrYqL_a_du3foeEsosgYox?usp=sharing\" target=\"_blank\" rel=\"noopener\">CFGM Peluquer\u00eda y Cosm\u00e9tica Capilar<\/a><br><a href=\"https:\/\/drive.google.com\/drive\/folders\/19U46Jb2KkLxouR-yLpe1cogn6zM63Lfr?usp=sharing\" target=\"_blank\" rel=\"noopener\">CFGS Asesor\u00eda de Imagen Personal y Corporativa<\/a><br><a href=\"https:\/\/drive.google.com\/drive\/folders\/1r6dEwdNkU7wzbIThF5WliTbP3A5SJG-A?usp=sharing\" target=\"_blank\" rel=\"noopener\">CFGS Caracterizaci\u00f3n y Maquillaje Profesional<\/a><br><a href=\"https:\/\/drive.google.com\/drive\/folders\/1D4uqsKvBSCPnGYrhQ2lOMEOjgT7zYrBe?usp=sharing\" target=\"_blank\" rel=\"noopener\">CFGS Estilismo y Direcci\u00f3n de Peluquer\u00eda<\/a><\/p>    <\/div>\n<\/div>\n<!-- \/module text -->        <\/div>\n                    <div  data-lazy=\"1\" class=\"module_column tb-column col4-1 tb_s57q817 last\">\n                            <\/div>\n                        <\/div>\n        <\/div>\n                        <div  data-lazy=\"1\" class=\"module_row themify_builder_row tb_734x896 tf_w\">\n                        <div class=\"row_inner col_align_top tb_col_count_4 tf_box tf_rel\">\n                        <div  data-lazy=\"1\" class=\"module_column tb-column col4-1 tb_rnz7897 first\">\n                    <!-- module image -->\n<div  class=\"module module-image tb_09sb382 image-center   tf_mw\" data-lazy=\"1\">\n        <div class=\"image-wrap tf_rel tf_mw\">\n            <img loading=\"lazy\" decoding=\"async\" src=\"https:\/\/blogsaverroes.juntadeandalucia.es\/iesisidorosanchez\/files\/2023\/12\/fp_tmv-200x66.png\" width=\"200\" height=\"66\" class=\"wp-post-image wp-image-3278\" title=\"fp_tmv\" alt=\"fp_tmv\" srcset=\"https:\/\/blogsaverroes.juntadeandalucia.es\/iesisidorosanchez\/files\/2023\/12\/fp_tmv-200x66.png 200w, https:\/\/blogsaverroes.juntadeandalucia.es\/iesisidorosanchez\/files\/2023\/12\/fp_tmv-300x100.png 300w, https:\/\/blogsaverroes.juntadeandalucia.es\/iesisidorosanchez\/files\/2023\/12\/fp_tmv-600x200.png 600w, https:\/\/blogsaverroes.juntadeandalucia.es\/iesisidorosanchez\/files\/2023\/12\/fp_tmv-150x50.png 150w, https:\/\/blogsaverroes.juntadeandalucia.es\/iesisidorosanchez\/files\/2023\/12\/fp_tmv-225x75.png 225w, https:\/\/blogsaverroes.juntadeandalucia.es\/iesisidorosanchez\/files\/2023\/12\/fp_tmv.png 570w\" sizes=\"(max-width: 200px) 100vw, 200px\" \/>    \n        <\/div>\n    <!-- \/image-wrap -->\n    \n        <\/div>\n<!-- \/module image -->        <\/div>\n                    <div  data-lazy=\"1\" class=\"module_column tb-column col4-1 tb_1kvp897\">\n                            <\/div>\n                    <div  data-lazy=\"1\" class=\"module_column tb-column col4-1 tb_f2a7897\">\n                    <!-- module text -->\n<div  class=\"module module-text tb_pa2s280   \" data-lazy=\"1\">\n        <div  class=\"tb_text_wrap\">\n        <p><a href=\"https:\/\/drive.google.com\/drive\/folders\/1gLMEHE9KfQUcR4Us1PE0RCLsWnRDWffQ?usp=sharing\" target=\"_blank\" rel=\"noopener\">CFGB Mantenimiento de Veh\u00edculos<\/a><br><a href=\"https:\/\/drive.google.com\/drive\/folders\/1FfbQTkQRsoCquGfr_GbYVzfz7YvBU2KD?usp=drive_link\" target=\"_blank\" rel=\"noopener\">CFGM Electromec\u00e1nica de Veh\u00edculos Autom\u00f3viles<\/a><\/p>    <\/div>\n<\/div>\n<!-- \/module text -->        <\/div>\n                    <div  data-lazy=\"1\" class=\"module_column tb-column col4-1 tb_52r9897 last\">\n                            <\/div>\n                        <\/div>\n        <\/div>\n        <\/div>\n<!--\/themify_builder_content-->\n<p>&nbsp;<\/p>","protected":false},"excerpt":{"rendered":"<p>&nbsp; A trav\u00e9s de los siguientes enlaces acceder\u00e1s a las distintas programaciones did\u00e1cticas: Educaci\u00f3n Secundaria Obligatoria (TURNO DE MA\u00d1ANA) Bachillerato CIENCIAS, HUMANIDADES Y CIENCIAS SOCIALES (TURNO DE MA\u00d1ANA) Orientaci\u00f3n CFGM Gesti\u00f3n Administrativa CFGS Asistencia a la Direcci\u00f3n CFGB Peluquer\u00eda y Est\u00e9tica CFGM Est\u00e9tica y Belleza CFGM Peluquer\u00eda y Cosm\u00e9tica Capilar CFGS Asesor\u00eda de Imagen Personal [&hellip;]<\/p>\n","protected":false},"author":15654,"featured_media":0,"parent":0,"menu_order":0,"comment_status":"closed","ping_status":"closed","template":"","meta":{"ngg_post_thumbnail":0,"footnotes":""},"aioseo_notices":[],"_links":{"self":[{"href":"https:\/\/blogsaverroes.juntadeandalucia.es\/iesisidorosanchez\/wp-json\/wp\/v2\/pages\/3273"}],"collection":[{"href":"https:\/\/blogsaverroes.juntadeandalucia.es\/iesisidorosanchez\/wp-json\/wp\/v2\/pages"}],"about":[{"href":"https:\/\/blogsaverroes.juntadeandalucia.es\/iesisidorosanchez\/wp-json\/wp\/v2\/types\/page"}],"author":[{"embeddable":true,"href":"https:\/\/blogsaverroes.juntadeandalucia.es\/iesisidorosanchez\/wp-json\/wp\/v2\/users\/15654"}],"replies":[{"embeddable":true,"href":"https:\/\/blogsaverroes.juntadeandalucia.es\/iesisidorosanchez\/wp-json\/wp\/v2\/comments?post=3273"}],"version-history":[{"count":86,"href":"https:\/\/blogsaverroes.juntadeandalucia.es\/iesisidorosanchez\/wp-json\/wp\/v2\/pages\/3273\/revisions"}],"predecessor-version":[{"id":3342,"href":"https:\/\/blogsaverroes.juntadeandalucia.es\/iesisidorosanchez\/wp-json\/wp\/v2\/pages\/3273\/revisions\/3342"}],"wp:attachment":[{"href":"https:\/\/blogsaverroes.juntadeandalucia.es\/iesisidorosanchez\/wp-json\/wp\/v2\/media?parent=3273"}],"curies":[{"name":"wp","href":"https:\/\/api.w.org\/{rel}","templated":true}]}}