{"id":1022,"date":"2024-04-22T10:46:02","date_gmt":"2024-04-22T09:46:02","guid":{"rendered":"https:\/\/blogsaverroes.juntadeandalucia.es\/iesjacaranda\/?page_id=1022"},"modified":"2024-04-22T11:07:55","modified_gmt":"2024-04-22T10:07:55","slug":"acredita","status":"publish","type":"page","link":"https:\/\/blogsaverroes.juntadeandalucia.es\/iesjacaranda\/acredita\/","title":{"rendered":"Acredita"},"content":{"rendered":"<p>[et_pb_section fb_built=&#8221;1&#8243; _builder_version=&#8221;4.24.2&#8243; _module_preset=&#8221;default&#8221; global_colors_info=&#8221;{}&#8221;][et_pb_row _builder_version=&#8221;4.24.2&#8243; _module_preset=&#8221;default&#8221; hover_enabled=&#8221;0&#8243; global_colors_info=&#8221;{}&#8221; sticky_enabled=&#8221;0&#8243;][et_pb_column type=&#8221;4_4&#8243; _builder_version=&#8221;4.24.2&#8243; _module_preset=&#8221;default&#8221; global_colors_info=&#8221;{}&#8221;][et_pb_image src=&#8221;https:\/\/blogsaverroes.juntadeandalucia.es\/iesjacaranda\/files\/2024\/04\/Screenshot-from-2024-04-22-11-41-17.png&#8221; title_text=&#8221;Screenshot from 2024-04-22 11-41-17&#8243; _builder_version=&#8221;4.24.2&#8243; _module_preset=&#8221;default&#8221; global_colors_info=&#8221;{}&#8221;][\/et_pb_image][\/et_pb_column][\/et_pb_row][et_pb_row _builder_version=&#8221;4.24.2&#8243; _module_preset=&#8221;default&#8221; hover_enabled=&#8221;0&#8243; global_colors_info=&#8221;{}&#8221; column_structure=&#8221;1_2,1_2&#8243; sticky_enabled=&#8221;0&#8243;][et_pb_column type=&#8221;1_2&#8243; _builder_version=&#8221;4.24.2&#8243; _module_preset=&#8221;default&#8221; global_colors_info=&#8221;{}&#8221;][et_pb_blog fullwidth=&#8221;off&#8221; include_categories=&#8221;13&#8243; _builder_version=&#8221;4.24.2&#8243; _module_preset=&#8221;default&#8221; global_colors_info=&#8221;{}&#8221;][\/et_pb_blog][\/et_pb_column][et_pb_column _builder_version=&#8221;4.24.2&#8243; _module_preset=&#8221;default&#8221; type=&#8221;1_2&#8243; hover_enabled=&#8221;0&#8243; sticky_enabled=&#8221;0&#8243;][et_pb_tabs _builder_version=&#8221;4.24.2&#8243; _module_preset=&#8221;default&#8221; global_colors_info=&#8221;{}&#8221;][et_pb_tab title=&#8221;REQUISITOS DE ACCESO AL PROCEDIMIENTO(Art. 177 R.D. 659\/2023)&#8221; _builder_version=&#8221;4.24.2&#8243; _module_preset=&#8221;default&#8221; global_colors_info=&#8221;{}&#8221;]<\/p>\n<p>Poseer la nacionalidad espa\u00f1ola, haber obtenido el certificado de registro de ciudadan\u00eda comunitaria o la tarjeta de familiar de ciudadano o ciudadana de la Uni\u00f3n Europea, o ser titular de una autorizaci\u00f3n de residencia, o de residencia y trabajo en Espa\u00f1a en vigor, en los t\u00e9rminos establecidos en la normativa espa\u00f1ola de extranjer\u00eda e inmigraci\u00f3n.<br \/><span style=\"color: #ff0000\">1. Para acceder a CUALIFICACIONES PROFESIONALES DE NIVEL 1:<\/span><br \/>a) Tener 18 a\u00f1os cumplidos en el momento de realizar la inscripci\u00f3n.<br \/>b) Tener experiencia laboral, formaci\u00f3n relacionada y\/o haber desarrollado labores de<br \/>voluntariado con las competencias profesionales que se quiere acreditar:<br \/><strong>En el caso de experiencia laboral<\/strong>, es necesario justificar, al menos 2 a\u00f1os, con un m\u00ednimo de 1.000 horas trabajadas en total, en los \u00faltimos 15 a\u00f1os transcurridos antes de la presentaci\u00f3n de la solicitud.<br \/><strong>En el caso de formaci\u00f3n no formal<\/strong> relacionada con las competencias profesionales de la cualificaci\u00f3n solicitada, justificar, al menos 200 horas*, en los \u00faltimos 10 a\u00f1os transcurridos antes de la presentaci\u00f3n de la solicitud.<br \/><strong>En el caso de voluntariado<\/strong>, justificar al menos 1.000 horas dedicadas en total, en los \u00faltimos 15 a\u00f1os transcurridos antes de la presentaci\u00f3n de la solicitud.<br \/>c) En los casos en que los est\u00e1ndares de competencia profesional** que se van a valorar cuenten, por su naturaleza, con requisitos adicionales, poseer documento justificativo de cumplir con dichos requisitos.<br \/><span style=\"color: #ff0000\">2. Para acceder a CUALIFICACIONES PROFESIONALES DE NIVEL 2 y 3:<\/span><br \/>a) Tener 20 a\u00f1os cumplidos en el momento de realizar la inscripci\u00f3n.<br \/>b) Tener experiencia laboral, formaci\u00f3n relacionada y\/o haber desarrollado labores de voluntariado con las competencias profesionales que se quiere acreditar:<br \/><strong>En el caso de experiencia laboral<\/strong>, es necesario justificar, al menos 3 a\u00f1os, con un m\u00ednimo de 2.000 horas trabajadas en total, en los \u00faltimos 15 a\u00f1os transcurridos antes de la presentaci\u00f3n de la solicitud.<br \/><strong>En el caso de formaci\u00f3n no formal<\/strong> relacionada con las competencias profesionales de la cualificaci\u00f3n solicitada, justificar, al menos 300 horas*, en los \u00faltimos 10 a\u00f1os transcurridos antes de la presentaci\u00f3n de la solicitud.<br \/><strong>En el caso de voluntariado<\/strong>, justificar, al menos 3 a\u00f1os de experiencia laboral con un m\u00ednimo de 2.000 horas trabajadas en total, en los \u00faltimos 15 a\u00f1os transcurridos antes de la presentaci\u00f3n de la solicitud.<br \/>c) En los casos en que los est\u00e1ndares de competencia profesional que se van a valorar cuenten, por su naturaleza, con requisitos adicionales, poseer documento justificativo de cumplir con dichos requisitos.<\/p>\n<p><span style=\"font-size: 8pt\">(*) En los casos en los que los m\u00f3dulos formativos asociados a la unidad de competencia que se pretende<\/span><br \/><span style=\"font-size: 8pt\">acreditar contemplen una duraci\u00f3n inferior a las 300 horas, se deber\u00e1 acreditar las horas establecidas en dichos<\/span><br \/><span style=\"font-size: 8pt\">m\u00f3dulos formativos.<\/span><br \/><span style=\"font-size: 8pt\">(**) Hasta que no se proceda al desarrollo reglamentario de lo previsto en la Ley Org\u00e1nica 3\/2022, en relaci\u00f3n con<\/span><br \/><span style=\"font-size: 8pt\">el Cat\u00e1logo Nacional de Est\u00e1ndares de Competencias Profesionales, mantendr\u00e1 su vigencia la ordenaci\u00f3n del<\/span><br \/><span style=\"font-size: 8pt\">Cat\u00e1logo Nacional de Cualificaciones Profesionales recogida en el Real Decreto 1128\/2003, de 5 de septiembre,<\/span><br \/><span style=\"font-size: 8pt\">por el que se regula el Cat\u00e1logo Nacional de Cualificaciones Profesionales (D.T. Cuarta del Real Decreto 659\/2003,<\/span><br \/><span style=\"font-size: 8pt\">de 18 de julio, por el que se desarrolla la ordenaci\u00f3n del Sistema de Formaci\u00f3n Profesional).<\/span><\/p>\n<p>[\/et_pb_tab][et_pb_tab title=&#8221;SOLICITUD TELEM\u00c1TICA&#8221; _builder_version=&#8221;4.24.2&#8243; _module_preset=&#8221;default&#8221; global_colors_info=&#8221;{}&#8221;]<\/p>\n<p>Podr\u00e1 presentar la solicitud en cualquier momento, a trav\u00e9s de la Secretar\u00eda Virtual de los Centros Educativos, seleccionando la Cualificaci\u00f3n Profesional o Unidades de Competencia de su inter\u00e9s y centro sede donde desea realizar el procedimiento, utilizando para ello Certificado Digital, el identificador Cl@ve o DNI electr\u00f3nico si dispone de lector<\/p>\n<p>[\/et_pb_tab][et_pb_tab title=&#8221;DOCUMENTACI\u00d3N A APORTAR (Art. 177 R.D. 659\/2023)&#8221; _builder_version=&#8221;4.24.2&#8243; _module_preset=&#8221;default&#8221; global_colors_info=&#8221;{}&#8221;]<\/p>\n<p>Junto con la solicitud, las personas interesadas deber\u00e1n aportar:<br \/>1. Copia del DNI, NIE o pasaporte. Solo deber\u00e1 presentarse si la persona solicitante ha manifestado su oposici\u00f3n expresa a la consulta de sus datos de identidad.<br \/>2. La justificaci\u00f3n de la experiencia laboral:<br \/>a) <strong>En el caso de trabajadoras o trabajadores asalariados:<\/strong><br \/>&#8211; Certificaci\u00f3n de la TGSS, del Instituto Social de la Marina o de la Mutualidad a la que estuvieran afiliadas, donde conste la empresa, la categor\u00eda laboral (grupo de cotizaci\u00f3n) y el periodo de contrataci\u00f3n.<br \/>&#8211; Contrato de trabajo o certificaci\u00f3n de la empresa donde hayan adquirido la experiencia laboral, en la que conste espec\u00edficamente la duraci\u00f3n de los periodos de prestaci\u00f3n del contrato, la actividad desarrollada y el intervalo de tiempo en el que se ha realizado dicha actividad.<br \/>b) <strong>En el caso de trabajadoras o trabajadores aut\u00f3nomos o por cuenta propia:<\/strong><br \/>&#8211; Certificaci\u00f3n de la TGSS o del Instituto Social de la Marina de los periodos de alta en la Seguridad Social en el r\u00e9gimen especial correspondiente.<br \/>&#8211; Descripci\u00f3n de la actividad desarrollada e intervalo de tiempo en el que se ha realizado la misma.<br \/>c) <strong>Para personas becarias:<\/strong><br \/>&#8211; Certificaci\u00f3n de la persona responsable en la organizaci\u00f3n donde se haya prestado la asistencia en la que consten, espec\u00edficamente, las actividades y funciones realizadas, el a\u00f1o en el que se han realizado y el n\u00famero total de horas dedicadas a las mismas.<br \/>d) <strong>Para personas voluntarias:<\/strong><br \/>&#8211; Certificaci\u00f3n expedida por la entidad de voluntariado en la que se hayan prestado los servicios voluntarios en la que consten, como m\u00ednimo, adem\u00e1s de los datos personales e identificativos de la persona voluntaria y la entidad de voluntariado, la fecha de incorporaci\u00f3n a la entidad y la<br \/>duraci\u00f3n, descripci\u00f3n de las tareas realizadas o funciones asumidas y el lugar donde se ha llevado a cabo la actividad.<br \/>3. La justificaci\u00f3n de la formaci\u00f3n se har\u00e1 con un documento que acredite que la persona aspirante posee formaci\u00f3n relacionada con los est\u00e1ndares de competencia que se pretendan acreditar, en el que consten el programa detallado de los contenidos y las horas de formaci\u00f3n.<br \/>4. Los mayores de 25 a\u00f1os que re\u00fanan requisitos de experiencia laboral o formativa y no puedan justificarlo documentalmente, podr\u00e1n solicitar su inscripci\u00f3n provisional en el procedimiento.<br \/>Presentar\u00e1n la justificaci\u00f3n mediante alguna prueba admitida en derecho, de su experiencia laboral o aprendizajes no formales de formaci\u00f3n. En estos casos, la persona asesora y evaluadora asignada o la comisi\u00f3n de evaluaci\u00f3n, determinar\u00e1 la procedencia o no de la participaci\u00f3n de la<br \/>persona aspirante en el procedimiento. En caso favorable, se proceder\u00e1 a la inscripci\u00f3n definitiva.<\/p>\n<p>[\/et_pb_tab][\/et_pb_tabs][\/et_pb_column][\/et_pb_row][\/et_pb_section]<\/p>\n","protected":false},"excerpt":{"rendered":"<p>Poseer la nacionalidad espa\u00f1ola, haber obtenido el certificado de registro de ciudadan\u00eda comunitaria o la tarjeta de familiar de ciudadano o ciudadana de la Uni\u00f3n Europea, o ser titular de una autorizaci\u00f3n de residencia, o de residencia y trabajo en Espa\u00f1a en vigor, en los t\u00e9rminos establecidos en la normativa espa\u00f1ola de extranjer\u00eda e inmigraci\u00f3n.1. [&hellip;]<\/p>\n","protected":false},"author":8076,"featured_media":0,"parent":0,"menu_order":0,"comment_status":"closed","ping_status":"closed","template":"","meta":{"_et_pb_use_builder":"on","_et_pb_old_content":"","_et_gb_content_width":"","ngg_post_thumbnail":0,"footnotes":"","_mc_calendar":[]},"aioseo_notices":[],"_links":{"self":[{"href":"https:\/\/blogsaverroes.juntadeandalucia.es\/iesjacaranda\/wp-json\/wp\/v2\/pages\/1022"}],"collection":[{"href":"https:\/\/blogsaverroes.juntadeandalucia.es\/iesjacaranda\/wp-json\/wp\/v2\/pages"}],"about":[{"href":"https:\/\/blogsaverroes.juntadeandalucia.es\/iesjacaranda\/wp-json\/wp\/v2\/types\/page"}],"author":[{"embeddable":true,"href":"https:\/\/blogsaverroes.juntadeandalucia.es\/iesjacaranda\/wp-json\/wp\/v2\/users\/8076"}],"replies":[{"embeddable":true,"href":"https:\/\/blogsaverroes.juntadeandalucia.es\/iesjacaranda\/wp-json\/wp\/v2\/comments?post=1022"}],"version-history":[{"count":8,"href":"https:\/\/blogsaverroes.juntadeandalucia.es\/iesjacaranda\/wp-json\/wp\/v2\/pages\/1022\/revisions"}],"predecessor-version":[{"id":1042,"href":"https:\/\/blogsaverroes.juntadeandalucia.es\/iesjacaranda\/wp-json\/wp\/v2\/pages\/1022\/revisions\/1042"}],"wp:attachment":[{"href":"https:\/\/blogsaverroes.juntadeandalucia.es\/iesjacaranda\/wp-json\/wp\/v2\/media?parent=1022"}],"curies":[{"name":"wp","href":"https:\/\/api.w.org\/{rel}","templated":true}]}}

<p>[et_pb_section fb_built=&#8221;1&#8243; _builder_version=&#8221;4.24.2&#8243; _module_preset=&#8221;default&#8221; global_colors_info=&#8221;{}&#8221;][et_pb_row _builder_version=&#8221;4.24.2&#8243; _module_preset=&#8221;default&#8221; hover_enabled=&#8221;0&#8243; global_colors_info=&#8221;{}&#8221; sticky_enabled=&#8221;0&#8243;][et_pb_column type=&#8221;4_4&#8243; _builder_version=&#8221;4.24.2&#8243; _module_preset=&#8221;default&#8221; global_colors_info=&#8221;{}&#8221;][et_pb_image src=&#8221;https://blogsaverroes.juntadeandalucia.es/iesjacaranda/files/2024/04/Screenshot-from-2024-04-22-11-41-17.png&#8221; title_text=&#8221;Screenshot from 2024-04-22 11-41-17&#8243; _builder_version=&#8221;4.24.2&#8243; _module_preset=&#8221;default&#8221; global_colors_info=&#8221;{}&#8221;][/et_pb_image][/et_pb_column][/et_pb_row][et_pb_row _builder_version=&#8221;4.24.2&#8243; _module_preset=&#8221;default&#8221; hover_enabled=&#8221;0&#8243; global_colors_info=&#8221;{}&#8221; column_structure=&#8221;1_2,1_2&#8243; sticky_enabled=&#8221;0&#8243;][et_pb_column type=&#8221;1_2&#8243; _builder_version=&#8221;4.24.2&#8243; _module_preset=&#8221;default&#8221; global_colors_info=&#8221;{}&#8221;][et_pb_blog fullwidth=&#8221;off&#8221; include_categories=&#8221;13&#8243; _builder_version=&#8221;4.24.2&#8243; _module_preset=&#8221;default&#8221; global_colors_info=&#8221;{}&#8221;][/et_pb_blog][/et_pb_column][et_pb_column _builder_version=&#8221;4.24.2&#8243; _module_preset=&#8221;default&#8221; type=&#8221;1_2&#8243; hover_enabled=&#8221;0&#8243; sticky_enabled=&#8221;0&#8243;][et_pb_tabs _builder_version=&#8221;4.24.2&#8243; _module_preset=&#8221;default&#8221; global_colors_info=&#8221;{}&#8221;][et_pb_tab title=&#8221;REQUISITOS DE ACCESO AL PROCEDIMIENTO(Art. 177 R.D. 659/2023)&#8221; _builder_version=&#8221;4.24.2&#8243; _module_preset=&#8221;default&#8221; global_colors_info=&#8221;{}&#8221;]</p>
<p>Poseer la nacionalidad española, haber obtenido el certificado de registro de ciudadanía comunitaria o la tarjeta de familiar de ciudadano o ciudadana de la Unión Europea, o ser titular de una autorización de residencia, o de residencia y trabajo en España en vigor, en los términos establecidos en la normativa española de extranjería e inmigración.<br /><span style="color: #ff0000">1. Para acceder a CUALIFICACIONES PROFESIONALES DE NIVEL 1:</span><br />a) Tener 18 años cumplidos en el momento de realizar la inscripción.<br />b) Tener experiencia laboral, formación relacionada y/o haber desarrollado labores de<br />voluntariado con las competencias profesionales que se quiere acreditar:<br /><strong>En el caso de experiencia laboral</strong>, es necesario justificar, al menos 2 años, con un mínimo de 1.000 horas trabajadas en total, en los últimos 15 años transcurridos antes de la presentación de la solicitud.<br /><strong>En el caso de formación no formal</strong> relacionada con las competencias profesionales de la cualificación solicitada, justificar, al menos 200 horas*, en los últimos 10 años transcurridos antes de la presentación de la solicitud.<br /><strong>En el caso de voluntariado</strong>, justificar al menos 1.000 horas dedicadas en total, en los últimos 15 años transcurridos antes de la presentación de la solicitud.<br />c) En los casos en que los estándares de competencia profesional** que se van a valorar cuenten, por su naturaleza, con requisitos adicionales, poseer documento justificativo de cumplir con dichos requisitos.<br /><span style="color: #ff0000">2. Para acceder a CUALIFICACIONES PROFESIONALES DE NIVEL 2 y 3:</span><br />a) Tener 20 años cumplidos en el momento de realizar la inscripción.<br />b) Tener experiencia laboral, formación relacionada y/o haber desarrollado labores de voluntariado con las competencias profesionales que se quiere acreditar:<br /><strong>En el caso de experiencia laboral</strong>, es necesario justificar, al menos 3 años, con un mínimo de 2.000 horas trabajadas en total, en los últimos 15 años transcurridos antes de la presentación de la solicitud.<br /><strong>En el caso de formación no formal</strong> relacionada con las competencias profesionales de la cualificación solicitada, justificar, al menos 300 horas*, en los últimos 10 años transcurridos antes de la presentación de la solicitud.<br /><strong>En el caso de voluntariado</strong>, justificar, al menos 3 años de experiencia laboral con un mínimo de 2.000 horas trabajadas en total, en los últimos 15 años transcurridos antes de la presentación de la solicitud.<br />c) En los casos en que los estándares de competencia profesional que se van a valorar cuenten, por su naturaleza, con requisitos adicionales, poseer documento justificativo de cumplir con dichos requisitos.</p>
<p><span style="font-size: 8pt">(*) En los casos en los que los módulos formativos asociados a la unidad de competencia que se pretende</span><br /><span style="font-size: 8pt">acreditar contemplen una duración inferior a las 300 horas, se deberá acreditar las horas establecidas en dichos</span><br /><span style="font-size: 8pt">módulos formativos.</span><br /><span style="font-size: 8pt">(**) Hasta que no se proceda al desarrollo reglamentario de lo previsto en la Ley Orgánica 3/2022, en relación con</span><br /><span style="font-size: 8pt">el Catálogo Nacional de Estándares de Competencias Profesionales, mantendrá su vigencia la ordenación del</span><br /><span style="font-size: 8pt">Catálogo Nacional de Cualificaciones Profesionales recogida en el Real Decreto 1128/2003, de 5 de septiembre,</span><br /><span style="font-size: 8pt">por el que se regula el Catálogo Nacional de Cualificaciones Profesionales (D.T. Cuarta del Real Decreto 659/2003,</span><br /><span style="font-size: 8pt">de 18 de julio, por el que se desarrolla la ordenación del Sistema de Formación Profesional).</span></p>
<p>[/et_pb_tab][et_pb_tab title=&#8221;SOLICITUD TELEMÁTICA&#8221; _builder_version=&#8221;4.24.2&#8243; _module_preset=&#8221;default&#8221; global_colors_info=&#8221;{}&#8221;]</p>
<p>Podrá presentar la solicitud en cualquier momento, a través de la Secretaría Virtual de los Centros Educativos, seleccionando la Cualificación Profesional o Unidades de Competencia de su interés y centro sede donde desea realizar el procedimiento, utilizando para ello Certificado Digital, el identificador Cl@ve o DNI electrónico si dispone de lector</p>
<p>[/et_pb_tab][et_pb_tab title=&#8221;DOCUMENTACIÓN A APORTAR (Art. 177 R.D. 659/2023)&#8221; _builder_version=&#8221;4.24.2&#8243; _module_preset=&#8221;default&#8221; global_colors_info=&#8221;{}&#8221;]</p>
<p>Junto con la solicitud, las personas interesadas deberán aportar:<br />1. Copia del DNI, NIE o pasaporte. Solo deberá presentarse si la persona solicitante ha manifestado su oposición expresa a la consulta de sus datos de identidad.<br />2. La justificación de la experiencia laboral:<br />a) <strong>En el caso de trabajadoras o trabajadores asalariados:</strong><br />&#8211; Certificación de la TGSS, del Instituto Social de la Marina o de la Mutualidad a la que estuvieran afiliadas, donde conste la empresa, la categoría laboral (grupo de cotización) y el periodo de contratación.<br />&#8211; Contrato de trabajo o certificación de la empresa donde hayan adquirido la experiencia laboral, en la que conste específicamente la duración de los periodos de prestación del contrato, la actividad desarrollada y el intervalo de tiempo en el que se ha realizado dicha actividad.<br />b) <strong>En el caso de trabajadoras o trabajadores autónomos o por cuenta propia:</strong><br />&#8211; Certificación de la TGSS o del Instituto Social de la Marina de los periodos de alta en la Seguridad Social en el régimen especial correspondiente.<br />&#8211; Descripción de la actividad desarrollada e intervalo de tiempo en el que se ha realizado la misma.<br />c) <strong>Para personas becarias:</strong><br />&#8211; Certificación de la persona responsable en la organización donde se haya prestado la asistencia en la que consten, específicamente, las actividades y funciones realizadas, el año en el que se han realizado y el número total de horas dedicadas a las mismas.<br />d) <strong>Para personas voluntarias:</strong><br />&#8211; Certificación expedida por la entidad de voluntariado en la que se hayan prestado los servicios voluntarios en la que consten, como mínimo, además de los datos personales e identificativos de la persona voluntaria y la entidad de voluntariado, la fecha de incorporación a la entidad y la<br />duración, descripción de las tareas realizadas o funciones asumidas y el lugar donde se ha llevado a cabo la actividad.<br />3. La justificación de la formación se hará con un documento que acredite que la persona aspirante posee formación relacionada con los estándares de competencia que se pretendan acreditar, en el que consten el programa detallado de los contenidos y las horas de formación.<br />4. Los mayores de 25 años que reúnan requisitos de experiencia laboral o formativa y no puedan justificarlo documentalmente, podrán solicitar su inscripción provisional en el procedimiento.<br />Presentarán la justificación mediante alguna prueba admitida en derecho, de su experiencia laboral o aprendizajes no formales de formación. En estos casos, la persona asesora y evaluadora asignada o la comisión de evaluación, determinará la procedencia o no de la participación de la<br />persona aspirante en el procedimiento. En caso favorable, se procederá a la inscripción definitiva.</p>
<p>[/et_pb_tab][/et_pb_tabs][/et_pb_column][/et_pb_row][/et_pb_section]</p>

<p>Poseer la nacionalidad española, haber obtenido el certificado de registro de ciudadanía comunitaria o la tarjeta de familiar de ciudadano o ciudadana de la Unión Europea, o ser titular de una autorización de residencia, o de residencia y trabajo en España en vigor, en los términos establecidos en la normativa española de extranjería e inmigración.1. [&hellip;]</p>
