{"id":16,"date":"2020-01-10T08:42:15","date_gmt":"2020-01-10T07:42:15","guid":{"rendered":"http:\/\/blogsaverroes.juntadeandalucia.es\/pre\/nuevoies2v2\/?page_id=16"},"modified":"2023-05-10T12:56:01","modified_gmt":"2023-05-10T11:56:01","slug":"1o-eso","status":"publish","type":"page","link":"https:\/\/blogsaverroes.juntadeandalucia.es\/iesjacaranda\/1o-eso\/","title":{"rendered":"Educaci\u00f3n Secundaria Obligatoria"},"content":{"rendered":"<p>[et_pb_section fb_built=&#8221;1&#8243; _builder_version=&#8221;3.23.3&#8243; custom_padding=&#8221;0px||0px|&#8221; z_index_tablet=&#8221;500&#8243; box_shadow_horizontal_tablet=&#8221;0px&#8221; box_shadow_vertical_tablet=&#8221;0px&#8221; box_shadow_blur_tablet=&#8221;40px&#8221; box_shadow_spread_tablet=&#8221;0px&#8221; global_colors_info=&#8221;{}&#8221;][et_pb_row _builder_version=&#8221;3.25&#8243; background_size=&#8221;initial&#8221; background_position=&#8221;top_left&#8221; background_repeat=&#8221;repeat&#8221; global_colors_info=&#8221;{}&#8221;][et_pb_column type=&#8221;4_4&#8243; _builder_version=&#8221;3.0.47&#8243; custom_padding=&#8221;|||&#8221; global_colors_info=&#8221;{}&#8221; custom_padding__hover=&#8221;|||&#8221;][et_pb_image src=&#8221;https:\/\/blogsaverroes.juntadeandalucia.es\/iesjacaranda\/files\/2020\/01\/cabecera-interior-ies-3.png&#8221; admin_label=&#8221;Imagen de la portada&#8221; _builder_version=&#8221;4.5.0&#8243; vertical_offset_tablet=&#8221;0&#8243; horizontal_offset_tablet=&#8221;0&#8243; z_index_tablet=&#8221;500&#8243; box_shadow_horizontal_tablet=&#8221;0px&#8221; box_shadow_vertical_tablet=&#8221;0px&#8221; box_shadow_blur_tablet=&#8221;40px&#8221; box_shadow_spread_tablet=&#8221;0px&#8221; global_colors_info=&#8221;{}&#8221;][\/et_pb_image][et_pb_accordion toggle_icon=&#8221;&#x50;||divi||400&#8243; _builder_version=&#8221;4.14.5&#8243; _module_preset=&#8221;default&#8221; hover_enabled=&#8221;0&#8243; global_colors_info=&#8221;{}&#8221; sticky_enabled=&#8221;0&#8243;][et_pb_accordion_item title=&#8221;Sobre la ESO&#8221; open=&#8221;on&#8221; _builder_version=&#8221;4.14.5&#8243; _module_preset=&#8221;default&#8221; global_colors_info=&#8221;{}&#8221;]<\/p>\n<p>La Educaci\u00f3n Secundaria Obligatoria (ESO) es una etapa educativa obligatoria y gratuita que, junto con la Educaci\u00f3n Primaria, constituye la educaci\u00f3n b\u00e1sica. Consta de cuatro cursos acad\u00e9micos que se realizan ordinariamente entre los 12 y los 16 a\u00f1os de edad.<\/p>\n<p>La Educaci\u00f3n Secundaria Obligatoria tiene como finalidad que el alumnado:<\/p>\n<ul>\n<li>Adquiera los elementos b\u00e1sicos de la cultura: human\u00edsticos, art\u00edsticos, cient\u00edficos y tecnol\u00f3gicos.<\/li>\n<li>Desarrolle y consolide sus h\u00e1bitos de estudio y de trabajo.<\/li>\n<li>Se prepare para su incorporaci\u00f3n a estudios posteriores y para su inserci\u00f3n laboral.<\/li>\n<li>Se forme para el ejercicio de sus derechos y obligaciones ciudadanas.<\/li>\n<\/ul>\n<p>Desde el curso 2015-2016 se organiza en dos ciclos; el primero, de tres cursos escolares (1\u00ba, 2\u00ba y 3\u00ba ESO) y el segundo, de uno (4\u00ba ESO). Este \u00faltimo, que es de car\u00e1cter fundamentalmente preparatorio y orientador, puede cursarse en dos opciones diferenciadas:<\/p>\n<ul>\n<li>Opci\u00f3n de ense\u00f1anzas acad\u00e9micas para la iniciaci\u00f3n al Bachillerato.<\/li>\n<li>Opci\u00f3n de ense\u00f1anzas aplicadas para la iniciaci\u00f3n a la Formaci\u00f3n Profesional.<\/li>\n<\/ul>\n<p>[\/et_pb_accordion_item][et_pb_accordion_item title=&#8221;Asignaturas 1\u00b0 ESO&#8221; _builder_version=&#8221;4.14.5&#8243; _module_preset=&#8221;default&#8221; global_colors_info=&#8221;{}&#8221; open=&#8221;off&#8221;]<\/p>\n<ul>\n<li>MATERIAS COMUNES:\n<ul>\n<li>Biolog\u00eda y Geolog\u00eda<\/li>\n<li>Educaci\u00f3n F\u00edsica<\/li>\n<li>Geograf\u00eda e Historia<\/li>\n<li>Lengua Castellana y Literatura<\/li>\n<li>Matem\u00e1ticas<\/li>\n<li>M\u00fasica<\/li>\n<li>1a Lengua extranjera: Ingl\u00e9s<\/li>\n<li>2a Lengua Extranjera: Franc\u00e9s \/\/Refuerzo Lengua<\/li>\n<li>Tutor\u00eda<\/li>\n<\/ul>\n<\/li>\n<li>UNA MATERIA OPTATIVA\n<ul>\n<li>Computaci\u00f3n y Rob\u00f3tica<\/li>\n<li>Cultura Cl\u00e1sica<\/li>\n<\/ul>\n<\/li>\n<li>RELIGI\u00d3N O ATENCI\u00d3N EDUCATIVA\n<ul>\n<li>Religi\u00f3n Cat\u00f3lica<\/li>\n<li>Religi\u00f3n Evang\u00e9lica<\/li>\n<li>Atenci\u00f3n educativa<\/li>\n<\/ul>\n<\/li>\n<\/ul>\n<p>[\/et_pb_accordion_item][et_pb_accordion_item title=&#8221;Asignaturas 2\u00b0 ESO&#8221; _builder_version=&#8221;4.14.5&#8243; _module_preset=&#8221;default&#8221; global_colors_info=&#8221;{}&#8221; open=&#8221;off&#8221;]<\/p>\n<ul>\n<li>Troncales Generales\n<ul>\n<li>F\u00edsica y Qu\u00edmica<\/li>\n<li>Geograf\u00eda e Historia<\/li>\n<li>Lengua Castellana y Literatura<\/li>\n<li>Matem\u00e1ticas<\/li>\n<li>1a Lengua Extrajera: Ingl\u00e9s<\/li>\n<\/ul>\n<\/li>\n<li>Espec\u00edficas Obligatorias:\n<ul>\n<li>Educaci\u00f3n F\u00edsica<\/li>\n<li>Educaci\u00f3n Pl\u00e1stica, Visual y Audiovisual<\/li>\n<li>M\u00fasica<\/li>\n<li>Tecnolog\u00eda<\/li>\n<li>Religi\u00f3n Cat\u00f3lica \/ Evang\u00e9lica \/Valores \u00c9ticos<\/li>\n<\/ul>\n<\/li>\n<li>Una materia Espec\u00edfica de Opci\u00f3n- Libre Configuraci\u00f3n Auton\u00f3mica.\n<ul>\n<li>Cambios Sociales y de G\u00e9nero<\/li>\n<li>Cultura Cl\u00e1sica<\/li>\n<li>Iniciaci\u00f3n a la Actividad<\/li>\n<li>Emprendedora y Empresarial<\/li>\n<li>Oratoria y Debate<\/li>\n<li>Computaci\u00f3n y Rob\u00f3tica.<\/li>\n<li>2a Lengua Extranjera: Franc\u00e9s 2 \u25a1<\/li>\n<\/ul>\n<\/li>\n<li>Tutor\u00eda Tutor\u00eda<\/li>\n<\/ul>\n<p>[\/et_pb_accordion_item][et_pb_accordion_item title=&#8221;Asignaturas 3\u00b0 ESO&#8221; _builder_version=&#8221;4.14.5&#8243; _module_preset=&#8221;default&#8221; global_colors_info=&#8221;{}&#8221; open=&#8221;off&#8221;]<\/p>\n<ul>\n<li>MATERIAS COMUNES\n<ul>\n<li>Biolog\u00eda y Geolog\u00eda<\/li>\n<li>Educaci\u00f3n F\u00edsica<\/li>\n<li>Educaci\u00f3n Pl\u00e1stica Visual y Audiovisual<\/li>\n<li>F\u00edsica y Qu\u00edmica<\/li>\n<li>Geograf\u00eda e Historia<\/li>\n<li>Lengua Castellana y Literatura<\/li>\n<li>Matem\u00e1ticas<\/li>\n<li>1a Lengua Extranjera: Ingl\u00e9s<\/li>\n<li>Tecnolog\u00eda y Digitalizaci\u00f3n<\/li>\n<li>Tutor\u00eda<\/li>\n<\/ul>\n<\/li>\n<\/ul>\n<p>&nbsp;<\/p>\n<ul>\n<li>UNA MATERIA OPTATIVA.\n<ul>\n<li>Computaci\u00f3n y Rob\u00f3tica<\/li>\n<li>Cultura Cl\u00e1sica<\/li>\n<li>M\u00fasica<\/li>\n<li>2a Lengua Extranjera: Franc\u00e9s 2 \u25a1<\/li>\n<\/ul>\n<\/li>\n<\/ul>\n<p>&nbsp;<\/p>\n<ul>\n<li>RELIGI\u00d3N O ATENCI\u00d3N EDUCATIVA\n<ul>\n<li>Religi\u00f3n Cat\u00f3lica<\/li>\n<li>Religi\u00f3n Evang\u00e9lica<\/li>\n<li>Atenci\u00f3n educativa<\/li>\n<\/ul>\n<\/li>\n<\/ul>\n<p>[\/et_pb_accordion_item][et_pb_accordion_item title=&#8221;Asignaturas 4\u00b0 ESO&#8221; _builder_version=&#8221;4.14.5&#8243; _module_preset=&#8221;default&#8221; hover_enabled=&#8221;0&#8243; global_colors_info=&#8221;{}&#8221; open=&#8221;off&#8221; sticky_enabled=&#8221;0&#8243;]<\/p>\n<ul>\n<li>Espec\u00edficas obligatorias:\n<ul>\n<li>Educaci\u00f3n F\u00edsica<\/li>\n<li>Religi\u00f3n Cat\u00f3lica\/ Atenci\u00f3n educativa<\/li>\n<li>Geograf\u00eda e Historia<\/li>\n<li>Lengua Castellana y Literatura<\/li>\n<\/ul>\n<\/li>\n<li>Elegir una entre estas opciones:\n<ul>\n<li>Opci\u00f3n 1:\n<ul>\n<li>Matem\u00e1ticas B<\/li>\n<li>Biolog\u00eda y Geolog\u00eda<\/li>\n<li>F\u00edsica y Qu\u00edmica<\/li>\n<\/ul>\n<\/li>\n<li>Opci\u00f3n 2:\n<ul>\n<li>Matem\u00e1ticas B<\/li>\n<li>Econom\u00eda<\/li>\n<li>Lat\u00edn<\/li>\n<\/ul>\n<\/li>\n<li>Opci\u00f3n 3:\n<ul>\n<li>Matem\u00e1ticas A<\/li>\n<li>Formaci\u00f3n y Orientaci\u00f3n Personal y Profesional<\/li>\n<li>Tecnolog\u00eda<\/li>\n<\/ul>\n<\/li>\n<\/ul>\n<\/li>\n<li>Elegir una entras las siguientes optativas (3h)\n<ul>\n<li>Digitalizaci\u00f3n&nbsp;<\/li>\n<li>M\u00fasica<\/li>\n<li>Tecnolog\u00eda (solo si has elegido la opci\u00f3n 1)<\/li>\n<li>Expresion art\u00edstica<\/li>\n<li>Franc\u00e9s<\/li>\n<\/ul>\n<\/li>\n<li>Elegir una entre las siguientes optativas (2h)\n<ul>\n<li>Cultura Cl\u00e1sica<\/li>\n<li>Cultura Cient\u00edfica<\/li>\n<li>Filosof\u00eda<\/li>\n<\/ul>\n<\/li>\n<\/ul>\n<p>[\/et_pb_accordion_item][\/et_pb_accordion][\/et_pb_column][\/et_pb_row][\/et_pb_section]<\/p>\n","protected":false},"excerpt":{"rendered":"<p>La Educaci\u00f3n Secundaria Obligatoria (ESO) es una etapa educativa obligatoria y gratuita que, junto con la Educaci\u00f3n Primaria, constituye la educaci\u00f3n b\u00e1sica. Consta de cuatro cursos acad\u00e9micos que se realizan ordinariamente entre los 12 y los 16 a\u00f1os de edad. La Educaci\u00f3n Secundaria Obligatoria tiene como finalidad que el alumnado: Adquiera los elementos b\u00e1sicos de [&hellip;]<\/p>\n","protected":false},"author":17753,"featured_media":0,"parent":0,"menu_order":0,"comment_status":"closed","ping_status":"closed","template":"","meta":{"_et_pb_use_builder":"on","_et_pb_old_content":"","_et_gb_content_width":"","ngg_post_thumbnail":0,"footnotes":"","_mc_calendar":[]},"aioseo_notices":[],"_links":{"self":[{"href":"https:\/\/blogsaverroes.juntadeandalucia.es\/iesjacaranda\/wp-json\/wp\/v2\/pages\/16"}],"collection":[{"href":"https:\/\/blogsaverroes.juntadeandalucia.es\/iesjacaranda\/wp-json\/wp\/v2\/pages"}],"about":[{"href":"https:\/\/blogsaverroes.juntadeandalucia.es\/iesjacaranda\/wp-json\/wp\/v2\/types\/page"}],"author":[{"embeddable":true,"href":"https:\/\/blogsaverroes.juntadeandalucia.es\/iesjacaranda\/wp-json\/wp\/v2\/users\/17753"}],"replies":[{"embeddable":true,"href":"https:\/\/blogsaverroes.juntadeandalucia.es\/iesjacaranda\/wp-json\/wp\/v2\/comments?post=16"}],"version-history":[{"count":6,"href":"https:\/\/blogsaverroes.juntadeandalucia.es\/iesjacaranda\/wp-json\/wp\/v2\/pages\/16\/revisions"}],"predecessor-version":[{"id":721,"href":"https:\/\/blogsaverroes.juntadeandalucia.es\/iesjacaranda\/wp-json\/wp\/v2\/pages\/16\/revisions\/721"}],"wp:attachment":[{"href":"https:\/\/blogsaverroes.juntadeandalucia.es\/iesjacaranda\/wp-json\/wp\/v2\/media?parent=16"}],"curies":[{"name":"wp","href":"https:\/\/api.w.org\/{rel}","templated":true}]}}