{"id":301,"date":"2020-02-12T08:22:12","date_gmt":"2020-02-12T07:22:12","guid":{"rendered":"http:\/\/blogsaverroes.juntadeandalucia.es\/pre\/nuevoies2v2\/?page_id=301"},"modified":"2023-03-28T12:20:10","modified_gmt":"2023-03-28T11:20:10","slug":"novedades","status":"publish","type":"page","link":"https:\/\/blogsaverroes.juntadeandalucia.es\/iesjacaranda\/novedades\/","title":{"rendered":"Novedades"},"content":{"rendered":"<div class=\"pt-cv-wrapper et_smooth_scroll_disabled\"><div class=\"pt-cv-view pt-cv-grid pt-cv-colsys\" id=\"pt-cv-view-4efd38bw9f\"><div data-id=\"pt-cv-page-1\" class=\"pt-cv-page\" data-cvc=\"3\"><div class=\"col-md-4 col-sm-6 col-xs-12 pt-cv-content-item pt-cv-1-col\" ><div class='pt-cv-ifield'><a href=\"https:\/\/blogsaverroes.juntadeandalucia.es\/iesjacaranda\/evaluacion-de-diagnostico\/\" class=\"_self pt-cv-href-thumbnail pt-cv-thumb-default\" target=\"_self\" ><img loading=\"lazy\" decoding=\"async\" width=\"400\" height=\"250\" src=\"https:\/\/blogsaverroes.juntadeandalucia.es\/iesjacaranda\/files\/2026\/05\/Copia-de-Pendientes-biologia-400x250.png\" class=\"pt-cv-thumbnail\" alt=\"\" \/><\/a>\n<h4 class=\"pt-cv-title\"><a href=\"https:\/\/blogsaverroes.juntadeandalucia.es\/iesjacaranda\/evaluacion-de-diagnostico\/\" class=\"_self\" target=\"_self\" >Evaluaci\u00f3n de diagn\u00f3stico<\/a><\/h4>\n<div class=\"pt-cv-content\">Acceso a las pruebas de diagn\u00f3stico https:\/\/seneca.juntadeandalucia.es\/seneca\/accesoexamenonline\/pruevadia ...<br \/><div class=\"pt-cv-rmwrap\"><a href=\"https:\/\/blogsaverroes.juntadeandalucia.es\/iesjacaranda\/evaluacion-de-diagnostico\/\" class=\"_self pt-cv-readmore btn btn-success\" target=\"_self\">Leer M\u00e1s<\/a><\/div><\/div><\/div><\/div>\n<div class=\"col-md-4 col-sm-6 col-xs-12 pt-cv-content-item pt-cv-1-col\" ><div class='pt-cv-ifield'><a href=\"https:\/\/blogsaverroes.juntadeandalucia.es\/iesjacaranda\/1365-2\/\" class=\"_self pt-cv-href-thumbnail pt-cv-thumb-default\" target=\"_self\" ><img loading=\"lazy\" decoding=\"async\" width=\"400\" height=\"250\" src=\"https:\/\/blogsaverroes.juntadeandalucia.es\/iesjacaranda\/files\/2026\/04\/Autoevaluacion-400x250.jpg\" class=\"pt-cv-thumbnail\" alt=\"\" \/><\/a>\n<h4 class=\"pt-cv-title\"><a href=\"https:\/\/blogsaverroes.juntadeandalucia.es\/iesjacaranda\/1365-2\/\" class=\"_self\" target=\"_self\" >Pendientes de departamento<\/a><\/h4>\n<div class=\"pt-cv-content\"> ...<br \/><div class=\"pt-cv-rmwrap\"><a href=\"https:\/\/blogsaverroes.juntadeandalucia.es\/iesjacaranda\/1365-2\/\" class=\"_self pt-cv-readmore btn btn-success\" target=\"_self\">Leer M\u00e1s<\/a><\/div><\/div><\/div><\/div>\n<div class=\"col-md-4 col-sm-6 col-xs-12 pt-cv-content-item pt-cv-1-col\" ><div class='pt-cv-ifield'><a href=\"https:\/\/blogsaverroes.juntadeandalucia.es\/iesjacaranda\/informacion-beca-general\/\" class=\"_self pt-cv-href-thumbnail pt-cv-thumb-default\" target=\"_self\" ><img loading=\"lazy\" decoding=\"async\" width=\"400\" height=\"250\" src=\"https:\/\/blogsaverroes.juntadeandalucia.es\/iesjacaranda\/files\/2026\/03\/Captura-desde-2026-03-26-08-45-58-400x250.png\" class=\"pt-cv-thumbnail\" alt=\"\" \/><\/a>\n<h4 class=\"pt-cv-title\"><a href=\"https:\/\/blogsaverroes.juntadeandalucia.es\/iesjacaranda\/informacion-beca-general\/\" class=\"_self\" target=\"_self\" >Informaci\u00f3n beca general<\/a><\/h4>\n<div class=\"pt-cv-content\">Se informa a la comunidad educativa de que se ha publicado la informaci\u00f3n relativa a ...<br \/><div class=\"pt-cv-rmwrap\"><a href=\"https:\/\/blogsaverroes.juntadeandalucia.es\/iesjacaranda\/informacion-beca-general\/\" class=\"_self pt-cv-readmore btn btn-success\" target=\"_self\">Leer M\u00e1s<\/a><\/div><\/div><\/div><\/div>\n<div class=\"col-md-4 col-sm-6 col-xs-12 pt-cv-content-item pt-cv-1-col\" ><div class='pt-cv-ifield'><a href=\"https:\/\/blogsaverroes.juntadeandalucia.es\/iesjacaranda\/informacion-sobre-ayudas-para-el-transporte-escolar-curso-2025-2026\/\" class=\"_self pt-cv-href-thumbnail pt-cv-thumb-default\" target=\"_self\" ><img loading=\"lazy\" decoding=\"async\" width=\"400\" height=\"250\" src=\"https:\/\/blogsaverroes.juntadeandalucia.es\/iesjacaranda\/files\/2026\/03\/Captura-desde-2026-03-23-12-14-11-400x250.png\" class=\"pt-cv-thumbnail\" alt=\"\" \/><\/a>\n<h4 class=\"pt-cv-title\"><a href=\"https:\/\/blogsaverroes.juntadeandalucia.es\/iesjacaranda\/informacion-sobre-ayudas-para-el-transporte-escolar-curso-2025-2026\/\" class=\"_self\" target=\"_self\" >Informaci\u00f3n sobre ayudas para el transporte escolar (Curso 2025\/2026)<\/a><\/h4>\n<div class=\"pt-cv-content\">Se informa a la comunidad educativa de que se ha publicado la informaci\u00f3n relativa a ...<br \/><div class=\"pt-cv-rmwrap\"><a href=\"https:\/\/blogsaverroes.juntadeandalucia.es\/iesjacaranda\/informacion-sobre-ayudas-para-el-transporte-escolar-curso-2025-2026\/\" class=\"_self pt-cv-readmore btn btn-success\" target=\"_self\">Leer M\u00e1s<\/a><\/div><\/div><\/div><\/div>\n<div class=\"col-md-4 col-sm-6 col-xs-12 pt-cv-content-item pt-cv-1-col\" ><div class='pt-cv-ifield'><a href=\"https:\/\/blogsaverroes.juntadeandalucia.es\/iesjacaranda\/recuperacion-pendientes-biologia-2\/\" class=\"_self pt-cv-href-thumbnail pt-cv-thumb-default\" target=\"_self\" ><img loading=\"lazy\" decoding=\"async\" width=\"212\" height=\"250\" src=\"https:\/\/blogsaverroes.juntadeandalucia.es\/iesjacaranda\/files\/2023\/11\/PendientesBiologiaMayo-212x300-1-212x250.jpg\" class=\"pt-cv-thumbnail\" alt=\"\" \/><\/a>\n<h4 class=\"pt-cv-title\"><a href=\"https:\/\/blogsaverroes.juntadeandalucia.es\/iesjacaranda\/recuperacion-pendientes-biologia-2\/\" class=\"_self\" target=\"_self\" >Recuperaci\u00f3n pendientes Biolog\u00eda<\/a><\/h4>\n<div class=\"pt-cv-content\">Informamos que la 1\u00aa prueba para recuperar las materias pendientes de Biolog\u00eda-Geolog\u00eda se realizar\u00e1 D\u00cdA: ...<br \/><div class=\"pt-cv-rmwrap\"><a href=\"https:\/\/blogsaverroes.juntadeandalucia.es\/iesjacaranda\/recuperacion-pendientes-biologia-2\/\" class=\"_self pt-cv-readmore btn btn-success\" target=\"_self\">Leer M\u00e1s<\/a><\/div><\/div><\/div><\/div>\n<div class=\"col-md-4 col-sm-6 col-xs-12 pt-cv-content-item pt-cv-1-col\" ><div class='pt-cv-ifield'><a href=\"https:\/\/blogsaverroes.juntadeandalucia.es\/iesjacaranda\/procedimiento-de-adjudicacion-del-servicio-de-cafeteria-escolar\/\" class=\"_self pt-cv-href-thumbnail pt-cv-thumb-default\" target=\"_self\" ><img loading=\"lazy\" decoding=\"async\" width=\"400\" height=\"250\" src=\"https:\/\/blogsaverroes.juntadeandalucia.es\/iesjacaranda\/files\/2025\/11\/aviso-400x250.png\" class=\"pt-cv-thumbnail\" alt=\"Aviso procedimiento adjudicaci\u00f3n cafeter\u00ed\u00e1\" \/><\/a>\n<h4 class=\"pt-cv-title\"><a href=\"https:\/\/blogsaverroes.juntadeandalucia.es\/iesjacaranda\/procedimiento-de-adjudicacion-del-servicio-de-cafeteria-escolar\/\" class=\"_self\" target=\"_self\" >Procedimiento de adjudicaci\u00f3n del servicio de cafeter\u00eda escolar<\/a><\/h4>\n<div class=\"pt-cv-content\">Se informa a la comunidad educativa y a las empresas interesadas que, en sesi\u00f3n celebrada ...<br \/><div class=\"pt-cv-rmwrap\"><a href=\"https:\/\/blogsaverroes.juntadeandalucia.es\/iesjacaranda\/procedimiento-de-adjudicacion-del-servicio-de-cafeteria-escolar\/\" class=\"_self pt-cv-readmore btn btn-success\" target=\"_self\">Leer M\u00e1s<\/a><\/div><\/div><\/div><\/div>\n<div class=\"col-md-4 col-sm-6 col-xs-12 pt-cv-content-item pt-cv-1-col\" ><div class='pt-cv-ifield'><a href=\"https:\/\/blogsaverroes.juntadeandalucia.es\/iesjacaranda\/inicio-de-curso-25-26\/\" class=\"_self pt-cv-href-thumbnail pt-cv-thumb-default\" target=\"_self\" ><img loading=\"lazy\" decoding=\"async\" width=\"400\" height=\"250\" src=\"https:\/\/blogsaverroes.juntadeandalucia.es\/iesjacaranda\/files\/2025\/09\/\ud83d\udcc5-Martes-16-de-septiembre-A-partir-de-este-dia-el-horario-sera-completo-para-todo-el-alumnado-400x250.png\" class=\"pt-cv-thumbnail\" alt=\"horario de inicio de curso\" srcset=\"https:\/\/blogsaverroes.juntadeandalucia.es\/iesjacaranda\/files\/2025\/09\/\ud83d\udcc5-Martes-16-de-septiembre-A-partir-de-este-dia-el-horario-sera-completo-para-todo-el-alumnado-400x250.png 400w, https:\/\/blogsaverroes.juntadeandalucia.es\/iesjacaranda\/files\/2025\/09\/\ud83d\udcc5-Martes-16-de-septiembre-A-partir-de-este-dia-el-horario-sera-completo-para-todo-el-alumnado-1080x675.png 1080w\" sizes=\"(max-width: 400px) 100vw, 400px\" \/><\/a>\n<h4 class=\"pt-cv-title\"><a href=\"https:\/\/blogsaverroes.juntadeandalucia.es\/iesjacaranda\/inicio-de-curso-25-26\/\" class=\"_self\" target=\"_self\" >Inicio de curso 25\/26<\/a><\/h4>\n<div class=\"pt-cv-content\">\ud83d\udce2 INICIO DE CURSO 25\/26 \ud83c\udf92 El pr\u00f3ximo lunes 15 de septiembre damos la bienvenida ...<br \/><div class=\"pt-cv-rmwrap\"><a href=\"https:\/\/blogsaverroes.juntadeandalucia.es\/iesjacaranda\/inicio-de-curso-25-26\/\" class=\"_self pt-cv-readmore btn btn-success\" target=\"_self\">Leer M\u00e1s<\/a><\/div><\/div><\/div><\/div>\n<div class=\"col-md-4 col-sm-6 col-xs-12 pt-cv-content-item pt-cv-1-col\" ><div class='pt-cv-ifield'><a href=\"https:\/\/blogsaverroes.juntadeandalucia.es\/iesjacaranda\/%f0%9f%93%9a-cheques-libro-disponibles-para-4-o-de-eso\/\" class=\"_self pt-cv-href-thumbnail pt-cv-thumb-default\" target=\"_self\" ><img loading=\"lazy\" decoding=\"async\" width=\"400\" height=\"250\" src=\"https:\/\/blogsaverroes.juntadeandalucia.es\/iesjacaranda\/files\/2025\/07\/Blue-and-Purple-Cute-Back-To-School-Poster_20250731_122407_0000-400x250.png\" class=\"pt-cv-thumbnail\" alt=\"\" \/><\/a>\n<h4 class=\"pt-cv-title\"><a href=\"https:\/\/blogsaverroes.juntadeandalucia.es\/iesjacaranda\/%f0%9f%93%9a-cheques-libro-disponibles-para-4-o-de-eso\/\" class=\"_self\" target=\"_self\" >\ud83d\udcda Cheques-libro disponibles para 4.\u00ba de ESO<\/a><\/h4>\n<div class=\"pt-cv-content\">Informamos a las familias que ya est\u00e1n disponibles los cheques-libro para el alumnado de 4.\u00ba ...<br \/><div class=\"pt-cv-rmwrap\"><a href=\"https:\/\/blogsaverroes.juntadeandalucia.es\/iesjacaranda\/%f0%9f%93%9a-cheques-libro-disponibles-para-4-o-de-eso\/\" class=\"_self pt-cv-readmore btn btn-success\" target=\"_self\">Leer M\u00e1s<\/a><\/div><\/div><\/div><\/div>\n<div class=\"col-md-4 col-sm-6 col-xs-12 pt-cv-content-item pt-cv-1-col\" ><div class='pt-cv-ifield'><a href=\"https:\/\/blogsaverroes.juntadeandalucia.es\/iesjacaranda\/calendario-de-pruebas-extaordinarias-de-1o-bachillerato-septiembre\/\" class=\"_self pt-cv-href-thumbnail pt-cv-thumb-default\" target=\"_self\" ><img loading=\"lazy\" decoding=\"async\" width=\"400\" height=\"250\" src=\"https:\/\/blogsaverroes.juntadeandalucia.es\/iesjacaranda\/files\/2023\/07\/Calendario-400x250.png\" class=\"pt-cv-thumbnail\" alt=\"Calendario pruebas septiembre 1\u00b0 de bachillerato\" \/><\/a>\n<h4 class=\"pt-cv-title\"><a href=\"https:\/\/blogsaverroes.juntadeandalucia.es\/iesjacaranda\/calendario-de-pruebas-extaordinarias-de-1o-bachillerato-septiembre\/\" class=\"_self\" target=\"_self\" >Calendario de pruebas extaordinarias de 1\u00ba bachillerato y ESPA septiembre<\/a><\/h4>\n<div class=\"pt-cv-content\">Calendario ex\u00e1menes Extraordinaria 24-25 Os dejamos el enlace del calendario de las pruebas extraordinarias de ...<br \/><div class=\"pt-cv-rmwrap\"><a href=\"https:\/\/blogsaverroes.juntadeandalucia.es\/iesjacaranda\/calendario-de-pruebas-extaordinarias-de-1o-bachillerato-septiembre\/\" class=\"_self pt-cv-readmore btn btn-success\" target=\"_self\">Leer M\u00e1s<\/a><\/div><\/div><\/div><\/div>\n<div class=\"col-md-4 col-sm-6 col-xs-12 pt-cv-content-item pt-cv-1-col\" ><div class='pt-cv-ifield'><a href=\"https:\/\/blogsaverroes.juntadeandalucia.es\/iesjacaranda\/videos-ayuda-matriculacion\/\" class=\"_self pt-cv-href-thumbnail pt-cv-thumb-default\" target=\"_self\" ><img loading=\"lazy\" decoding=\"async\" width=\"400\" height=\"250\" src=\"https:\/\/blogsaverroes.juntadeandalucia.es\/iesjacaranda\/files\/2025\/07\/Noticias_Escolarizacion-400x250.jpeg\" class=\"pt-cv-thumbnail\" alt=\"Matriculaci\u00f3n\" \/><\/a>\n<h4 class=\"pt-cv-title\"><a href=\"https:\/\/blogsaverroes.juntadeandalucia.es\/iesjacaranda\/videos-ayuda-matriculacion\/\" class=\"_self\" target=\"_self\" >Videos ayuda matriculaci\u00f3n<\/a><\/h4>\n<div class=\"pt-cv-content\">Aqu\u00ed les dejamos los videos para ayudarles a realizar la matr\u00edcula de ESO y Bachillerato: ...<br \/><div class=\"pt-cv-rmwrap\"><a href=\"https:\/\/blogsaverroes.juntadeandalucia.es\/iesjacaranda\/videos-ayuda-matriculacion\/\" class=\"_self pt-cv-readmore btn btn-success\" target=\"_self\">Leer M\u00e1s<\/a><\/div><\/div><\/div><\/div>\n<div class=\"col-md-4 col-sm-6 col-xs-12 pt-cv-content-item pt-cv-1-col\" ><div class='pt-cv-ifield'><a href=\"https:\/\/blogsaverroes.juntadeandalucia.es\/iesjacaranda\/memoria-plan-de-igualdad-2024_25\/\" class=\"_self pt-cv-href-thumbnail pt-cv-thumb-default\" target=\"_self\" ><img loading=\"lazy\" decoding=\"async\" width=\"400\" height=\"250\" src=\"https:\/\/blogsaverroes.juntadeandalucia.es\/iesjacaranda\/files\/2025\/06\/Captura-desde-2025-06-23-14-05-48-400x250.png\" class=\"pt-cv-thumbnail\" alt=\"\" \/><\/a>\n<h4 class=\"pt-cv-title\"><a href=\"https:\/\/blogsaverroes.juntadeandalucia.es\/iesjacaranda\/memoria-plan-de-igualdad-2024_25\/\" class=\"_self\" target=\"_self\" >Memoria Plan de Igualdad 2024_25<\/a><\/h4>\n<div class=\"pt-cv-content\">Os dejamos en este enlace la memoria del Plan de Igualdad del curso 2024\/2025. \u00a1Incre\u00edble ...<br \/><div class=\"pt-cv-rmwrap\"><a href=\"https:\/\/blogsaverroes.juntadeandalucia.es\/iesjacaranda\/memoria-plan-de-igualdad-2024_25\/\" class=\"_self pt-cv-readmore btn btn-success\" target=\"_self\">Leer M\u00e1s<\/a><\/div><\/div><\/div><\/div>\n<div class=\"col-md-4 col-sm-6 col-xs-12 pt-cv-content-item pt-cv-1-col\" ><div class='pt-cv-ifield'><a href=\"https:\/\/blogsaverroes.juntadeandalucia.es\/iesjacaranda\/pruebas-libres-fp-apsd-acta-provisional-de-calificaciones\/\" class=\"_self pt-cv-href-thumbnail pt-cv-thumb-default\" target=\"_self\" ><img loading=\"lazy\" decoding=\"async\" width=\"400\" height=\"250\" src=\"https:\/\/blogsaverroes.juntadeandalucia.es\/iesjacaranda\/files\/2023\/05\/Pruebas-Libres-FP-1-400x250.png\" class=\"pt-cv-thumbnail\" alt=\"Pruebas libres FP\" \/><\/a>\n<h4 class=\"pt-cv-title\"><a href=\"https:\/\/blogsaverroes.juntadeandalucia.es\/iesjacaranda\/pruebas-libres-fp-apsd-acta-provisional-de-calificaciones\/\" class=\"_self\" target=\"_self\" >Pruebas libres FP APSD: Acta provisional de calificaciones<\/a><\/h4>\n<div class=\"pt-cv-content\">Las personas presentadas a las POT de T\u00e9cnico en Atenci\u00f3n a Personas en Situaci\u00f3n de ...<br \/><div class=\"pt-cv-rmwrap\"><a href=\"https:\/\/blogsaverroes.juntadeandalucia.es\/iesjacaranda\/pruebas-libres-fp-apsd-acta-provisional-de-calificaciones\/\" class=\"_self pt-cv-readmore btn btn-success\" target=\"_self\">Leer M\u00e1s<\/a><\/div><\/div><\/div><\/div><\/div><\/div>\n<div class=\" pt-cv-pagination-wrapper\"><ul class=\"pt-cv-pagination pt-cv-ajax pagination\" data-totalpages=\"5\" data-currentpage=\"1\" data-sid=\"4efd38bw9f\" data-unid=\"\" data-isblock=\"\" data-postid=\"\"><li class=\"active\"><a href=\"#\">1<\/a><\/li>\n\t<li ><a class=\"\" href=\"https:\/\/blogsaverroes.juntadeandalucia.es\/iesjacaranda\/wp-json\/wp\/v2\/pages\/301\/?_page=2\">2<\/a><\/li>\n\t<li ><a class=\"\" href=\"https:\/\/blogsaverroes.juntadeandalucia.es\/iesjacaranda\/wp-json\/wp\/v2\/pages\/301\/?_page=3\">3<\/a><\/li>\n\t<li ><a href=\"#\">&hellip;<\/a><\/li>\n\t<li ><a class=\"\" href=\"https:\/\/blogsaverroes.juntadeandalucia.es\/iesjacaranda\/wp-json\/wp\/v2\/pages\/301\/?_page=5\">5<\/a><\/li>\n\t<li ><a class=\" \" href=\"https:\/\/blogsaverroes.juntadeandalucia.es\/iesjacaranda\/wp-json\/wp\/v2\/pages\/301\/?_page=2\">&rsaquo;<\/a><\/li>\n\t<\/ul><img loading=\"lazy\" decoding=\"async\" width=\"15\" height=\"15\" class=\"pt-cv-spinner\" alt=\"Cargando...\" src=\"data:image\/gif;base64,R0lGODlhDwAPALMPAMrKygwMDJOTkz09PZWVla+vr3p6euTk5M7OzuXl5TMzMwAAAJmZmWZmZszMzP\/\/\/yH\/C05FVFNDQVBFMi4wAwEAAAAh+QQFCgAPACwAAAAADwAPAAAEQvDJaZaZOIcV8iQK8VRX4iTYoAwZ4iCYoAjZ4RxejhVNoT+mRGP4cyF4Pp0N98sBGIBMEMOotl6YZ3S61Bmbkm4mAgAh+QQFCgAPACwAAAAADQANAAAENPDJSRSZeA418itN8QiK8BiLITVsFiyBBIoYqnoewAD4xPw9iY4XLGYSjkQR4UAUD45DLwIAIfkEBQoADwAsAAAAAA8ACQAABC\/wyVlamTi3nSdgwFNdhEJgTJoNyoB9ISYoQmdjiZPcj7EYCAeCF1gEDo4Dz2eIAAAh+QQFCgAPACwCAAAADQANAAAEM\/DJBxiYeLKdX3IJZT1FU0iIg2RNKx3OkZVnZ98ToRD4MyiDnkAh6BkNC0MvsAj0kMpHBAAh+QQFCgAPACwGAAAACQAPAAAEMDC59KpFDll73HkAA2wVY5KgiK5b0RRoI6MuzG6EQqCDMlSGheEhUAgqgUUAFRySIgAh+QQFCgAPACwCAAIADQANAAAEM\/DJKZNLND\/kkKaHc3xk+QAMYDKsiaqmZCxGVjSFFCxB1vwy2oOgIDxuucxAMTAJFAJNBAAh+QQFCgAPACwAAAYADwAJAAAEMNAs86q1yaWwwv2Ig0jUZx3OYa4XoRAfwADXoAwfo1+CIjyFRuEho60aSNYlOPxEAAAh+QQFCgAPACwAAAIADQANAAAENPA9s4y8+IUVcqaWJ4qEQozSoAzoIyhCK2NFU2SJk0hNnyEOhKR2AzAAj4Pj4GE4W0bkJQIAOw==\" \/><div class=\"clear pt-cv-clear-pagination\"><\/div><\/div><\/div>\n","protected":false},"excerpt":{"rendered":"","protected":false},"author":17753,"featured_media":0,"parent":0,"menu_order":0,"comment_status":"closed","ping_status":"closed","template":"","meta":{"_et_pb_use_builder":"off","_et_pb_old_content":"","_et_gb_content_width":"","ngg_post_thumbnail":0,"footnotes":"","_mc_calendar":[]},"aioseo_notices":[],"_links":{"self":[{"href":"https:\/\/blogsaverroes.juntadeandalucia.es\/iesjacaranda\/wp-json\/wp\/v2\/pages\/301"}],"collection":[{"href":"https:\/\/blogsaverroes.juntadeandalucia.es\/iesjacaranda\/wp-json\/wp\/v2\/pages"}],"about":[{"href":"https:\/\/blogsaverroes.juntadeandalucia.es\/iesjacaranda\/wp-json\/wp\/v2\/types\/page"}],"author":[{"embeddable":true,"href":"https:\/\/blogsaverroes.juntadeandalucia.es\/iesjacaranda\/wp-json\/wp\/v2\/users\/17753"}],"replies":[{"embeddable":true,"href":"https:\/\/blogsaverroes.juntadeandalucia.es\/iesjacaranda\/wp-json\/wp\/v2\/comments?post=301"}],"version-history":[{"count":3,"href":"https:\/\/blogsaverroes.juntadeandalucia.es\/iesjacaranda\/wp-json\/wp\/v2\/pages\/301\/revisions"}],"predecessor-version":[{"id":552,"href":"https:\/\/blogsaverroes.juntadeandalucia.es\/iesjacaranda\/wp-json\/wp\/v2\/pages\/301\/revisions\/552"}],"wp:attachment":[{"href":"https:\/\/blogsaverroes.juntadeandalucia.es\/iesjacaranda\/wp-json\/wp\/v2\/media?parent=301"}],"curies":[{"name":"wp","href":"https:\/\/api.w.org\/{rel}","templated":true}]}}