{"id":1123,"date":"2022-08-11T11:13:59","date_gmt":"2022-08-11T09:13:59","guid":{"rendered":"https:\/\/blogsaverroes.juntadeandalucia.es\/iesjandula\/?page_id=1123"},"modified":"2024-10-27T12:58:22","modified_gmt":"2024-10-27T11:58:22","slug":"ed-fisica","status":"publish","type":"page","link":"https:\/\/blogsaverroes.juntadeandalucia.es\/iesjandula\/ed-fisica\/","title":{"rendered":"Ed. F\u00edsica"},"content":{"rendered":"<h3>&nbsp;<\/h3>\n<table width=\"47%\">\n<tbody>\n<tr>\n<td style=\"text-align: center;border-style: solid;border-color: #000000;background-color: #c7e8ff\" width=\"6%\"><strong>DEPARTAMENTO<\/strong><\/td>\n<td style=\"text-align: center;border-style: solid;border-color: #000000;background-color: #c7e8ff\" width=\"11%\"><strong>JEFATURA DEPARTAMENTO<\/strong><\/td>\n<td style=\"text-align: center;border-style: solid;border-color: #000000;background-color: #c7e8ff\" width=\"18%\"><strong>MIEMBROS<\/strong><\/td>\n<\/tr>\n<tr>\n<td style=\"border-style: solid;border-color: #000000\" width=\"6%\">Educaci\u00f3n F\u00edsica<\/td>\n<td style=\"border-style: solid;border-color: #000000\" width=\"11%\">\n<p style=\"text-align: center\">Ortiz Mu\u00f1oz, Antonio Jos\u00e9<\/p>\n<\/td>\n<td style=\"border-style: solid;border-color: #000000\" width=\"18%\">\n<ul>\n<li style=\"text-align: left\">De las Mozas Garc\u00eda, Miriam<\/li>\n<li style=\"text-align: left\">D\u00edaz Ruiz, M\u00aa Isabel<\/li>\n<li style=\"text-align: left\">D\u00edaz S\u00e1nchez, Mar\u00eda del Carmen<\/li>\n<li style=\"text-align: left\">J\u00e1ndula G\u00f3mez, Pedro Antonio<\/li>\n<li style=\"text-align: left\">Madue\u00f1o Cubilla, Ana Mar\u00eda<\/li>\n<li style=\"text-align: left\">Montoro Garrido, Crist\u00f3bal Jes\u00fas<\/li>\n<li style=\"text-align: left\">P\u00e9rez Mu\u00f1oz, Mario<\/li>\n<li style=\"text-align: left\">Roz\u00faa Molina, Carlos<\/li>\n<\/ul>\n<\/td>\n<\/tr>\n<\/tbody>\n<\/table>\n<p>Noticias sobre Educaci\u00f3n F\u00edsica<\/p>\n","protected":false},"excerpt":{"rendered":"<p>&nbsp; DEPARTAMENTO JEFATURA DEPARTAMENTO MIEMBROS Educaci\u00f3n F\u00edsica Ortiz Mu\u00f1oz, Antonio Jos\u00e9 De las Mozas Garc\u00eda, Miriam D\u00edaz Ruiz, M\u00aa Isabel D\u00edaz S\u00e1nchez, Mar\u00eda del Carmen J\u00e1ndula G\u00f3mez, Pedro Antonio Madue\u00f1o Cubilla, Ana Mar\u00eda Montoro&#46;&#46;&#46;<\/p>\n","protected":false},"author":8129,"featured_media":0,"parent":0,"menu_order":0,"comment_status":"closed","ping_status":"closed","template":"","meta":{"ngg_post_thumbnail":0,"footnotes":""},"aioseo_notices":[],"_links":{"self":[{"href":"https:\/\/blogsaverroes.juntadeandalucia.es\/iesjandula\/wp-json\/wp\/v2\/pages\/1123"}],"collection":[{"href":"https:\/\/blogsaverroes.juntadeandalucia.es\/iesjandula\/wp-json\/wp\/v2\/pages"}],"about":[{"href":"https:\/\/blogsaverroes.juntadeandalucia.es\/iesjandula\/wp-json\/wp\/v2\/types\/page"}],"author":[{"embeddable":true,"href":"https:\/\/blogsaverroes.juntadeandalucia.es\/iesjandula\/wp-json\/wp\/v2\/users\/8129"}],"replies":[{"embeddable":true,"href":"https:\/\/blogsaverroes.juntadeandalucia.es\/iesjandula\/wp-json\/wp\/v2\/comments?post=1123"}],"version-history":[{"count":8,"href":"https:\/\/blogsaverroes.juntadeandalucia.es\/iesjandula\/wp-json\/wp\/v2\/pages\/1123\/revisions"}],"predecessor-version":[{"id":2171,"href":"https:\/\/blogsaverroes.juntadeandalucia.es\/iesjandula\/wp-json\/wp\/v2\/pages\/1123\/revisions\/2171"}],"wp:attachment":[{"href":"https:\/\/blogsaverroes.juntadeandalucia.es\/iesjandula\/wp-json\/wp\/v2\/media?parent=1123"}],"curies":[{"name":"wp","href":"https:\/\/api.w.org\/{rel}","templated":true}]}}