{"id":77,"date":"2015-03-16T06:54:56","date_gmt":"2015-03-16T06:54:56","guid":{"rendered":"http:\/\/blogsaverroes.juntadeandalucia.es\/pre\/ceip\/?page_id=77"},"modified":"2024-06-21T05:35:53","modified_gmt":"2024-06-21T04:35:53","slug":"secretaria","status":"publish","type":"page","link":"https:\/\/blogsaverroes.juntadeandalucia.es\/iesjdq\/secretaria\/","title":{"rendered":"Secretar\u00eda"},"content":{"rendered":"<h2 style=\"text-align: center\"><strong>El horario de atenci\u00f3n al p\u00fablico es de Lunes a Viernes, de 9:00 a 13:00h<br \/>\n&nbsp;671 533 700<br \/>\n<\/strong><\/h2>\n<h3>Plazo de matriculaci\u00f3n del 1 a 10 de julio<\/h3>\n<h3><a href=\"https:\/\/www.juntadeandalucia.es\/educacion\/secretariavirtual\/accesoTramite\/302\/\" target=\"_blank\" rel=\"noopener\">Solicitud de t\u00edtulos<\/a><\/h3>\n<h3><a href=\"https:\/\/www.juntadeandalucia.es\/educacion\/secretariavirtual\/accesoTramite\/317\/\" target=\"_blank\" rel=\"noopener\">Solicitud de plaza para ciclo formativo de grado superior. Procedimiento Ordinario.<\/a><\/h3>\n<h3><a href=\"https:\/\/www.juntadeandalucia.es\/educacion\/secretariavirtual\/accesoConsultas\/1615\/\" target=\"_blank\" rel=\"noopener\">Ayudas Individualizadas para el Transporte Escolar<\/a><\/h3>\n<p>&nbsp;<\/p>\n<p>&nbsp;<\/p>\n","protected":false},"excerpt":{"rendered":"<p>El horario de atenci\u00f3n al p\u00fablico es de Lunes a Viernes, de 9:00 a 13:00h &nbsp;671 533 700 Plazo de matriculaci\u00f3n del 1 a 10 de julio Solicitud de t\u00edtulos Solicitud de plaza para&#46;&#46;&#46;<\/p>\n","protected":false},"author":1,"featured_media":0,"parent":0,"menu_order":0,"comment_status":"closed","ping_status":"open","template":"","meta":{"ngg_post_thumbnail":0,"footnotes":"","_mc_calendar":[]},"aioseo_notices":[],"_links":{"self":[{"href":"https:\/\/blogsaverroes.juntadeandalucia.es\/iesjdq\/wp-json\/wp\/v2\/pages\/77"}],"collection":[{"href":"https:\/\/blogsaverroes.juntadeandalucia.es\/iesjdq\/wp-json\/wp\/v2\/pages"}],"about":[{"href":"https:\/\/blogsaverroes.juntadeandalucia.es\/iesjdq\/wp-json\/wp\/v2\/types\/page"}],"author":[{"embeddable":true,"href":"https:\/\/blogsaverroes.juntadeandalucia.es\/iesjdq\/wp-json\/wp\/v2\/users\/1"}],"replies":[{"embeddable":true,"href":"https:\/\/blogsaverroes.juntadeandalucia.es\/iesjdq\/wp-json\/wp\/v2\/comments?post=77"}],"version-history":[{"count":6,"href":"https:\/\/blogsaverroes.juntadeandalucia.es\/iesjdq\/wp-json\/wp\/v2\/pages\/77\/revisions"}],"predecessor-version":[{"id":5048,"href":"https:\/\/blogsaverroes.juntadeandalucia.es\/iesjdq\/wp-json\/wp\/v2\/pages\/77\/revisions\/5048"}],"wp:attachment":[{"href":"https:\/\/blogsaverroes.juntadeandalucia.es\/iesjdq\/wp-json\/wp\/v2\/media?parent=77"}],"curies":[{"name":"wp","href":"https:\/\/api.w.org\/{rel}","templated":true}]}}