{"id":134,"date":"2021-10-02T23:22:28","date_gmt":"2021-10-02T23:22:28","guid":{"rendered":"https:\/\/blogsaverroes.juntadeandalucia.es\/iesjoaquinlobato\/?page_id=134"},"modified":"2021-11-02T23:23:31","modified_gmt":"2021-11-02T23:23:31","slug":"prevencion-de-riesgos-laborales","status":"publish","type":"page","link":"https:\/\/blogsaverroes.juntadeandalucia.es\/iesjoaquinlobato\/prevencion-de-riesgos-laborales\/","title":{"rendered":"Prevenci\u00f3n de riesgos laborales"},"content":{"rendered":"<p>Aqu\u00ed os dejamos una serie de recursos sobre Prevenci\u00f3n de Riesgos y Salud Laboral:<\/p>\n<p>Gu\u00eda breve para la prevenci\u00f3n de trastornos musculo esquel\u00e9ticos en el trabajo. (25 P\u00c1GINAS)<\/p>\n<p><a href=\"https:\/\/juntadeandalucia.es\/export\/drupaljda\/1_2191_guia_tme.pdf\">https:\/\/juntadeandalucia.es\/export\/drupaljda\/1_2191_guia_tme.pdf<\/a><\/p>\n<p>Video de 2:17 minutos. Postura correcta delante del ordenador en casa.<br \/>\n<iframe loading=\"lazy\" src=\"https:\/\/www.youtube.com\/embed\/jbV5dGvJWyo\" width=\"560\" height=\"315\" frameborder=\"0\"><\/iframe><\/p>\n<p>Video s\u00edndrome de Burnout (S\u00edndrome del quemado): Duraci\u00f3n 2:<br \/>\n<iframe loading=\"lazy\" src=\"https:\/\/www.youtube.com\/embed\/QeooqsO0Wak\" width=\"560\" height=\"315\" frameborder=\"0\"><\/iframe><\/p>\n<p>Video 2: duraci\u00f3n 6:09 min. Superar el Burnout.<br \/>\n<iframe loading=\"lazy\" src=\"https:\/\/www.youtube.com\/embed\/L_YDNYk_cTs\" width=\"560\" height=\"315\" frameborder=\"0\"><\/iframe><\/p>\n<p>Evacuaci\u00f3n del Centro<br \/>\nVIDEO 5:20 min. Video \u201cinfantil\u201d que indica normas b\u00e1sicas sobre la evacuaci\u00f3n del Centro en caso de incendio.<br \/>\n<iframe loading=\"lazy\" src=\"https:\/\/www.youtube.com\/embed\/fkanizaBCw8\" width=\"560\" height=\"315\" frameborder=\"0\"><\/iframe><\/p>\n<p>video 3:14 min. Pautas generales de actuaci\u00f3n ante una emergencia.<br \/>\nPAS (Proteger\/Avisar\/Socorrer)<br \/>\n<iframe loading=\"lazy\" src=\"https:\/\/www.youtube.com\/embed\/X0CaEP585Mg\" width=\"560\" height=\"315\" frameborder=\"0\"><\/iframe><\/p>\n<p>Video 11:09 min. C\u00f3mo dar Soporte Vital B\u00e1sico. Maniobras y protocolo de atenci\u00f3n.<br \/>\n<iframe loading=\"lazy\" src=\"https:\/\/www.youtube.com\/embed\/iFDOJB7ZFzg\" width=\"560\" height=\"315\" frameborder=\"0\"><\/iframe><\/p>\n<p>VIDEO 2:05 min. C\u00f3mo detectar un derrame cerebral y un infarto de miocardio para realizar las medidas de soporte b\u00e1sico<br \/>\n<iframe loading=\"lazy\" src=\"https:\/\/www.youtube.com\/embed\/dgUkbxryk1g\" width=\"560\" height=\"315\" frameborder=\"0\">Video 2:10 min Actuar ante dificultades respiratorias.<br \/>\n<iframe loading=\"lazy\" width=\"560\" height=\"315\" src=\"https:\/\/www.youtube.com\/embed\/dgUkbxryk1g\" frameborder=\"0\"><\/iframe><\/p>\n<p>&nbsp;<\/p>\n<p>Video&nbsp; 3:04 min&nbsp;&nbsp; Actuaci\u00f3n ante convulsiones<br \/>\n<iframe loading=\"lazy\" src=\"https:\/\/www.youtube.com\/embed\/pdLx3y8T-mk\" width=\"560\" height=\"315\" frameborder=\"0\"><\/iframe><\/p>\n<p>Video 1:23 :&nbsp;&nbsp; Actuaci\u00f3n ante lipotimias.<br \/>\n<iframe loading=\"lazy\" src=\"https:\/\/www.youtube.com\/embed\/Blyd0yznUB0\" width=\"560\" height=\"315\" frameborder=\"0\"><\/iframe><\/p>\n<p>Video&nbsp; 04:59 min. Intervenir ante hemorragias y heridas m\u00e1s comunes<br \/>\n<iframe loading=\"lazy\" src=\"https:\/\/www.youtube.com\/embed\/-DtoqMXPdHk\" width=\"560\" height=\"315\" frameborder=\"0\"><\/iframe><\/p>\n<p>Video 3:27 min. Actuaci\u00f3n ante distensiones, esguinces y fracturas.<br \/>\n<iframe loading=\"lazy\" src=\"https:\/\/www.youtube.com\/embed\/3-2ay78CQP4\" width=\"560\" height=\"315\" frameborder=\"0\"><\/iframe><\/p>\n<p>Video &nbsp;5:10 min Qu\u00e9 hacer ante los diferentes tipos de quemaduras.<br \/>\n<iframe loading=\"lazy\" src=\"https:\/\/www.youtube.com\/embed\/aEVnhm07uqw\" width=\"560\" height=\"315\" frameborder=\"0\"><\/iframe><\/p>\n<p>Video&nbsp; C\u00f3mo intervenir ante intoxicaciones o envenenamiento.<br \/>\n<iframe loading=\"lazy\" src=\"https:\/\/www.youtube.com\/embed\/ZkG2kZnHYM0\" width=\"560\" height=\"315\" frameborder=\"0\"><\/iframe><\/p>\n","protected":false},"excerpt":{"rendered":"<p>Aqu\u00ed os dejamos una serie de recursos sobre Prevenci\u00f3n de Riesgos y Salud Laboral: Gu\u00eda breve para la prevenci\u00f3n de trastornos musculo esquel\u00e9ticos en el trabajo. (25 P\u00c1GINAS) https:\/\/juntadeandalucia.es\/export\/drupaljda\/1_2191_guia_tme.pdf Video de 2:17 minutos. Postura&#46;&#46;&#46;<\/p>\n","protected":false},"author":11592,"featured_media":0,"parent":0,"menu_order":0,"comment_status":"closed","ping_status":"closed","template":"","meta":{"ngg_post_thumbnail":0,"footnotes":""},"aioseo_notices":[],"_links":{"self":[{"href":"https:\/\/blogsaverroes.juntadeandalucia.es\/iesjoaquinlobato\/wp-json\/wp\/v2\/pages\/134"}],"collection":[{"href":"https:\/\/blogsaverroes.juntadeandalucia.es\/iesjoaquinlobato\/wp-json\/wp\/v2\/pages"}],"about":[{"href":"https:\/\/blogsaverroes.juntadeandalucia.es\/iesjoaquinlobato\/wp-json\/wp\/v2\/types\/page"}],"author":[{"embeddable":true,"href":"https:\/\/blogsaverroes.juntadeandalucia.es\/iesjoaquinlobato\/wp-json\/wp\/v2\/users\/11592"}],"replies":[{"embeddable":true,"href":"https:\/\/blogsaverroes.juntadeandalucia.es\/iesjoaquinlobato\/wp-json\/wp\/v2\/comments?post=134"}],"version-history":[{"count":1,"href":"https:\/\/blogsaverroes.juntadeandalucia.es\/iesjoaquinlobato\/wp-json\/wp\/v2\/pages\/134\/revisions"}],"predecessor-version":[{"id":135,"href":"https:\/\/blogsaverroes.juntadeandalucia.es\/iesjoaquinlobato\/wp-json\/wp\/v2\/pages\/134\/revisions\/135"}],"wp:attachment":[{"href":"https:\/\/blogsaverroes.juntadeandalucia.es\/iesjoaquinlobato\/wp-json\/wp\/v2\/media?parent=134"}],"curies":[{"name":"wp","href":"https:\/\/api.w.org\/{rel}","templated":true}]}}