{"id":284,"date":"2020-11-03T23:17:37","date_gmt":"2020-11-03T23:17:37","guid":{"rendered":"https:\/\/blogsaverroes.juntadeandalucia.es\/iesjoaquinlobato\/?page_id=284"},"modified":"2021-11-03T23:19:25","modified_gmt":"2021-11-03T23:19:25","slug":"musica","status":"publish","type":"page","link":"https:\/\/blogsaverroes.juntadeandalucia.es\/iesjoaquinlobato\/musica\/","title":{"rendered":"Tecnolog\u00eda"},"content":{"rendered":"<ul>\n<li>\n<h5><a title=\"Weeras\" href=\"https:\/\/platformnext.weeras.com\/#\/61CCB20ACC7548D28DF9A41F5388329AAE0BF3A6AD3D4B248EE16AD07FACEE8A2D9A087995E54690B2FE70ACCF4ACFA24A4CB65D3B44407C9A92ED0F06AF15CE7F21C454A4EB4CA99443B8217856BBBBC4E790B1DCEE412AA2A296255D4B8E2792254A1B14AB45609AEC3BDA8D6380BDC9FD171DFEA340489C5ACB8D60275F9DBB34AD705B554425817F68F3205520B347763FDA284B4259AB6BD6B1C46B5C63E36B35F0B5634C0DBF1857E8D3DF4E7E8F7F627A95E74739BC1BE03DBD92B05DFA90D6FC446D4C3E8FBFA3CFE6265BED7F4075392DB04AC6AFFE544BE3A18BDEB8B2680BA6D64CBC832882557EEAD24621889736C5F4408288901B1806C9B981B420386C306E4880BE50614381BBAC6B420DA686CBDE480FB964411DEDD3D9C94469CDE87DC048E8B74F9FDACD8DDE1C063B128D6C924A8FB30DD769DFD386DBA8AEEABD2AC94CC590F21260C6EA6CEFEDA77D2A9838433D96AB3623081A9FF4B34E69E631D641E1A3E871F750F5392802F27B81419F4524A759D16AA92B202D62341CFA96C040758AD9948A7C95EE904C756DFD3CF242A7AB738564C0708B33491F05805DF64F189994A27DF4AED12C2B493E9C4D704DA9B11F664729FD5C654F8BD16739F8463AB24AC3B444140E834D50CA3A53C7469483F56BFA3CA3E8B11B7C20EC079E4FDFA72A0505BB7A8BAC3B6951DACC5E477FAAE082D37C67D840B74DD3222F424B1C880E81834C8DCA5839DE85FEDFBC43C3BD3825946EA3DD94EDAC29D812934AC2ACD405D7248F1AA5F1834288E2A6482CA7E88A5593A7343BFD0883CF85C14489A1F6A014AFE4C0B12CD9B05C99FE4CF2B837E42E835C1B2D2AD1A8CAECCC4A3888EEDF25B01E843FC41DF9623B4F4EDEB34C0E40C5EC2E30AD02355B18964E33B0586D4EFEBE4D66E4D3419E80C442DB855605FB5AFA4142FF6BA8AA1656402692B51B348E23634E95BE5E6284AE47D28C6B9F489D91049E8CFC6B309915477983539F5C6254633B35DE11F645424313BDE8E212E230E401913932AE3503487AB0C7FF5E93AF7BE7D6ED645791F049B18F46B018A4FDA80AF664F3EDB70C4257A3F52BA19307330A96569A59DEAA43749C244799495C4A74\/app\/books\" target=\"_blank\" rel=\"noopener noreferrer\">Plataforma Weeras<\/a><\/h5>\n<\/li>\n<li>\n<h5><a title=\"Recursos 4eso\" href=\"http:\/\/www.editorialdonostiarra.info\/recursos\/TecnoProRobotica\/4-ESO\/html5\/index.php\" target=\"_blank\" rel=\"noopener noreferrer\">Ed Donostiarra.<\/a><\/h5>\n<\/li>\n<li><a href=\"http:\/\/www.tuclasedetecnologiaonline.es\/\" target=\"_blank\" rel=\"noopener noreferrer\">Tu clase de tecnolog\u00eda online<\/a>.<\/li>\n<li><a href=\"http:\/\/auladetecnologias.blogspot.com.es\/p\/tecnologias.html\" target=\"_blank\" rel=\"noopener noreferrer\">Aula de tecnolog\u00eda.<\/a><\/li>\n<li><a href=\"http:\/\/www.aulataller.es\/\" target=\"_blank\" rel=\"noopener noreferrer\">Aula Taller.<\/a><\/li>\n<li><a title=\"Tecnolog\u00eda ESO\" href=\"http:\/\/pelandintecno.blogspot.com.es\/\">Tecnolog\u00eda ESO<\/a><\/li>\n<li><a href=\"https:\/\/www.screenleap.com\/\" target=\"_blank\" rel=\"noopener noreferrer\">Compartir escritorio.<\/a><\/li>\n<\/ul>\n<hr>\n<h4>ELECTRICIDAD<\/h4>\n<ul>\n<li>\n<h5><a href=\"http:\/\/ntic.educacion.es\/w3\/\/recursos\/fp\/electricidad\/index.html\" target=\"_blank\" rel=\"noopener noreferrer\"><strong>Introducci\u00f3n a la Electricidad.<\/strong><\/a><\/h5>\n<\/li>\n<\/ul>\n<hr>\n<h5>Mecanismos y m\u00e1quinas<\/h5>\n<ul>\n<li><strong><a href=\"http:\/\/concurso.cnice.mec.es\/cnice2006\/material107\/index.htm\" target=\"_blank\" rel=\"noopener noreferrer\">MecaESO<\/a><\/strong><\/li>\n<li><strong><a href=\"http:\/\/ntic.educacion.es\/\/w3\/eos\/MaterialesEducativos\/mem2005\/mecanica_basica\/index.html\" target=\"_blank\" rel=\"noopener noreferrer\">Mecanismos.<\/a><\/strong><\/li>\n<li><strong><a href=\"http:\/\/507movements.com\/\" target=\"_blank\" rel=\"noopener noreferrer\">Transformaci\u00f3n de movimiento.<\/a><\/strong><\/li>\n<li><strong><a href=\"https:\/\/www.edu.xunta.es\/espazoAbalar\/sites\/espazoAbalar\/files\/datos\/1464947673\/contido\/index.html\" target=\"_blank\" rel=\"noopener noreferrer\">M\u00e1quinas y mecanismos.<\/a><\/strong><\/li>\n<li><strong><a href=\"http:\/\/iesjoaquinlobato.es\/wp-content\/uploads\/2020\/01\/ejerciciosmecanismos.pdf\">Ejercicios sobre mecanismos.<\/a><\/strong><\/li>\n<\/ul>\n<hr>\n<h5><strong>Dibujo:<\/strong><\/h5>\n<ul>\n<li><a href=\"http:\/\/ntic.educacion.es\/w3\/\/eos\/MaterialesEducativos\/mem2001\/dibujotecnico\/Construcciones%20de%20dibujo%20tecnico\/msp_plgr.htm\" target=\"_blank\" rel=\"noopener noreferrer\">Poligonos<\/a><\/li>\n<li><a href=\"http:\/\/www.educacionplastica.net\/model3d.htm\" target=\"_blank\" rel=\"noopener noreferrer\">Modelado en 3D Isom\u00e9trica.<\/a><\/li>\n<li><a href=\"https:\/\/raultecnologia.wordpress.com\/vistas-y-perspectivas\/\" target=\"_blank\" rel=\"noopener noreferrer\">Vistas y perspectivas.<\/a><\/li>\n<li><strong><a href=\"https:\/\/floorplanner.com\/\" target=\"_blank\" rel=\"noopener noreferrer\">Planos de vivienda.<\/a><\/strong><\/li>\n<li><a href=\"https:\/\/www.google.com\/search?q=plano+isom%C3%A9trico+habitacion&amp;client=firefox-b-d&amp;tbm=isch&amp;source=iu&amp;ictx=1&amp;fir=kNr4NVQcAII9cM%253A%252C-0qoetYJvvA6yM%252C_&amp;vet=1&amp;usg=AI4_-kS13s159ORvkON7GHnFUfsHqMlUxg&amp;sa=X&amp;ved=2ahUKEwiFg6zsjKvmAhWF2eAKHYeDA9YQ9QEwAnoECAMQDA#imgrc=5JsGLJcfoVbV_M:&amp;vet=1\" target=\"_blank\" rel=\"noopener noreferrer\"><strong>Vista Isom\u00e9trica de una habitaci\u00f3n.<\/strong><\/a><\/li>\n<li><strong><a href=\"https:\/\/www.google.com\/search?q=plano+en+planta+de+una+vivienda&amp;client=firefox-b-d&amp;source=lnms&amp;tbm=isch&amp;sa=X&amp;ved=2ahUKEwjLxdy_javmAhWHoBQKHYbGBTgQ_AUoAXoECAoQAw&amp;biw=1360&amp;bih=635#imgrc=9raxy6UR-88YoM:\" target=\"_blank\" rel=\"noopener noreferrer\">Vista en planta de una vivienda.<\/a><\/strong><\/li>\n<li><strong><a href=\"https:\/\/www.google.com\/search?client=firefox-b-d&amp;q=memoria+de+proyecto+3%C2%BA+eso\" target=\"_blank\" rel=\"noopener noreferrer\">Ejemplos de proyectos Tecnolog\u00eda<\/a><\/strong><\/li>\n<\/ul>\n","protected":false},"excerpt":{"rendered":"<p>Plataforma Weeras Ed Donostiarra. Tu clase de tecnolog\u00eda online. Aula de tecnolog\u00eda. Aula Taller. Tecnolog\u00eda ESO Compartir escritorio. ELECTRICIDAD Introducci\u00f3n a la Electricidad. Mecanismos y m\u00e1quinas MecaESO Mecanismos. Transformaci\u00f3n de movimiento. M\u00e1quinas y mecanismos.&#46;&#46;&#46;<\/p>\n","protected":false},"author":11592,"featured_media":0,"parent":0,"menu_order":0,"comment_status":"closed","ping_status":"closed","template":"","meta":{"ngg_post_thumbnail":0,"footnotes":""},"aioseo_notices":[],"_links":{"self":[{"href":"https:\/\/blogsaverroes.juntadeandalucia.es\/iesjoaquinlobato\/wp-json\/wp\/v2\/pages\/284"}],"collection":[{"href":"https:\/\/blogsaverroes.juntadeandalucia.es\/iesjoaquinlobato\/wp-json\/wp\/v2\/pages"}],"about":[{"href":"https:\/\/blogsaverroes.juntadeandalucia.es\/iesjoaquinlobato\/wp-json\/wp\/v2\/types\/page"}],"author":[{"embeddable":true,"href":"https:\/\/blogsaverroes.juntadeandalucia.es\/iesjoaquinlobato\/wp-json\/wp\/v2\/users\/11592"}],"replies":[{"embeddable":true,"href":"https:\/\/blogsaverroes.juntadeandalucia.es\/iesjoaquinlobato\/wp-json\/wp\/v2\/comments?post=284"}],"version-history":[{"count":3,"href":"https:\/\/blogsaverroes.juntadeandalucia.es\/iesjoaquinlobato\/wp-json\/wp\/v2\/pages\/284\/revisions"}],"predecessor-version":[{"id":287,"href":"https:\/\/blogsaverroes.juntadeandalucia.es\/iesjoaquinlobato\/wp-json\/wp\/v2\/pages\/284\/revisions\/287"}],"wp:attachment":[{"href":"https:\/\/blogsaverroes.juntadeandalucia.es\/iesjoaquinlobato\/wp-json\/wp\/v2\/media?parent=284"}],"curies":[{"name":"wp","href":"https:\/\/api.w.org\/{rel}","templated":true}]}}