{"id":29,"date":"2020-11-27T19:29:14","date_gmt":"2020-11-27T19:29:14","guid":{"rendered":"https:\/\/blogsaverroes.juntadeandalucia.es\/iesjoaquinlobato\/?page_id=29"},"modified":"2021-11-02T23:07:13","modified_gmt":"2021-11-02T23:07:13","slug":"nuestro-centro","status":"publish","type":"page","link":"https:\/\/blogsaverroes.juntadeandalucia.es\/iesjoaquinlobato\/nuestro-centro\/","title":{"rendered":"Nuestro Centro"},"content":{"rendered":"<p><iframe loading=\"lazy\" src=\"https:\/\/www.google.com\/maps\/embed?pb=!1m18!1m12!1m3!1d3197.5016686397857!2d-4.109887284428364!3d36.73452777909289!2m3!1f0!2f0!3f0!3m2!1i1024!2i768!4f13.1!3m3!1m2!1s0xd7247b5a73287b9%3A0x43361053d94197ca!2sIES%20Joaqu%C3%ADn%20Lobato!5e0!3m2!1ses!2ses!4v1635894315142!5m2!1ses!2ses\" width=\"600\" height=\"450\"><\/iframe><\/p>\n<h3>Direcci\u00f3n:<\/h3>\n<p><strong>Avenida&nbsp; Gerald Brenan 2<\/strong><br \/>\n<strong>C.P. 29740&nbsp; Torre del Mar&nbsp; (M\u00e1laga)<\/strong><\/p>\n<h3>Tel\u00e9fonos:<\/h3>\n<p>Tel\u00e9fono:&nbsp;<strong>951289831<\/strong><br \/>\nFax:&nbsp;<strong>951289837<\/strong><br \/>\nE-mail:&nbsp;<strong><a href=\"mailto:29008012.edu@juntadeandalucia.es\">29008012.edu@juntadeandalucia.es<\/a><\/strong><\/p>\n","protected":false},"excerpt":{"rendered":"<p>Direcci\u00f3n: Avenida&nbsp; Gerald Brenan 2 C.P. 29740&nbsp; Torre del Mar&nbsp; (M\u00e1laga) Tel\u00e9fonos: Tel\u00e9fono:&nbsp;951289831 Fax:&nbsp;951289837 E-mail:&nbsp;29008012.edu@juntadeandalucia.es<\/p>\n","protected":false},"author":11592,"featured_media":0,"parent":0,"menu_order":0,"comment_status":"closed","ping_status":"closed","template":"","meta":{"ngg_post_thumbnail":0,"footnotes":""},"aioseo_notices":[],"_links":{"self":[{"href":"https:\/\/blogsaverroes.juntadeandalucia.es\/iesjoaquinlobato\/wp-json\/wp\/v2\/pages\/29"}],"collection":[{"href":"https:\/\/blogsaverroes.juntadeandalucia.es\/iesjoaquinlobato\/wp-json\/wp\/v2\/pages"}],"about":[{"href":"https:\/\/blogsaverroes.juntadeandalucia.es\/iesjoaquinlobato\/wp-json\/wp\/v2\/types\/page"}],"author":[{"embeddable":true,"href":"https:\/\/blogsaverroes.juntadeandalucia.es\/iesjoaquinlobato\/wp-json\/wp\/v2\/users\/11592"}],"replies":[{"embeddable":true,"href":"https:\/\/blogsaverroes.juntadeandalucia.es\/iesjoaquinlobato\/wp-json\/wp\/v2\/comments?post=29"}],"version-history":[{"count":5,"href":"https:\/\/blogsaverroes.juntadeandalucia.es\/iesjoaquinlobato\/wp-json\/wp\/v2\/pages\/29\/revisions"}],"predecessor-version":[{"id":121,"href":"https:\/\/blogsaverroes.juntadeandalucia.es\/iesjoaquinlobato\/wp-json\/wp\/v2\/pages\/29\/revisions\/121"}],"wp:attachment":[{"href":"https:\/\/blogsaverroes.juntadeandalucia.es\/iesjoaquinlobato\/wp-json\/wp\/v2\/media?parent=29"}],"curies":[{"name":"wp","href":"https:\/\/api.w.org\/{rel}","templated":true}]}}