{"id":35,"date":"2015-03-13T08:21:43","date_gmt":"2015-03-13T08:21:43","guid":{"rendered":"http:\/\/blogsaverroes.juntadeandalucia.es\/pre\/ceip\/?page_id=35"},"modified":"2023-07-07T09:17:19","modified_gmt":"2023-07-07T09:17:19","slug":"el-centro-2","status":"publish","type":"page","link":"https:\/\/blogsaverroes.juntadeandalucia.es\/iesjosealcantara\/el-centro-2\/","title":{"rendered":"Datos del centro"},"content":{"rendered":"<p><a href=\"https:\/\/blogsaverroes.juntadeandalucia.es\/iesjosealcantara\/files\/2017\/11\/74C204C6-860F-4289-8983-868B54F6E987.jpeg\"><img loading=\"lazy\" decoding=\"async\" class=\"aligncenter wp-image-2289 size-large\" src=\"https:\/\/blogsaverroes.juntadeandalucia.es\/iesjosealcantara\/files\/2017\/11\/74C204C6-860F-4289-8983-868B54F6E987-1024x851.jpeg\" alt=\"\" width=\"660\" height=\"548\" srcset=\"https:\/\/blogsaverroes.juntadeandalucia.es\/iesjosealcantara\/files\/2017\/11\/74C204C6-860F-4289-8983-868B54F6E987-1024x851.jpeg 1024w, https:\/\/blogsaverroes.juntadeandalucia.es\/iesjosealcantara\/files\/2017\/11\/74C204C6-860F-4289-8983-868B54F6E987-300x249.jpeg 300w, https:\/\/blogsaverroes.juntadeandalucia.es\/iesjosealcantara\/files\/2017\/11\/74C204C6-860F-4289-8983-868B54F6E987-768x638.jpeg 768w, https:\/\/blogsaverroes.juntadeandalucia.es\/iesjosealcantara\/files\/2017\/11\/74C204C6-860F-4289-8983-868B54F6E987-700x582.jpeg 700w, https:\/\/blogsaverroes.juntadeandalucia.es\/iesjosealcantara\/files\/2017\/11\/74C204C6-860F-4289-8983-868B54F6E987-24x20.jpeg 24w, https:\/\/blogsaverroes.juntadeandalucia.es\/iesjosealcantara\/files\/2017\/11\/74C204C6-860F-4289-8983-868B54F6E987-36x30.jpeg 36w, https:\/\/blogsaverroes.juntadeandalucia.es\/iesjosealcantara\/files\/2017\/11\/74C204C6-860F-4289-8983-868B54F6E987-48x40.jpeg 48w, https:\/\/blogsaverroes.juntadeandalucia.es\/iesjosealcantara\/files\/2017\/11\/74C204C6-860F-4289-8983-868B54F6E987.jpeg 1249w\" sizes=\"(max-width: 660px) 100vw, 660px\" \/><\/a><\/p>\n<h4><strong>Datos de contacto<\/strong><\/h4>\n<p>I.E.S. JOS\u00c9 ALC\u00c1NTARA&nbsp;<\/p>\n<p><strong>Direcci\u00f3n:<\/strong>&nbsp; Plaza del Maestro s\/n. &nbsp;14240 Belmez. C\u00d3RDOBA.<\/p>\n<p><strong>Tel\u00e9fono: 957 57 99 12<\/strong><br \/>\n<strong>Email:<\/strong>&nbsp;14700493.edu@juntadeandalucia.es<\/p>\n<h4><strong>Horarios<\/strong><\/h4>\n<p>Lunes a viernes de 8:30 a 15:00<\/p>\n<h4><strong>Oferta educativa<\/strong><\/h4>\n<p>&#8211; 1\u00ba a 4\u00ba E.S.O.<\/p>\n<p>&#8211; 3\u00ba y 4\u00ba Programa de Diversificaci\u00f3n.<\/p>\n<p>&#8211; Ense\u00f1anzas de educaci\u00f3n espec\u00edfica.<\/p>\n<h4>&nbsp;<\/h4>\n","protected":false},"excerpt":{"rendered":"<p>Datos de contacto I.E.S. JOS\u00c9 ALC\u00c1NTARA&nbsp; Direcci\u00f3n:&nbsp; Plaza del Maestro s\/n. &nbsp;14240 Belmez. C\u00d3RDOBA. Tel\u00e9fono: 957 57 99 12 Email:&nbsp;14700493.edu@juntadeandalucia.es Horarios Lunes a viernes de&hellip;<\/p>\n","protected":false},"author":1,"featured_media":0,"parent":0,"menu_order":0,"comment_status":"closed","ping_status":"closed","template":"","meta":{"ngg_post_thumbnail":0,"footnotes":"","_mc_calendar":[]},"aioseo_notices":[],"_links":{"self":[{"href":"https:\/\/blogsaverroes.juntadeandalucia.es\/iesjosealcantara\/wp-json\/wp\/v2\/pages\/35"}],"collection":[{"href":"https:\/\/blogsaverroes.juntadeandalucia.es\/iesjosealcantara\/wp-json\/wp\/v2\/pages"}],"about":[{"href":"https:\/\/blogsaverroes.juntadeandalucia.es\/iesjosealcantara\/wp-json\/wp\/v2\/types\/page"}],"author":[{"embeddable":true,"href":"https:\/\/blogsaverroes.juntadeandalucia.es\/iesjosealcantara\/wp-json\/wp\/v2\/users\/1"}],"replies":[{"embeddable":true,"href":"https:\/\/blogsaverroes.juntadeandalucia.es\/iesjosealcantara\/wp-json\/wp\/v2\/comments?post=35"}],"version-history":[{"count":10,"href":"https:\/\/blogsaverroes.juntadeandalucia.es\/iesjosealcantara\/wp-json\/wp\/v2\/pages\/35\/revisions"}],"predecessor-version":[{"id":3086,"href":"https:\/\/blogsaverroes.juntadeandalucia.es\/iesjosealcantara\/wp-json\/wp\/v2\/pages\/35\/revisions\/3086"}],"wp:attachment":[{"href":"https:\/\/blogsaverroes.juntadeandalucia.es\/iesjosealcantara\/wp-json\/wp\/v2\/media?parent=35"}],"curies":[{"name":"wp","href":"https:\/\/api.w.org\/{rel}","templated":true}]}}