{"id":2834,"date":"2020-06-15T11:18:09","date_gmt":"2020-06-15T10:18:09","guid":{"rendered":"http:\/\/iesjosecaballero.es\/web\/?page_id=2834"},"modified":"2025-06-03T00:09:48","modified_gmt":"2025-06-02T23:09:48","slug":"admision-y-matriculacion-ciclos-formativos","status":"publish","type":"page","link":"https:\/\/blogsaverroes.juntadeandalucia.es\/iesjosecaballero\/admision-y-matriculacion-ciclos-formativos\/","title":{"rendered":"Admisi\u00f3n y Matr\u00edcula en Ciclos Formativos (OFERTA COMPLETA)"},"content":{"rendered":"<h4 style=\"text-align: center\"><span style=\"font-size: 18pt\"><strong><span style=\"text-decoration: underline\">Calendario de admisi\u00f3n y matr\u00edcula 24\/25 CFGMedio y Superior Oferta Completa<\/span><\/strong><\/span><\/h4>\n<p><img loading=\"lazy\" decoding=\"async\" class=\"aligncenter size-large wp-image-6892\" src=\"https:\/\/blogsaverroes.juntadeandalucia.es\/iesjosecaballero\/files\/2025\/06\/Captura-de-pantalla-82-1024x715.png\" alt=\"\" width=\"1024\" height=\"715\" srcset=\"https:\/\/blogsaverroes.juntadeandalucia.es\/iesjosecaballero\/files\/2025\/06\/Captura-de-pantalla-82-1024x715.png 1024w, https:\/\/blogsaverroes.juntadeandalucia.es\/iesjosecaballero\/files\/2025\/06\/Captura-de-pantalla-82-980x685.png 980w, https:\/\/blogsaverroes.juntadeandalucia.es\/iesjosecaballero\/files\/2025\/06\/Captura-de-pantalla-82-480x335.png 480w\" sizes=\"(min-width: 0px) and (max-width: 480px) 480px, (min-width: 481px) and (max-width: 980px) 980px, (min-width: 981px) 1024px, 100vw\" \/><\/p>\n<p>&nbsp;<\/p>\n<p>&nbsp;<\/p>\n<h4 style=\"text-align: center\"><span style=\"text-decoration: underline;font-size: 18pt\"><strong>C\u00f3mo realizar el procedimiento:<\/strong><\/span><\/h4>\n<ul style=\"text-align: justify\">\n<li><strong>De forma telem\u00e1tica<\/strong>&nbsp;<span style=\"color: #ff0000\">(recomendable)<\/span>:&nbsp; a trav\u00e9s del formulario habilitado en la&nbsp;<a href=\"https:\/\/www.juntadeandalucia.es\/educacion\/secretariavirtual\/solicitudes\/\">Secretar\u00eda Virtual de los&nbsp;Centros Educativos.<\/a><\/li>\n<\/ul>\n<p><img loading=\"lazy\" decoding=\"async\" class=\"alignnone size-full wp-image-2778 aligncenter\" src=\"https:\/\/blogsaverroes.juntadeandalucia.es\/iesjosecaballero\/files\/2020\/05\/secretariavirtual.jpg\" alt=\"\" width=\"280\" height=\"150\"><\/p>\n<p style=\"text-align: justify;padding-left: 30px\">Para la realizaci\u00f3n del procedimiento ser\u00e1 necesaria la clave iANDe o Certificado Digital. M\u00e1s informaci\u00f3n sobre c\u00f3mo obtener la clave iANDe en este <a href=\"http:\/\/iesjosecaballero.es\/web\/?p=2774\">ENLACE&nbsp;<\/a><\/p>\n<ul>\n<li style=\"text-align: justify\"><strong>De forma presencial:<\/strong> Excepcionalmente, quien no disponga de los medios en casa ,podr\u00e1&nbsp;realizar el procedimiento de forma presencial en el instituto .<\/li>\n<\/ul>\n<p>&nbsp;<\/p>\n<h4 style=\"text-align: center\"><span style=\"font-size: 18pt\"><strong><span style=\"text-decoration: underline\">Requisitos de Acceso&nbsp;<\/span><\/strong><\/span><\/h4>\n<h4>A&nbsp;<strong>ciclos formativos de grado medio<\/strong>:<\/h4>\n<ol>\n<li style=\"text-align: justify\">Estar en posesi\u00f3n de, al menos, uno de los siguientes t\u00edtulos:\n<ol>\n<li>T\u00edtulo de Graduado en Educaci\u00f3n Secundaria Obligatoria.<\/li>\n<li>T\u00edtulo de T\u00e9cnico B\u00e1sico.<\/li>\n<\/ol>\n<\/li>\n<li style=\"text-align: justify\">Haber superado un curso de formaci\u00f3n espec\u00edfico preparatorio para el acceso a ciclos formativos de grado medio en centros p\u00fablicos o privados autorizados por la administraci\u00f3n educativa, tener diecisiete a\u00f1os como m\u00ednimo, cumplidos en el a\u00f1o de realizaci\u00f3n del curso.<\/li>\n<li style=\"text-align: justify\">Haber superado una prueba de acceso a ciclos formativos de grado medio y tener diecisiete a\u00f1os como m\u00ednimo, cumplidos en el a\u00f1o de realizaci\u00f3n de la prueba.<\/li>\n<\/ol>\n<h4><strong>A&nbsp;ciclos formativos de grado superior:<\/strong><\/h4>\n<ol>\n<li style=\"text-align: justify\">Estar en posesi\u00f3n de, al menos, uno de los siguientes t\u00edtulos:\n<ol>\n<li>T\u00edtulo de Bachiller.<\/li>\n<li>T\u00edtulo de T\u00e9cnico de Grado Medio de Formaci\u00f3n Profesional.<\/li>\n<li>T\u00edtulo de T\u00e9cnico Superior de Formaci\u00f3n Profesional.<\/li>\n<li>T\u00edtulo de grado universitario.<\/li>\n<\/ol>\n<\/li>\n<li style=\"text-align: justify\">Haber superado una prueba de acceso a ciclos formativos de grado superior y tener diecinueve a\u00f1os como m\u00ednimo, cumplidos en el a\u00f1o de realizaci\u00f3n de la prueba, o haber superado la prueba de acceso a la universidad para mayores de 25 a\u00f1os.<\/li>\n<li style=\"text-align: justify\">Haber superado un curso de formaci\u00f3n espec\u00edfico preparatorio para el acceso a ciclos formativos de grado superior en centros p\u00fablicos o privados autorizados por la administraci\u00f3n educativa, tener diecinueve a\u00f1os como m\u00ednimo, cumplidos en el a\u00f1o de realizaci\u00f3n del curso.<\/li>\n<\/ol>\n<p style=\"text-align: center\"><a href=\"https:\/\/www.juntadeandalucia.es\/educacion\/portales\/web\/escolarizacion\/fp\/oferta-completa-presencial-curso-acceso-ciclos-formativos-grado-medio-grado-superior\">MAS INFORMACI\u00d3N<\/a><\/p>\n<p style=\"text-align: justify\">&nbsp;<\/p>\n","protected":false},"excerpt":{"rendered":"<p>Calendario de admisi\u00f3n y matr\u00edcula 24\/25 CFGMedio y Superior Oferta Completa &nbsp; &nbsp; C\u00f3mo realizar el procedimiento: De forma telem\u00e1tica&nbsp;(recomendable):&nbsp; a trav\u00e9s del formulario habilitado en la&nbsp;Secretar\u00eda Virtual de los&nbsp;Centros Educativos. Para la realizaci\u00f3n del procedimiento ser\u00e1 necesaria la clave iANDe o Certificado Digital. M\u00e1s informaci\u00f3n sobre c\u00f3mo obtener la clave iANDe en este ENLACE&nbsp; [&hellip;]<\/p>\n","protected":false},"author":13618,"featured_media":0,"parent":0,"menu_order":0,"comment_status":"closed","ping_status":"closed","template":"","meta":{"_et_pb_use_builder":"","_et_pb_old_content":"","_et_gb_content_width":"","ngg_post_thumbnail":0,"footnotes":""},"aioseo_notices":[],"_links":{"self":[{"href":"https:\/\/blogsaverroes.juntadeandalucia.es\/iesjosecaballero\/wp-json\/wp\/v2\/pages\/2834"}],"collection":[{"href":"https:\/\/blogsaverroes.juntadeandalucia.es\/iesjosecaballero\/wp-json\/wp\/v2\/pages"}],"about":[{"href":"https:\/\/blogsaverroes.juntadeandalucia.es\/iesjosecaballero\/wp-json\/wp\/v2\/types\/page"}],"author":[{"embeddable":true,"href":"https:\/\/blogsaverroes.juntadeandalucia.es\/iesjosecaballero\/wp-json\/wp\/v2\/users\/13618"}],"replies":[{"embeddable":true,"href":"https:\/\/blogsaverroes.juntadeandalucia.es\/iesjosecaballero\/wp-json\/wp\/v2\/comments?post=2834"}],"version-history":[{"count":11,"href":"https:\/\/blogsaverroes.juntadeandalucia.es\/iesjosecaballero\/wp-json\/wp\/v2\/pages\/2834\/revisions"}],"predecessor-version":[{"id":5521,"href":"https:\/\/blogsaverroes.juntadeandalucia.es\/iesjosecaballero\/wp-json\/wp\/v2\/pages\/2834\/revisions\/5521"}],"wp:attachment":[{"href":"https:\/\/blogsaverroes.juntadeandalucia.es\/iesjosecaballero\/wp-json\/wp\/v2\/media?parent=2834"}],"curies":[{"name":"wp","href":"https:\/\/api.w.org\/{rel}","templated":true}]}}

Admisión y Matrícula en Ciclos Formativos (OFERTA COMPLETA)

<h4 style="text-align: center"><span style="font-size: 18pt"><strong><span style="text-decoration: underline">Calendario de admisión y matrícula 24/25 CFGMedio y Superior Oferta Completa</span></strong></span></h4>
<p><img loading="lazy" decoding="async" class="aligncenter size-large wp-image-6892" src="https://blogsaverroes.juntadeandalucia.es/iesjosecaballero/files/2025/06/Captura-de-pantalla-82-1024x715.png" alt="" width="1024" height="715" srcset="https://blogsaverroes.juntadeandalucia.es/iesjosecaballero/files/2025/06/Captura-de-pantalla-82-1024x715.png 1024w, https://blogsaverroes.juntadeandalucia.es/iesjosecaballero/files/2025/06/Captura-de-pantalla-82-980x685.png 980w, https://blogsaverroes.juntadeandalucia.es/iesjosecaballero/files/2025/06/Captura-de-pantalla-82-480x335.png 480w" sizes="(min-width: 0px) and (max-width: 480px) 480px, (min-width: 481px) and (max-width: 980px) 980px, (min-width: 981px) 1024px, 100vw" /></p>
<p>&nbsp;</p>
<p>&nbsp;</p>
<h4 style="text-align: center"><span style="text-decoration: underline;font-size: 18pt"><strong>Cómo realizar el procedimiento:</strong></span></h4>
<ul style="text-align: justify">
<li><strong>De forma telemática</strong>&nbsp;<span style="color: #ff0000">(recomendable)</span>:&nbsp; a través del formulario habilitado en la&nbsp;<a href="https://www.juntadeandalucia.es/educacion/secretariavirtual/solicitudes/">Secretaría Virtual de los&nbsp;Centros Educativos.</a></li>
</ul>
<p><img loading="lazy" decoding="async" class="alignnone size-full wp-image-2778 aligncenter" src="https://blogsaverroes.juntadeandalucia.es/iesjosecaballero/files/2020/05/secretariavirtual.jpg" alt="" width="280" height="150"></p>
<p style="text-align: justify;padding-left: 30px">Para la realización del procedimiento será necesaria la clave iANDe o Certificado Digital. Más información sobre cómo obtener la clave iANDe en este <a href="http://iesjosecaballero.es/web/?p=2774">ENLACE&nbsp;</a></p>
<ul>
<li style="text-align: justify"><strong>De forma presencial:</strong> Excepcionalmente, quien no disponga de los medios en casa ,podrá&nbsp;realizar el procedimiento de forma presencial en el instituto .</li>
</ul>
<p>&nbsp;</p>
<h4 style="text-align: center"><span style="font-size: 18pt"><strong><span style="text-decoration: underline">Requisitos de Acceso&nbsp;</span></strong></span></h4>
<h4>A&nbsp;<strong>ciclos formativos de grado medio</strong>:</h4>
<ol>
<li style="text-align: justify">Estar en posesión de, al menos, uno de los siguientes títulos:
<ol>
<li>Título de Graduado en Educación Secundaria Obligatoria.</li>
<li>Título de Técnico Básico.</li>
</ol>
</li>
<li style="text-align: justify">Haber superado un curso de formación específico preparatorio para el acceso a ciclos formativos de grado medio en centros públicos o privados autorizados por la administración educativa, tener diecisiete años como mínimo, cumplidos en el año de realización del curso.</li>
<li style="text-align: justify">Haber superado una prueba de acceso a ciclos formativos de grado medio y tener diecisiete años como mínimo, cumplidos en el año de realización de la prueba.</li>
</ol>
<h4><strong>A&nbsp;ciclos formativos de grado superior:</strong></h4>
<ol>
<li style="text-align: justify">Estar en posesión de, al menos, uno de los siguientes títulos:
<ol>
<li>Título de Bachiller.</li>
<li>Título de Técnico de Grado Medio de Formación Profesional.</li>
<li>Título de Técnico Superior de Formación Profesional.</li>
<li>Título de grado universitario.</li>
</ol>
</li>
<li style="text-align: justify">Haber superado una prueba de acceso a ciclos formativos de grado superior y tener diecinueve años como mínimo, cumplidos en el año de realización de la prueba, o haber superado la prueba de acceso a la universidad para mayores de 25 años.</li>
<li style="text-align: justify">Haber superado un curso de formación específico preparatorio para el acceso a ciclos formativos de grado superior en centros públicos o privados autorizados por la administración educativa, tener diecinueve años como mínimo, cumplidos en el año de realización del curso.</li>
</ol>
<p style="text-align: center"><a href="https://www.juntadeandalucia.es/educacion/portales/web/escolarizacion/fp/oferta-completa-presencial-curso-acceso-ciclos-formativos-grado-medio-grado-superior">MAS INFORMACIÓN</a></p>
<p style="text-align: justify">&nbsp;</p>

<p>Calendario de admisión y matrícula 24/25 CFGMedio y Superior Oferta Completa &nbsp; &nbsp; Cómo realizar el procedimiento: De forma telemática&nbsp;(recomendable):&nbsp; a través del formulario habilitado en la&nbsp;Secretaría Virtual de los&nbsp;Centros Educativos. Para la realización del procedimiento será necesaria la clave iANDe o Certificado Digital. Más información sobre cómo obtener la clave iANDe en este ENLACE&nbsp; [&hellip;]</p>
