{"id":2851,"date":"2020-06-15T11:22:23","date_gmt":"2020-06-15T10:22:23","guid":{"rendered":"http:\/\/iesjosecaballero.es\/web\/?page_id=2851"},"modified":"2023-06-15T20:03:28","modified_gmt":"2023-06-15T19:03:28","slug":"matriculacion-pevau-selectividad","status":"publish","type":"page","link":"https:\/\/blogsaverroes.juntadeandalucia.es\/iesjosecaballero\/matriculacion-pevau-selectividad\/","title":{"rendered":"MATR\u00cdCULA PEvAU (&#8220;Selectividad&#8221;)"},"content":{"rendered":"<p>Acceso a la p\u00e1gina de Gesti\u00f3n Acad\u00e9mica en el siguiente enlace:<\/p>\n<p><a href=\"http:\/\/www.uhu.es\/gestion-academica\/acceso\/grado\/vias-de-acceso\/pevau\">http:\/\/www.uhu.es\/gestion-academica\/acceso\/grado\/vias-de-acceso\/pevau<\/a><\/p>\n<p>&nbsp;<\/p>\n<p>&nbsp;<\/p>\n","protected":false},"excerpt":{"rendered":"<p>Acceso a la p\u00e1gina de Gesti\u00f3n Acad\u00e9mica en el siguiente enlace: http:\/\/www.uhu.es\/gestion-academica\/acceso\/grado\/vias-de-acceso\/pevau &nbsp; &nbsp;<\/p>\n","protected":false},"author":13618,"featured_media":0,"parent":0,"menu_order":0,"comment_status":"closed","ping_status":"closed","template":"","meta":{"_et_pb_use_builder":"","_et_pb_old_content":"","_et_gb_content_width":"","ngg_post_thumbnail":0,"footnotes":""},"aioseo_notices":[],"_links":{"self":[{"href":"https:\/\/blogsaverroes.juntadeandalucia.es\/iesjosecaballero\/wp-json\/wp\/v2\/pages\/2851"}],"collection":[{"href":"https:\/\/blogsaverroes.juntadeandalucia.es\/iesjosecaballero\/wp-json\/wp\/v2\/pages"}],"about":[{"href":"https:\/\/blogsaverroes.juntadeandalucia.es\/iesjosecaballero\/wp-json\/wp\/v2\/types\/page"}],"author":[{"embeddable":true,"href":"https:\/\/blogsaverroes.juntadeandalucia.es\/iesjosecaballero\/wp-json\/wp\/v2\/users\/13618"}],"replies":[{"embeddable":true,"href":"https:\/\/blogsaverroes.juntadeandalucia.es\/iesjosecaballero\/wp-json\/wp\/v2\/comments?post=2851"}],"version-history":[{"count":5,"href":"https:\/\/blogsaverroes.juntadeandalucia.es\/iesjosecaballero\/wp-json\/wp\/v2\/pages\/2851\/revisions"}],"predecessor-version":[{"id":4906,"href":"https:\/\/blogsaverroes.juntadeandalucia.es\/iesjosecaballero\/wp-json\/wp\/v2\/pages\/2851\/revisions\/4906"}],"wp:attachment":[{"href":"https:\/\/blogsaverroes.juntadeandalucia.es\/iesjosecaballero\/wp-json\/wp\/v2\/media?parent=2851"}],"curies":[{"name":"wp","href":"https:\/\/api.w.org\/{rel}","templated":true}]}}