{"id":2910,"date":"2020-06-24T23:33:18","date_gmt":"2020-06-24T22:33:18","guid":{"rendered":"http:\/\/iesjosecaballero.es\/web\/?page_id=2910"},"modified":"2025-10-29T23:48:38","modified_gmt":"2025-10-29T22:48:38","slug":"ayuda-desplazamiento-fct-fp-dual","status":"publish","type":"page","link":"https:\/\/blogsaverroes.juntadeandalucia.es\/iesjosecaballero\/ayuda-desplazamiento-fct-fp-dual\/","title":{"rendered":"AYUDA DESPLAZAMIENTO FCT\/FP DUAL"},"content":{"rendered":"<p style=\"text-align: center\"><span style=\"font-size: 18pt\">PENDIENTE DE PUBLICAR LA CONVOCATORIA 2023<\/span><\/p>\n<p style=\"text-align: justify\">Una vez publicada la convocatoria, la solicitud de ayuda se deber\u00e1 cumplimentar&nbsp;<strong>OBLIGATORIAMENTE entre&nbsp; &nbsp; &nbsp; &nbsp; &nbsp; &nbsp; mediante el formulario electr\u00f3nico<\/strong> que se encuentra disponible en <a href=\"https:\/\/www.juntadeandalucia.es\/educacion\/secretariavirtual\/\">Secretar\u00eda Virtual<\/a><\/p>\n<p>Es <strong><span style=\"color: #ff0000\">obligatorio entregar en el instituto la documentaci\u00f3n acreditativa de asistencia<\/span><\/strong> <strong><span style=\"color: #ff0000\">a la empresa<\/span>,<\/strong> firmada y sellada por el tutor o tutora laboral, con indicaci\u00f3n expresa del n\u00famero de jornadas realizadas.<\/p>\n<p>Hay dos formas de hacer el tr\u00e1mite:<\/p>\n<ol>\n<li style=\"text-align: justify\"><span style=\"text-decoration: underline\"><strong>UTILIZANDO CLAVE iANDE o CERTIFICADO DIGITAL (opci\u00f3n recomendada)<\/strong><\/span>, con los que podr\u00e1 firmar digitalmente el formulario de solicitud de ayuda en la Secretar\u00eda Virtual, <strong>d\u00e1ndose por finalizada la presentaci\u00f3n<\/strong> de la solicitud con este tr\u00e1mite.<\/li>\n<\/ol>\n<p style=\"padding-left: 30px\">\u00bfQu\u00e9 documentaci\u00f3n tienes que aportar al instituto si lo haces por esta v\u00eda?<\/p>\n<p style=\"padding-left: 30px\"><span style=\"color: #ff0000\"><strong>Documentaci\u00f3n acreditativa de asistencia<\/strong> <strong>a la empresa,<\/strong><\/span> firmada y sellada por el tutor o tutora laboral, con indicaci\u00f3n expresa del n\u00famero de jornadas realizadas.<\/p>\n<p style=\"padding-left: 30px\">Es obligatorio que nos lo hagas llegar a trav\u00e9s de tu tutor\/a o mediante entrega en secretar\u00eda.<\/p>\n<p style=\"text-align: justify;padding-left: 30px\">2. <b><u>SIN NECESIDAD DE CLAVE ALGUNA<\/u><\/b>, cumplimentando el formulario de solicitud disponible en la Secretar\u00eda Virtual,&nbsp;<img loading=\"lazy\" decoding=\"async\" class=\"alignnone wp-image-2915\" src=\"https:\/\/blogsaverroes.juntadeandalucia.es\/iesjosecaballero\/files\/2020\/06\/Imagen1.png\" alt=\"\" width=\"185\" height=\"64\">el cual, posteriormente, <strong>se deber\u00e1 imprimir y presentar presencialmente<\/strong>, <strong>en la secretaria del instituto<\/strong>, <strong>junto con el Anexo I bis<\/strong> de la Orden de 2 de marzo de 2017, una vez recabada la firma de todos los miembros de la unidad familiar mayores de 16 a\u00f1os a fecha del ejercicio fiscal del IRPF inmediatamente anterior con plazo de presentaci\u00f3n vencido a la fecha de finalizaci\u00f3n del periodo de presentaci\u00f3n de la solicitud.<\/p>\n<p style=\"text-align: justify;padding-left: 30px\"><strong>Tambi\u00e9n se debe entregar la documentaci\u00f3n acreditativa de asistencia<\/strong> <strong>a la empresa,<\/strong> firmada y sellada por el tutor o tutora laboral, con indicaci\u00f3n expresa del n\u00famero de jornadas realizadas.<\/p>\n","protected":false},"excerpt":{"rendered":"<p>PENDIENTE DE PUBLICAR LA CONVOCATORIA 2023 Una vez publicada la convocatoria, la solicitud de ayuda se deber\u00e1 cumplimentar&nbsp;OBLIGATORIAMENTE entre&nbsp; &nbsp; &nbsp; &nbsp; &nbsp; &nbsp; mediante el formulario electr\u00f3nico que se encuentra disponible en Secretar\u00eda Virtual Es obligatorio entregar en el instituto la documentaci\u00f3n acreditativa de asistencia a la empresa, firmada y sellada por el tutor [&hellip;]<\/p>\n","protected":false},"author":13618,"featured_media":0,"parent":0,"menu_order":0,"comment_status":"closed","ping_status":"closed","template":"","meta":{"_et_pb_use_builder":"on","_et_pb_old_content":"<p style=\"text-align: center\"><span style=\"font-size: 18pt\">PENDIENTE DE PUBLICAR LA CONVOCATORIA 2023<\/span><\/p>\r\n<p style=\"text-align: justify\">Una vez publicada la convocatoria, la solicitud de ayuda se deber\u00e1 cumplimentar&nbsp;<strong>OBLIGATORIAMENTE entre&nbsp; &nbsp; &nbsp; &nbsp; &nbsp; &nbsp; mediante el formulario electr\u00f3nico<\/strong> que se encuentra disponible en <a href=\"https:\/\/www.juntadeandalucia.es\/educacion\/secretariavirtual\/\">Secretar\u00eda Virtual<\/a><\/p>\r\nEs <strong><span style=\"color: #ff0000\">obligatorio entregar en el instituto la documentaci\u00f3n acreditativa de asistencia<\/span><\/strong> <strong><span style=\"color: #ff0000\">a la empresa<\/span>,<\/strong> firmada y sellada por el tutor o tutora laboral, con indicaci\u00f3n expresa del n\u00famero de jornadas realizadas.\r\n\r\nHay dos formas de hacer el tr\u00e1mite:\r\n<ol>\r\n \t<li style=\"text-align: justify\"><span style=\"text-decoration: underline\"><strong>UTILIZANDO CLAVE iANDE o CERTIFICADO DIGITAL (opci\u00f3n recomendada)<\/strong><\/span>, con los que podr\u00e1 firmar digitalmente el formulario de solicitud de ayuda en la Secretar\u00eda Virtual, <strong>d\u00e1ndose por finalizada la presentaci\u00f3n<\/strong> de la solicitud con este tr\u00e1mite.<\/li>\r\n<\/ol>\r\n<p style=\"padding-left: 30px\">\u00bfQu\u00e9 documentaci\u00f3n tienes que aportar al instituto si lo haces por esta v\u00eda?<\/p>\r\n<p style=\"padding-left: 30px\"><span style=\"color: #ff0000\"><strong>Documentaci\u00f3n acreditativa de asistencia<\/strong> <strong>a la empresa,<\/strong><\/span> firmada y sellada por el tutor o tutora laboral, con indicaci\u00f3n expresa del n\u00famero de jornadas realizadas.<\/p>\r\n<p style=\"padding-left: 30px\">Es obligatorio que nos lo hagas llegar a trav\u00e9s de tu tutor\/a o mediante entrega en secretar\u00eda.<\/p>\r\n<p style=\"text-align: justify;padding-left: 30px\">2. <b><u>SIN NECESIDAD DE CLAVE ALGUNA<\/u><\/b>, cumplimentando el formulario de solicitud disponible en la Secretar\u00eda Virtual,&nbsp;<img class=\"alignnone wp-image-2915\" src=\"https:\/\/blogsaverroes.juntadeandalucia.es\/iesjosecaballero\/files\/2020\/06\/Imagen1.png\" alt=\"\" width=\"185\" height=\"64\">el cual, posteriormente, <strong>se deber\u00e1 imprimir y presentar presencialmente<\/strong>, <strong>en la secretaria del instituto<\/strong>, <strong>junto con el Anexo I bis<\/strong> de la Orden de 2 de marzo de 2017, una vez recabada la firma de todos los miembros de la unidad familiar mayores de 16 a\u00f1os a fecha del ejercicio fiscal del IRPF inmediatamente anterior con plazo de presentaci\u00f3n vencido a la fecha de finalizaci\u00f3n del periodo de presentaci\u00f3n de la solicitud.<\/p>\r\n<p style=\"text-align: justify;padding-left: 30px\"><strong>Tambi\u00e9n se debe entregar la documentaci\u00f3n acreditativa de asistencia<\/strong> <strong>a la empresa,<\/strong> firmada y sellada por el tutor o tutora laboral, con indicaci\u00f3n expresa del n\u00famero de jornadas realizadas.<\/p>","_et_gb_content_width":"","ngg_post_thumbnail":0,"footnotes":""},"aioseo_notices":[],"_links":{"self":[{"href":"https:\/\/blogsaverroes.juntadeandalucia.es\/iesjosecaballero\/wp-json\/wp\/v2\/pages\/2910"}],"collection":[{"href":"https:\/\/blogsaverroes.juntadeandalucia.es\/iesjosecaballero\/wp-json\/wp\/v2\/pages"}],"about":[{"href":"https:\/\/blogsaverroes.juntadeandalucia.es\/iesjosecaballero\/wp-json\/wp\/v2\/types\/page"}],"author":[{"embeddable":true,"href":"https:\/\/blogsaverroes.juntadeandalucia.es\/iesjosecaballero\/wp-json\/wp\/v2\/users\/13618"}],"replies":[{"embeddable":true,"href":"https:\/\/blogsaverroes.juntadeandalucia.es\/iesjosecaballero\/wp-json\/wp\/v2\/comments?post=2910"}],"version-history":[{"count":6,"href":"https:\/\/blogsaverroes.juntadeandalucia.es\/iesjosecaballero\/wp-json\/wp\/v2\/pages\/2910\/revisions"}],"predecessor-version":[{"id":7094,"href":"https:\/\/blogsaverroes.juntadeandalucia.es\/iesjosecaballero\/wp-json\/wp\/v2\/pages\/2910\/revisions\/7094"}],"wp:attachment":[{"href":"https:\/\/blogsaverroes.juntadeandalucia.es\/iesjosecaballero\/wp-json\/wp\/v2\/media?parent=2910"}],"curies":[{"name":"wp","href":"https:\/\/api.w.org\/{rel}","templated":true}]}}