{"id":3810,"date":"2021-10-14T22:32:12","date_gmt":"2021-10-14T21:32:12","guid":{"rendered":"https:\/\/blogsaverroes.juntadeandalucia.es\/iesjosecaballero\/?page_id=3810"},"modified":"2022-06-01T21:13:47","modified_gmt":"2022-06-01T20:13:47","slug":"formacion-profesional","status":"publish","type":"page","link":"https:\/\/blogsaverroes.juntadeandalucia.es\/iesjosecaballero\/formacion-profesional\/","title":{"rendered":"Formaci\u00f3n Profesional"},"content":{"rendered":"<p>Dentro de la oferta de&nbsp;<strong>Ciclos Formativos de la rama Sanitaria del IES Jos\u00e9 Caballero<\/strong>&nbsp;tenemos los siguientes:<\/p>\n<h5><strong>CICLO FORMATIVO DE GRADO MEDIO<\/strong><\/h5>\n<ul>\n<li><b>Farmacia y Parafarmacia.&nbsp;<\/b>Tenemos tres grupos de Oferta Completa en 1\u00ba curso&nbsp; y tres de 2\u00ba curso. Una de las l\u00edneas es Biling\u00fce y algunas plazas se ofertan en modalidad DUAL.<\/li>\n<\/ul>\n<p><strong>CICLOS FORMATIVOS DE GRADO SUPERIOR<\/strong><\/p>\n<ul>\n<li><strong>Documentaci\u00f3n y Administraci\u00f3n Sanitaria.<\/strong>&nbsp;Tenemos un grupo de 1\u00ba y otro de 2\u00ba.<\/li>\n<li><strong>Pr\u00f3tesis Dental.<\/strong>&nbsp;Tenemos dos grupos de 1\u00ba y dos de 2\u00ba.<\/li>\n<li><strong>Audiolog\u00eda Prot\u00e9sica<\/strong>. Tenemos un grupo de 1\u00ba y otro de 2\u00ba.<\/li>\n<li><strong>Higiene Bucodental.&nbsp;<\/strong>Tenemos un grupo de 1\u00ba y otro de 2\u00ba. Este Ciclo Formativo se Oferta en&nbsp;Modalidad Dual al 100%&nbsp;de las plazas.<\/li>\n<\/ul>\n<p>Desde el curso 21-22 contamos con Aulas Biling\u00fces en los ciclos de Audiolog\u00eda Prot\u00e9sica y Pr\u00f3tesis Dental.<\/p>\n","protected":false},"excerpt":{"rendered":"<p>Dentro de la oferta de&nbsp;Ciclos Formativos de la rama Sanitaria del IES Jos\u00e9 Caballero&nbsp;tenemos los siguientes: CICLO FORMATIVO DE GRADO MEDIO Farmacia y Parafarmacia.&nbsp;Tenemos tres grupos de Oferta Completa en 1\u00ba curso&nbsp; y tres de 2\u00ba curso. Una de las l\u00edneas es Biling\u00fce y algunas plazas se ofertan en modalidad DUAL. CICLOS FORMATIVOS DE GRADO [&hellip;]<\/p>\n","protected":false},"author":13618,"featured_media":0,"parent":0,"menu_order":0,"comment_status":"closed","ping_status":"closed","template":"","meta":{"_et_pb_use_builder":"","_et_pb_old_content":"","_et_gb_content_width":"","ngg_post_thumbnail":0,"footnotes":""},"aioseo_notices":[],"_links":{"self":[{"href":"https:\/\/blogsaverroes.juntadeandalucia.es\/iesjosecaballero\/wp-json\/wp\/v2\/pages\/3810"}],"collection":[{"href":"https:\/\/blogsaverroes.juntadeandalucia.es\/iesjosecaballero\/wp-json\/wp\/v2\/pages"}],"about":[{"href":"https:\/\/blogsaverroes.juntadeandalucia.es\/iesjosecaballero\/wp-json\/wp\/v2\/types\/page"}],"author":[{"embeddable":true,"href":"https:\/\/blogsaverroes.juntadeandalucia.es\/iesjosecaballero\/wp-json\/wp\/v2\/users\/13618"}],"replies":[{"embeddable":true,"href":"https:\/\/blogsaverroes.juntadeandalucia.es\/iesjosecaballero\/wp-json\/wp\/v2\/comments?post=3810"}],"version-history":[{"count":2,"href":"https:\/\/blogsaverroes.juntadeandalucia.es\/iesjosecaballero\/wp-json\/wp\/v2\/pages\/3810\/revisions"}],"predecessor-version":[{"id":5448,"href":"https:\/\/blogsaverroes.juntadeandalucia.es\/iesjosecaballero\/wp-json\/wp\/v2\/pages\/3810\/revisions\/5448"}],"wp:attachment":[{"href":"https:\/\/blogsaverroes.juntadeandalucia.es\/iesjosecaballero\/wp-json\/wp\/v2\/media?parent=3810"}],"curies":[{"name":"wp","href":"https:\/\/api.w.org\/{rel}","templated":true}]}}

Formación Profesional

<p>Dentro de la oferta de&nbsp;<strong>Ciclos Formativos de la rama Sanitaria del IES José Caballero</strong>&nbsp;tenemos los siguientes:</p>
<h5><strong>CICLO FORMATIVO DE GRADO MEDIO</strong></h5>
<ul>
<li><b>Farmacia y Parafarmacia.&nbsp;</b>Tenemos tres grupos de Oferta Completa en 1º curso&nbsp; y tres de 2º curso. Una de las líneas es Bilingüe y algunas plazas se ofertan en modalidad DUAL.</li>
</ul>
<p><strong>CICLOS FORMATIVOS DE GRADO SUPERIOR</strong></p>
<ul>
<li><strong>Documentación y Administración Sanitaria.</strong>&nbsp;Tenemos un grupo de 1º y otro de 2º.</li>
<li><strong>Prótesis Dental.</strong>&nbsp;Tenemos dos grupos de 1º y dos de 2º.</li>
<li><strong>Audiología Protésica</strong>. Tenemos un grupo de 1º y otro de 2º.</li>
<li><strong>Higiene Bucodental.&nbsp;</strong>Tenemos un grupo de 1º y otro de 2º. Este Ciclo Formativo se Oferta en&nbsp;Modalidad Dual al 100%&nbsp;de las plazas.</li>
</ul>
<p>Desde el curso 21-22 contamos con Aulas Bilingües en los ciclos de Audiología Protésica y Prótesis Dental.</p>

<p>Dentro de la oferta de&nbsp;Ciclos Formativos de la rama Sanitaria del IES José Caballero&nbsp;tenemos los siguientes: CICLO FORMATIVO DE GRADO MEDIO Farmacia y Parafarmacia.&nbsp;Tenemos tres grupos de Oferta Completa en 1º curso&nbsp; y tres de 2º curso. Una de las líneas es Bilingüe y algunas plazas se ofertan en modalidad DUAL. CICLOS FORMATIVOS DE GRADO [&hellip;]</p>
