{"id":3811,"date":"2021-10-14T22:32:13","date_gmt":"2021-10-14T21:32:13","guid":{"rendered":"https:\/\/blogsaverroes.juntadeandalucia.es\/iesjosecaballero\/?page_id=3811"},"modified":"2021-12-09T09:44:22","modified_gmt":"2021-12-09T08:44:22","slug":"proyecto-simuladores","status":"publish","type":"page","link":"https:\/\/blogsaverroes.juntadeandalucia.es\/iesjosecaballero\/proyecto-simuladores\/","title":{"rendered":"Proyecto Simuladores"},"content":{"rendered":"<p style=\"text-align: justify\">Desde octubre a diciembre del presente curso acad\u00e9mico se est\u00e1 llevando a cabo un Proyecto para la incorporaci\u00f3n de simuladores en el aula. Concretamente se ha incorporado al Ciclo Formativo de Farmacia y Parafarmacia el programa de gesti\u00f3n Farmac\u00e9utica Farmatic.<\/p>\n<p style=\"text-align: justify\">Esta herramienta se est\u00e1 utilizando para realizar pr\u00e1cticas durante las clases de diferentes m\u00f3dulos profesionales. Con ello se consigue que el alumnado adquiera una formaci\u00f3n pr\u00e1ctica y directamente relacionada con las actividades profesionales diarias de la oficina de farmacia, consiguiendo de esta forma mejorar la empleabilidad del alumnado.<\/p>\n<p style=\"text-align: justify\">El proyecto se convoc\u00f3 mediante resoluci\u00f3n de 16 de junio de 2021, de la Direcci\u00f3n General de Formaci\u00f3n Profesional, por la que se convocan proyectos destinados a la Incorporaci\u00f3n de simuladores o mecanismos digitales en el aula o en el Taller para el refuerzo del aprendizaje en formaci\u00f3n profesional para el Curso 2021-2022.<\/p>\n<p style=\"text-align: justify\">Se lleva a cabo gracias a la empresa Tecinet, a la coordinadora del proyecto, al profesorado participante, y al alumnado del ciclo Formativo de farmacia y Parafarmacia.<\/p>\n<p><img loading=\"lazy\" decoding=\"async\" class=\"size-full wp-image-4331 aligncenter\" src=\"https:\/\/blogsaverroes.juntadeandalucia.es\/iesjosecaballero\/files\/2021\/12\/SIMFAR.png\" alt=\"\" width=\"519\" height=\"432\" srcset=\"https:\/\/blogsaverroes.juntadeandalucia.es\/iesjosecaballero\/files\/2021\/12\/SIMFAR.png 519w, https:\/\/blogsaverroes.juntadeandalucia.es\/iesjosecaballero\/files\/2021\/12\/SIMFAR-480x400.png 480w\" sizes=\"(min-width: 0px) and (max-width: 480px) 480px, (min-width: 481px) 519px, 100vw\" \/><\/p>\n","protected":false},"excerpt":{"rendered":"<p>Desde octubre a diciembre del presente curso acad\u00e9mico se est\u00e1 llevando a cabo un Proyecto para la incorporaci\u00f3n de simuladores en el aula. Concretamente se ha incorporado al Ciclo Formativo de Farmacia y Parafarmacia el programa de gesti\u00f3n Farmac\u00e9utica Farmatic. Esta herramienta se est\u00e1 utilizando para realizar pr\u00e1cticas durante las clases de diferentes m\u00f3dulos profesionales. [&hellip;]<\/p>\n","protected":false},"author":13618,"featured_media":0,"parent":0,"menu_order":0,"comment_status":"closed","ping_status":"closed","template":"","meta":{"_et_pb_use_builder":"","_et_pb_old_content":"","_et_gb_content_width":"","ngg_post_thumbnail":0,"footnotes":""},"aioseo_notices":[],"_links":{"self":[{"href":"https:\/\/blogsaverroes.juntadeandalucia.es\/iesjosecaballero\/wp-json\/wp\/v2\/pages\/3811"}],"collection":[{"href":"https:\/\/blogsaverroes.juntadeandalucia.es\/iesjosecaballero\/wp-json\/wp\/v2\/pages"}],"about":[{"href":"https:\/\/blogsaverroes.juntadeandalucia.es\/iesjosecaballero\/wp-json\/wp\/v2\/types\/page"}],"author":[{"embeddable":true,"href":"https:\/\/blogsaverroes.juntadeandalucia.es\/iesjosecaballero\/wp-json\/wp\/v2\/users\/13618"}],"replies":[{"embeddable":true,"href":"https:\/\/blogsaverroes.juntadeandalucia.es\/iesjosecaballero\/wp-json\/wp\/v2\/comments?post=3811"}],"version-history":[{"count":2,"href":"https:\/\/blogsaverroes.juntadeandalucia.es\/iesjosecaballero\/wp-json\/wp\/v2\/pages\/3811\/revisions"}],"predecessor-version":[{"id":4333,"href":"https:\/\/blogsaverroes.juntadeandalucia.es\/iesjosecaballero\/wp-json\/wp\/v2\/pages\/3811\/revisions\/4333"}],"wp:attachment":[{"href":"https:\/\/blogsaverroes.juntadeandalucia.es\/iesjosecaballero\/wp-json\/wp\/v2\/media?parent=3811"}],"curies":[{"name":"wp","href":"https:\/\/api.w.org\/{rel}","templated":true}]}}