{"id":4192,"date":"2021-10-29T20:43:05","date_gmt":"2021-10-29T19:43:05","guid":{"rendered":"https:\/\/blogsaverroes.juntadeandalucia.es\/iesjosecaballero\/?page_id=4192"},"modified":"2025-10-30T19:27:42","modified_gmt":"2025-10-30T18:27:42","slug":"erasmus-3","status":"publish","type":"page","link":"https:\/\/blogsaverroes.juntadeandalucia.es\/iesjosecaballero\/erasmus-3\/","title":{"rendered":"ERASMUS+ IES JOS\u00c9 CABALLERO"},"content":{"rendered":"<p>[et_pb_section fb_built=&#8221;1&#8243; admin_label=&#8221;Courses Hero&#8221; _builder_version=&#8221;4.16&#8243; background_color=&#8221;#e02b20&#8243; use_background_color_gradient=&#8221;on&#8221; background_color_gradient_direction=&#8221;179deg&#8221; background_color_gradient_stops=&#8221;#e02b20 39%|#e0534c 74%&#8221; background_color_gradient_start=&#8221;#e02b20&#8243; background_color_gradient_start_position=&#8221;39%&#8221; background_color_gradient_end=&#8221;#e0534c&#8221; background_color_gradient_end_position=&#8221;74%&#8221; background_enable_image=&#8221;off&#8221; background_blend=&#8221;overlay&#8221; height=&#8221;498px&#8221; max_height=&#8221;505px&#8221; custom_padding=&#8221;74px|0px|162px|0px|false|false&#8221; animation_style=&#8221;slide&#8221; animation_direction=&#8221;top&#8221; animation_intensity_slide=&#8221;2%&#8221; locked=&#8221;off&#8221; global_colors_info=&#8221;{}&#8221;][et_pb_row _builder_version=&#8221;4.16&#8243; background_color=&#8221;rgba(0,0,0,0)&#8221; background_size=&#8221;initial&#8221; background_position=&#8221;top_left&#8221; background_repeat=&#8221;repeat&#8221; custom_margin=&#8221;|||&#8221; custom_padding=&#8221;0px||86px|||&#8221; custom_width_px=&#8221;1280px&#8221; global_colors_info=&#8221;{}&#8221;][et_pb_column type=&#8221;4_4&#8243; _builder_version=&#8221;4.16&#8243; custom_padding=&#8221;|||&#8221; global_colors_info=&#8221;{}&#8221; custom_padding__hover=&#8221;|||&#8221;][et_pb_text _builder_version=&#8221;4.16&#8243; text_font_size=&#8221;19px&#8221; text_letter_spacing=&#8221;6px&#8221; text_line_height=&#8221;1.4em&#8221; header_font=&#8221;|on|||&#8221; header_font_size=&#8221;42px&#8221; header_line_height=&#8221;1.3em&#8221; background_color=&#8221;#ffffff&#8221; use_background_color_gradient=&#8221;on&#8221; background_color_gradient_direction=&#8221;174deg&#8221; background_color_gradient_stops=&#8221;rgba(0,0,0,0) 0%|rgba(0,0,0,0) 60%&#8221; background_color_gradient_start=&#8221;rgba(0,0,0,0)&#8221; background_color_gradient_end=&#8221;rgba(0,0,0,0)&#8221; background_color_gradient_end_position=&#8221;60%&#8221; background_size=&#8221;initial&#8221; background_position=&#8221;top_left&#8221; background_repeat=&#8221;repeat&#8221; text_orientation=&#8221;center&#8221; background_layout=&#8221;dark&#8221; width=&#8221;100%&#8221; width_tablet=&#8221;&#8221; width_phone=&#8221;&#8221; width_last_edited=&#8221;on|phone&#8221; max_width=&#8221;530px&#8221; module_alignment=&#8221;center&#8221; custom_margin=&#8221;|338px||||&#8221; custom_padding=&#8221;|||&#8221; header_font_size_tablet=&#8221;&#8221; header_font_size_phone=&#8221;&#8221; header_font_size_last_edited=&#8221;on|desktop&#8221; border_radii=&#8221;on|16px|16px|16px|16px&#8221; border_color_all=&#8221;rgba(0,0,0,0)&#8221; box_shadow_style=&#8221;preset2&#8243; locked=&#8221;off&#8221; global_colors_info=&#8221;{}&#8221;]<\/p>\n<h1><\/h1>\n<h1><img loading=\"lazy\" decoding=\"async\" src=\"https:\/\/blogsaverroes.juntadeandalucia.es\/iesjosecaballero\/files\/2021\/10\/EU-flag-Erasmus-logo-e1519818911842.jpg\" width=\"320\" height=\"270\" alt=\"\" class=\"wp-image-3900 alignnone size-full\" \/><\/h1>\n<p>[\/et_pb_text][\/et_pb_column][\/et_pb_row][\/et_pb_section][et_pb_section fb_built=&#8221;1&#8243; _builder_version=&#8221;4.16&#8243; _module_preset=&#8221;default&#8221; global_colors_info=&#8221;{}&#8221;][et_pb_row column_structure=&#8221;1_4,1_4,1_4,1_4&#8243; _builder_version=&#8221;4.16&#8243; _module_preset=&#8221;default&#8221; global_colors_info=&#8221;{}&#8221;][et_pb_column type=&#8221;1_4&#8243; _builder_version=&#8221;4.16&#8243; _module_preset=&#8221;default&#8221; global_colors_info=&#8221;{}&#8221;][et_pb_image src=&#8221;https:\/\/blogsaverroes.juntadeandalucia.es\/iesjosecaballero\/files\/2022\/05\/download.png&#8221; title_text=&#8221;download&#8221; url=&#8221;http:\/\/sepie.es\/comunicacion\/resultados.html&#8221; _builder_version=&#8221;4.16&#8243; _module_preset=&#8221;default&#8221; height=&#8221;153px&#8221; global_colors_info=&#8221;{}&#8221;][\/et_pb_image][\/et_pb_column][et_pb_column type=&#8221;1_4&#8243; _builder_version=&#8221;4.16&#8243; _module_preset=&#8221;default&#8221; global_colors_info=&#8221;{}&#8221;][et_pb_image src=&#8221;https:\/\/blogsaverroes.juntadeandalucia.es\/iesjosecaballero\/files\/2022\/05\/etwinning_logo_656x369.png&#8221; title_text=&#8221;etwinning_logo_656x369&#8243; url=&#8221;https:\/\/www.etwinning.net\/es\/pub\/index.htm&#8221; _builder_version=&#8221;4.16&#8243; _module_preset=&#8221;default&#8221; height=&#8221;153px&#8221; max_height=&#8221;713px&#8221; global_colors_info=&#8221;{}&#8221;][\/et_pb_image][\/et_pb_column][et_pb_column type=&#8221;1_4&#8243; _builder_version=&#8221;4.16&#8243; _module_preset=&#8221;default&#8221; global_colors_info=&#8221;{}&#8221;][et_pb_image src=&#8221;https:\/\/blogsaverroes.juntadeandalucia.es\/iesjosecaballero\/files\/2022\/05\/3-2019-03-14-ols.png&#8221; title_text=&#8221;3-2019-03-14-ols&#8221; url=&#8221;https:\/\/app.erasmusplusols.eu\/&#8221; _builder_version=&#8221;4.16&#8243; _module_preset=&#8221;default&#8221; height=&#8221;100px&#8221; global_colors_info=&#8221;{}&#8221;][\/et_pb_image][\/et_pb_column][et_pb_column type=&#8221;1_4&#8243; _builder_version=&#8221;4.16&#8243; _module_preset=&#8221;default&#8221; global_colors_info=&#8221;{}&#8221;][et_pb_image src=&#8221;https:\/\/blogsaverroes.juntadeandalucia.es\/iesjosecaballero\/files\/2022\/05\/sepie.png&#8221; title_text=&#8221;sepie&#8221; url=&#8221;http:\/\/sepie.es\/&#8221; _builder_version=&#8221;4.16&#8243; _module_preset=&#8221;default&#8221; height=&#8221;131px&#8221; global_colors_info=&#8221;{}&#8221;][\/et_pb_image][\/et_pb_column][\/et_pb_row][\/et_pb_section][et_pb_section fb_built=&#8221;1&#8243; admin_label=&#8221;Courses&#8221; _builder_version=&#8221;4.16&#8243; min_height=&#8221;320px&#8221; custom_margin=&#8221;||||false|false&#8221; custom_padding=&#8221;0px|0px||0px|false|false&#8221; global_colors_info=&#8221;{}&#8221;][et_pb_row column_structure=&#8221;1_2,1_2&#8243; _builder_version=&#8221;4.16&#8243; background_size=&#8221;initial&#8221; background_position=&#8221;top_left&#8221; background_repeat=&#8221;repeat&#8221; max_width=&#8221;1746px&#8221; min_height=&#8221;100px&#8221; height=&#8221;100px&#8221; max_height=&#8221;100px&#8221; custom_margin=&#8221;0px||||false|false&#8221; custom_padding=&#8221;0px|0px|27px|0px&#8221; global_colors_info=&#8221;{}&#8221;][et_pb_column type=&#8221;1_2&#8243; _builder_version=&#8221;4.16&#8243; custom_padding=&#8221;|||&#8221; global_colors_info=&#8221;{}&#8221; custom_padding__hover=&#8221;|||&#8221;][et_pb_blurb title=&#8221;CARTA ECHE 2021-2027&#8243; url=&#8221;https:\/\/blogsaverroes.juntadeandalucia.es\/iesjosecaballero\/files\/2021\/04\/carta-ECHE.jpg&#8221; use_icon=&#8221;on&#8221; font_icon=&#8221;&#xe017;||divi||400&#8243; icon_placement=&#8221;left&#8221; content_max_width=&#8221;1100px&#8221; _builder_version=&#8221;4.16&#8243; header_font=&#8221;|on|||&#8221; header_text_color=&#8221;#2e2545&#8243; header_line_height=&#8221;1.5em&#8221; body_text_color=&#8221;#8585bd&#8221; body_font_size=&#8221;16px&#8221; body_line_height=&#8221;1.9em&#8221; background_color=&#8221;#ffffff&#8221; background_size=&#8221;initial&#8221; background_position=&#8221;top_left&#8221; background_repeat=&#8221;repeat&#8221; min_height=&#8221;141px&#8221; height=&#8221;141px&#8221; custom_margin=&#8221;20px||11%||false|false&#8221; custom_padding=&#8221;13px|40px|0px|40px|false|false&#8221; animation_style=&#8221;zoom&#8221; animation_direction=&#8221;bottom&#8221; animation_intensity_zoom=&#8221;20%&#8221; animation_starting_opacity=&#8221;100%&#8221; link_option_url=&#8221;https:\/\/blogsaverroes.juntadeandalucia.es\/iesjosecaballero\/files\/2021\/04\/carta-ECHE.jpg&#8221; box_shadow_style=&#8221;preset2&#8243; box_shadow_horizontal=&#8221;0px&#8221; box_shadow_vertical=&#8221;0px&#8221; box_shadow_blur=&#8221;60px&#8221; box_shadow_color=&#8221;rgba(71,74,182,0.12)&#8221; locked=&#8221;off&#8221; global_colors_info=&#8221;{}&#8221;][\/et_pb_blurb][et_pb_blurb title=&#8221;SUBVENCIONES PARA MOVILIDAD EDUCACION SUPERIOR 2025\/2026&#8243; url=&#8221;https:\/\/blogsaverroes.juntadeandalucia.es\/iesjosecaballero\/files\/2025\/10\/Subvenciones-para-la-movilidad-educacion-superior-2024-2026.pdf&#8221; use_icon=&#8221;on&#8221; font_icon=&#8221;&#xe017;||divi||400&#8243; icon_placement=&#8221;left&#8221; content_max_width=&#8221;1100px&#8221; _builder_version=&#8221;4.24.2&#8243; header_font=&#8221;|on|||&#8221; header_text_color=&#8221;#2e2545&#8243; header_line_height=&#8221;1.5em&#8221; body_text_color=&#8221;#8585bd&#8221; body_font_size=&#8221;16px&#8221; body_line_height=&#8221;1.9em&#8221; background_color=&#8221;#ffffff&#8221; background_size=&#8221;initial&#8221; background_position=&#8221;top_left&#8221; background_repeat=&#8221;repeat&#8221; min_height=&#8221;141px&#8221; height=&#8221;141px&#8221; custom_margin=&#8221;20px||11%||false|false&#8221; custom_padding=&#8221;13px|40px|0px|40px|false|false&#8221; animation_style=&#8221;zoom&#8221; animation_direction=&#8221;bottom&#8221; animation_intensity_zoom=&#8221;20%&#8221; animation_starting_opacity=&#8221;100%&#8221; link_option_url=&#8221;https:\/\/blogsaverroes.juntadeandalucia.es\/iesjosecaballero\/files\/2025\/10\/Subvenciones-para-la-movilidad-educacion-superior-2024-2026.pdf&#8221; box_shadow_style=&#8221;preset2&#8243; box_shadow_horizontal=&#8221;0px&#8221; box_shadow_vertical=&#8221;0px&#8221; box_shadow_blur=&#8221;60px&#8221; box_shadow_color=&#8221;rgba(71,74,182,0.12)&#8221; locked=&#8221;off&#8221; global_colors_info=&#8221;{}&#8221;][\/et_pb_blurb][\/et_pb_column][et_pb_column type=&#8221;1_2&#8243; _builder_version=&#8221;4.16&#8243; custom_padding=&#8221;|||&#8221; global_colors_info=&#8221;{}&#8221; custom_padding__hover=&#8221;|||&#8221;][et_pb_blurb title=&#8221;DECLARACI\u00d3N DE POL\u00cdTICA ERASMUS+&#8221; url=&#8221;https:\/\/blogsaverroes.juntadeandalucia.es\/iesjosecaballero\/files\/2022\/02\/declaraci\u00f3n-de-pol\u00edtica-erasmus-I.pdf&#8221; url_new_window=&#8221;on&#8221; use_icon=&#8221;on&#8221; font_icon=&#8221;&#xe017;||divi||400&#8243; icon_placement=&#8221;left&#8221; content_max_width=&#8221;1100px&#8221; content_last_edited=&#8221;off|desktop&#8221; _builder_version=&#8221;4.16&#8243; header_font=&#8221;|on|||&#8221; header_text_color=&#8221;#2e2545&#8243; header_line_height=&#8221;1.5em&#8221; body_text_color=&#8221;#8585bd&#8221; body_font_size=&#8221;16px&#8221; body_line_height=&#8221;1.9em&#8221; background_color=&#8221;#ffffff&#8221; background_size=&#8221;initial&#8221; background_position=&#8221;top_left&#8221; background_repeat=&#8221;repeat&#8221; min_height=&#8221;140px&#8221; min_height_tablet=&#8221;&#8221; min_height_phone=&#8221;&#8221; min_height_last_edited=&#8221;on|desktop&#8221; height=&#8221;134px&#8221; height_tablet=&#8221;&#8221; height_phone=&#8221;&#8221; height_last_edited=&#8221;on|tablet&#8221; custom_margin=&#8221;20px||12.1%||false|false&#8221; custom_margin_tablet=&#8221;30px||9.8%|||&#8221; custom_margin_phone=&#8221;&#8221; custom_margin_last_edited=&#8221;on|phone&#8221; custom_padding=&#8221;29px|40px|67px|40px||&#8221; animation_style=&#8221;zoom&#8221; animation_direction=&#8221;bottom&#8221; animation_delay=&#8221;100ms&#8221; animation_intensity_zoom=&#8221;20%&#8221; animation_starting_opacity=&#8221;100%&#8221; link_option_url=&#8221;https:\/\/blogsaverroes.juntadeandalucia.es\/iesjosecaballero\/files\/2022\/02\/declaraci\u00f3n-de-pol\u00edtica-erasmus-I.pdf&#8221; link_option_url_new_window=&#8221;on&#8221; box_shadow_style=&#8221;preset2&#8243; box_shadow_horizontal=&#8221;0px&#8221; box_shadow_vertical=&#8221;0px&#8221; box_shadow_blur=&#8221;60px&#8221; box_shadow_color=&#8221;rgba(71,74,182,0.12)&#8221; text_shadow_style=&#8221;preset4&#8243; locked=&#8221;off&#8221; global_colors_info=&#8221;{}&#8221;][\/et_pb_blurb][\/et_pb_column][\/et_pb_row][et_pb_row column_structure=&#8221;1_2,1_2&#8243; _builder_version=&#8221;4.16&#8243; background_size=&#8221;initial&#8221; background_position=&#8221;top_left&#8221; background_repeat=&#8221;repeat&#8221; max_width=&#8221;1746px&#8221; min_height=&#8221;100px&#8221; height=&#8221;100px&#8221; max_height=&#8221;100px&#8221; custom_margin=&#8221;0px||||false|false&#8221; custom_padding=&#8221;0px|0px|27px|0px&#8221; global_colors_info=&#8221;{}&#8221;][et_pb_column type=&#8221;1_2&#8243; _builder_version=&#8221;4.16&#8243; custom_padding=&#8221;|||&#8221; global_colors_info=&#8221;{}&#8221; custom_padding__hover=&#8221;|||&#8221;][\/et_pb_column][et_pb_column type=&#8221;1_2&#8243; _builder_version=&#8221;4.16&#8243; custom_padding=&#8221;|||&#8221; global_colors_info=&#8221;{}&#8221; custom_padding__hover=&#8221;|||&#8221;][\/et_pb_column][\/et_pb_row][\/et_pb_section][et_pb_section fb_built=&#8221;1&#8243; _builder_version=&#8221;4.16&#8243; _module_preset=&#8221;default&#8221; global_colors_info=&#8221;{}&#8221;][et_pb_row _builder_version=&#8221;4.16&#8243; _module_preset=&#8221;default&#8221; global_colors_info=&#8221;{}&#8221;][et_pb_column type=&#8221;4_4&#8243; _builder_version=&#8221;4.16&#8243; _module_preset=&#8221;default&#8221; global_colors_info=&#8221;{}&#8221;][et_pb_tabs active_tab_background_color=&#8221;#E02B20&#8243; inactive_tab_background_color=&#8221;#474747&#8243; active_tab_text_color=&#8221;#FFFFFF&#8221; _builder_version=&#8221;4.16&#8243; _module_preset=&#8221;default&#8221; tab_text_color=&#8221;#FFFFFF&#8221; global_colors_info=&#8221;{}&#8221;][et_pb_tab title=&#8221;PARTICIPACI\u00d3N&#8221; _builder_version=&#8221;4.16&#8243; _module_preset=&#8221;default&#8221; tab_font_size=&#8221;20px&#8221; global_colors_info=&#8221;{}&#8221;]<\/p>\n<ul>\n<li>\n<h4>CRITERIOS SELECCI\u00d3N ALUMNADO<\/h4>\n<\/li>\n<li>\n<h4>SOLICITUD PARTICIPACI\u00d3N KA102 (GRADO MEDIO)<\/h4>\n<\/li>\n<li>\n<h4>SOLICITUD PARTICIPACI\u00d3N KA103 (GRADO SUPERIOR)<\/h4>\n<\/li>\n<\/ul>\n<p>[\/et_pb_tab][et_pb_tab title=&#8221;REUNI\u00d3N ERASMUS+&#8221; _builder_version=&#8221;4.16&#8243; _module_preset=&#8221;default&#8221; tab_font_size=&#8221;20px&#8221; global_colors_info=&#8221;{}&#8221;]<\/p>\n<h4>CONVOCATORIA PRIMERA REUNI\u00d3N OBLIGATORIA<\/h4>\n<p>[\/et_pb_tab][et_pb_tab title=&#8221;RESOLUCI\u00d3N SELECCIONADOS ERASMUS+ 21-22 &#8221; _builder_version=&#8221;4.16&#8243; _module_preset=&#8221;default&#8221; tab_font_size=&#8221;20px&#8221; global_colors_info=&#8221;{}&#8221;]<\/p>\n<h4>Se publicar\u00e1 en el tabl\u00f3n de anuncios Erasmus+ del IES Jos\u00e9 Caballero.<\/h4>\n<p>[\/et_pb_tab][et_pb_tab title=&#8221;PROFESORADO ACOMPA\u00d1ANTE&#8221; _builder_version=&#8221;4.16&#8243; _module_preset=&#8221;default&#8221; tab_font_size=&#8221;20px&#8221; global_colors_info=&#8221;{}&#8221;]<\/p>\n<p>SELECCI\u00d3N DEL PROFESORADO ACOMPA\u00d1ANTE<\/p>\n<p>[\/et_pb_tab][\/et_pb_tabs][\/et_pb_column][\/et_pb_row][\/et_pb_section][et_pb_section fb_built=&#8221;1&#8243; _builder_version=&#8221;4.16&#8243; _module_preset=&#8221;default&#8221; custom_margin=&#8221;||||false|false&#8221; custom_padding=&#8221;||||false|false&#8221; global_colors_info=&#8221;{}&#8221;][et_pb_row _builder_version=&#8221;4.16&#8243; _module_preset=&#8221;default&#8221; min_height=&#8221;872px&#8221; custom_margin=&#8221;|auto|-145px|auto||&#8221; global_colors_info=&#8221;{}&#8221;][et_pb_column type=&#8221;4_4&#8243; _builder_version=&#8221;4.16&#8243; _module_preset=&#8221;default&#8221; global_colors_info=&#8221;{}&#8221;][et_pb_post_slider include_categories=&#8221;172&#8243; _builder_version=&#8221;4.24.2&#8243; _module_preset=&#8221;default&#8221; auto=&#8221;on&#8221; auto_speed=&#8221;3000&#8243; global_colors_info=&#8221;{}&#8221;][\/et_pb_post_slider][\/et_pb_column][\/et_pb_row][\/et_pb_section]<\/p>\n","protected":false},"excerpt":{"rendered":"<p>CRITERIOS SELECCI\u00d3N ALUMNADO SOLICITUD PARTICIPACI\u00d3N KA102 (GRADO MEDIO) SOLICITUD PARTICIPACI\u00d3N KA103 (GRADO SUPERIOR) CONVOCATORIA PRIMERA REUNI\u00d3N OBLIGATORIASe publicar\u00e1 en el tabl\u00f3n de anuncios Erasmus+ del IES Jos\u00e9 Caballero.SELECCI\u00d3N DEL PROFESORADO ACOMPA\u00d1ANTE<\/p>\n","protected":false},"author":13618,"featured_media":0,"parent":0,"menu_order":0,"comment_status":"closed","ping_status":"closed","template":"","meta":{"_et_pb_use_builder":"on","_et_pb_old_content":"<header class=\"titlePost magContainer\"><div class=\"singleTitleWrap\"><div class=\"singleTitle\"><h1>\u00a0<\/h1><\/div><\/div><\/header><div id=\"mainContent\"><div id=\"post-1446\" class=\"postMag post-1446 post type-post status-publish format-standard has-post-thumbnail hentry category-instituto category-legislacion category-noticias tag-curso-2016-2017 tag-erasmus-plus tag-formacion-profesional tag-ies-jose-caballero\"><div class=\"post-attachment\"><img class=\"attachment-enamag-slider-big size-enamag-slider-big wp-post-image\" src=\"https:\/\/i1.wp.com\/iesjosecaballero.es\/web\/wp-content\/uploads\/2017\/02\/erasmus-plus-02-nggid03532-ngg0dyn-0x0x100-00f0w010c010r110f110r010t010.png?resize=852%2C480\" sizes=\"(max-width: 852px) 100vw, 852px\" srcset=\"https:\/\/i1.wp.com\/iesjosecaballero.es\/web\/wp-content\/uploads\/2017\/02\/erasmus-plus-02-nggid03532-ngg0dyn-0x0x100-00f0w010c010r110f110r010t010.png?w=852 852w, https:\/\/i1.wp.com\/iesjosecaballero.es\/web\/wp-content\/uploads\/2017\/02\/erasmus-plus-02-nggid03532-ngg0dyn-0x0x100-00f0w010c010r110f110r010t010.png?resize=300%2C169 300w, https:\/\/i1.wp.com\/iesjosecaballero.es\/web\/wp-content\/uploads\/2017\/02\/erasmus-plus-02-nggid03532-ngg0dyn-0x0x100-00f0w010c010r110f110r010t010.png?resize=768%2C433 768w, https:\/\/i1.wp.com\/iesjosecaballero.es\/web\/wp-content\/uploads\/2017\/02\/erasmus-plus-02-nggid03532-ngg0dyn-0x0x100-00f0w010c010r110f110r010t010.png?resize=540%2C304 540w\" alt=\"\" width=\"852\" height=\"480\" data-attachment-id=\"1447\" data-permalink=\"http:\/\/iesjosecaballero.es\/web\/?attachment_id=1447\" data-orig-file=\"https:\/\/i1.wp.com\/iesjosecaballero.es\/web\/wp-content\/uploads\/2017\/02\/erasmus-plus-02-nggid03532-ngg0dyn-0x0x100-00f0w010c010r110f110r010t010.png?fit=852%2C480\" data-orig-size=\"852,480\" data-comments-opened=\"1\" data-image-meta=\"{\"aperture\":\"0\",\"credit\":\"\",\"camera\":\"\",\"caption\":\"\",\"created_timestamp\":\"0\",\"copyright\":\"\",\"focal_length\":\"0\",\"iso\":\"0\",\"shutter_speed\":\"0\",\"title\":\"\",\"orientation\":\"0\"}\" data-image-title=\"erasmus-plus-02-nggid03532-ngg0dyn-0x0x100-00f0w010c010r110f110r010t010\" data-image-description=\"\" data-medium-file=\"https:\/\/i1.wp.com\/iesjosecaballero.es\/web\/wp-content\/uploads\/2017\/02\/erasmus-plus-02-nggid03532-ngg0dyn-0x0x100-00f0w010c010r110f110r010t010.png?fit=300%2C169\" data-large-file=\"https:\/\/i1.wp.com\/iesjosecaballero.es\/web\/wp-content\/uploads\/2017\/02\/erasmus-plus-02-nggid03532-ngg0dyn-0x0x100-00f0w010c010r110f110r010t010.png?fit=540%2C304\"><\/div><div class=\"article\"><p>\u00a0<\/p><p><a href=\"https:\/\/i1.wp.com\/iesjosecaballero.es\/web\/wp-content\/uploads\/2017\/02\/Captura-de-pantalla-2018-10-10-a-las-12.21.41.png\"><img class=\"aligncenter size-full wp-image-1902\" src=\"https:\/\/i1.wp.com\/iesjosecaballero.es\/web\/wp-content\/uploads\/2017\/02\/Captura-de-pantalla-2018-10-10-a-las-12.21.41.png?resize=850%2C203\" sizes=\"(max-width: 850px) 100vw, 850px\" srcset=\"https:\/\/i1.wp.com\/iesjosecaballero.es\/web\/wp-content\/uploads\/2017\/02\/Captura-de-pantalla-2018-10-10-a-las-12.21.41.png?w=868 868w, https:\/\/i1.wp.com\/iesjosecaballero.es\/web\/wp-content\/uploads\/2017\/02\/Captura-de-pantalla-2018-10-10-a-las-12.21.41.png?resize=300%2C72 300w, https:\/\/i1.wp.com\/iesjosecaballero.es\/web\/wp-content\/uploads\/2017\/02\/Captura-de-pantalla-2018-10-10-a-las-12.21.41.png?resize=768%2C183 768w, https:\/\/i1.wp.com\/iesjosecaballero.es\/web\/wp-content\/uploads\/2017\/02\/Captura-de-pantalla-2018-10-10-a-las-12.21.41.png?resize=540%2C129 540w, https:\/\/i1.wp.com\/iesjosecaballero.es\/web\/wp-content\/uploads\/2017\/02\/Captura-de-pantalla-2018-10-10-a-las-12.21.41.png?resize=400%2C95 400w\" alt=\"\" width=\"636\" height=\"152\" data-attachment-id=\"1902\" data-permalink=\"http:\/\/iesjosecaballero.es\/web\/?attachment_id=1902\" data-orig-file=\"https:\/\/i1.wp.com\/iesjosecaballero.es\/web\/wp-content\/uploads\/2017\/02\/Captura-de-pantalla-2018-10-10-a-las-12.21.41.png?fit=868%2C207\" data-orig-size=\"868,207\" data-comments-opened=\"1\" data-image-meta=\"{\"aperture\":\"0\",\"credit\":\"\",\"camera\":\"\",\"caption\":\"\",\"created_timestamp\":\"0\",\"copyright\":\"\",\"focal_length\":\"0\",\"iso\":\"0\",\"shutter_speed\":\"0\",\"title\":\"\",\"orientation\":\"0\"}\" data-image-title=\"Captura de pantalla 2018-10-10 a las 12.21.41\" data-image-description=\"\" data-medium-file=\"https:\/\/i1.wp.com\/iesjosecaballero.es\/web\/wp-content\/uploads\/2017\/02\/Captura-de-pantalla-2018-10-10-a-las-12.21.41.png?fit=300%2C72\" data-large-file=\"https:\/\/i1.wp.com\/iesjosecaballero.es\/web\/wp-content\/uploads\/2017\/02\/Captura-de-pantalla-2018-10-10-a-las-12.21.41.png?fit=540%2C129\"><\/a><a href=\"http:\/\/iesjosecaballero.es\/web\/wp-content\/uploads\/2017\/02\/Captura-de-pantalla-2018-10-10-a-las-12.20.57.png\"><br><\/a><\/p><p><strong>1.-Elecci\u00f3n de socios.<\/strong><\/p><p>La elecci\u00f3n de socios se ha llevado a cabo contactando con empresas con sede en Espa\u00f1a que tienen sucursales en distintos pa\u00edses de Europa.\u00a0 De esa b\u00fasqueda surgi\u00f3 los que van a ser nuestros socios.<\/p><p><strong>2.-\u00c1rea geogr\u00e1fica.<\/strong><\/p><p>El \u00e1rea geogr\u00e1fica para las movilidades son los pa\u00edses angloparlantes, Alemania, Francia, Italia y Portugal. Dependiendo del nivel de idioma exigido para cada pa\u00eds por parte de las empresas receptoras y las posibilidades que las empresas socias nos ofrezcan en las distintas sucursales europeas, se har\u00e1 la elecci\u00f3n final.<\/p><p><strong>3.-Principales objetivos de las movilidades.<\/strong><\/p><p>a) Mejorar las aptitudes y competencias del alumnado, propias del t\u00edtulo para mejorar sus posibilidades de integraci\u00f3n laboral en Espa\u00f1a y fuera de ella, mediante la movilidad.<\/p><p>b) Adquirir nuevas herramientas que permitan mejorar la calidad y la eficacia de la formaci\u00f3n del alumnado mediante el intercambio de buenas pr\u00e1cticas que resulten innovadoras y posibiliten el aprendizaje permanente.<\/p><p>c) Mejorar la competencia ling\u00fc\u00edstica del alumnado para mejorar sus posibilidades de integraci\u00f3n laboral a nivel europeo.<\/p><p>d) Fomentar la igualdad y cohesi\u00f3n social, adquiriendo una conciencia social unificada europea que permita la circulaci\u00f3n libre por el espacio europeo, contribuyendo a lograr una ciudadan\u00eda activa y emprendedora.<\/p><p>e) Adquirir para nuestro centro una dimensi\u00f3n internacional, creando una nueva l\u00ednea de desarrollo que nos conduzca a la mejora socio-econ\u00f3mica de nuestro entorno.<\/p><p><a href=\"https:\/\/i1.wp.com\/iesjosecaballero.es\/web\/wp-content\/uploads\/2017\/02\/erasmus-plus.jpg\"><img class=\"aligncenter size-full wp-image-1448\" src=\"https:\/\/i1.wp.com\/iesjosecaballero.es\/web\/wp-content\/uploads\/2017\/02\/erasmus-plus.jpg?resize=850%2C604\" sizes=\"(max-width: 850px) 100vw, 850px\" srcset=\"https:\/\/i1.wp.com\/iesjosecaballero.es\/web\/wp-content\/uploads\/2017\/02\/erasmus-plus.jpg?w=1103 1103w, https:\/\/i1.wp.com\/iesjosecaballero.es\/web\/wp-content\/uploads\/2017\/02\/erasmus-plus.jpg?resize=300%2C213 300w, https:\/\/i1.wp.com\/iesjosecaballero.es\/web\/wp-content\/uploads\/2017\/02\/erasmus-plus.jpg?resize=768%2C546 768w, https:\/\/i1.wp.com\/iesjosecaballero.es\/web\/wp-content\/uploads\/2017\/02\/erasmus-plus.jpg?resize=540%2C384 540w\" alt=\"\" width=\"636\" height=\"452\" data-attachment-id=\"1448\" data-permalink=\"http:\/\/iesjosecaballero.es\/web\/?attachment_id=1448\" data-orig-file=\"https:\/\/i1.wp.com\/iesjosecaballero.es\/web\/wp-content\/uploads\/2017\/02\/erasmus-plus.jpg?fit=1103%2C784\" data-orig-size=\"1103,784\" data-comments-opened=\"1\" data-image-meta=\"{\"aperture\":\"0\",\"credit\":\"\",\"camera\":\"\",\"caption\":\"\",\"created_timestamp\":\"0\",\"copyright\":\"\",\"focal_length\":\"0\",\"iso\":\"0\",\"shutter_speed\":\"0\",\"title\":\"\",\"orientation\":\"0\"}\" data-image-title=\"erasmus-plus\" data-image-description=\"\" data-medium-file=\"https:\/\/i1.wp.com\/iesjosecaballero.es\/web\/wp-content\/uploads\/2017\/02\/erasmus-plus.jpg?fit=300%2C213\" data-large-file=\"https:\/\/i1.wp.com\/iesjosecaballero.es\/web\/wp-content\/uploads\/2017\/02\/erasmus-plus.jpg?fit=540%2C384\"><\/a><\/p><\/div><\/div><\/div>","_et_gb_content_width":"","ngg_post_thumbnail":0,"footnotes":""},"aioseo_notices":[],"_links":{"self":[{"href":"https:\/\/blogsaverroes.juntadeandalucia.es\/iesjosecaballero\/wp-json\/wp\/v2\/pages\/4192"}],"collection":[{"href":"https:\/\/blogsaverroes.juntadeandalucia.es\/iesjosecaballero\/wp-json\/wp\/v2\/pages"}],"about":[{"href":"https:\/\/blogsaverroes.juntadeandalucia.es\/iesjosecaballero\/wp-json\/wp\/v2\/types\/page"}],"author":[{"embeddable":true,"href":"https:\/\/blogsaverroes.juntadeandalucia.es\/iesjosecaballero\/wp-json\/wp\/v2\/users\/13618"}],"replies":[{"embeddable":true,"href":"https:\/\/blogsaverroes.juntadeandalucia.es\/iesjosecaballero\/wp-json\/wp\/v2\/comments?post=4192"}],"version-history":[{"count":48,"href":"https:\/\/blogsaverroes.juntadeandalucia.es\/iesjosecaballero\/wp-json\/wp\/v2\/pages\/4192\/revisions"}],"predecessor-version":[{"id":7100,"href":"https:\/\/blogsaverroes.juntadeandalucia.es\/iesjosecaballero\/wp-json\/wp\/v2\/pages\/4192\/revisions\/7100"}],"wp:attachment":[{"href":"https:\/\/blogsaverroes.juntadeandalucia.es\/iesjosecaballero\/wp-json\/wp\/v2\/media?parent=4192"}],"curies":[{"name":"wp","href":"https:\/\/api.w.org\/{rel}","templated":true}]}}