{"id":2405,"date":"2015-12-22T09:44:35","date_gmt":"2015-12-22T09:44:35","guid":{"rendered":"http:\/\/blogsaverroes.juntadeandalucia.es\/iesjosedemora\/?page_id=2405"},"modified":"2019-04-02T09:31:55","modified_gmt":"2019-04-02T09:31:55","slug":"actividades-complementarias-y-extraescolares","status":"publish","type":"page","link":"https:\/\/blogsaverroes.juntadeandalucia.es\/iesjosedemora\/actividades-complementarias-y-extraescolares\/","title":{"rendered":"Actividades Complementarias y Extraescolares"},"content":{"rendered":"<h3><a href=\"http:\/\/blogsaverroes.juntadeandalucia.es\/iesjosedemora\/files\/2015\/12\/activ_extraescolares.jpg\"><\/a><a href=\"http:\/\/blogsaverroes.juntadeandalucia.es\/iesjosedemora\/files\/2015\/12\/activ_extraescolares.jpg\"><img fetchpriority=\"high\" decoding=\"async\" class=\"aligncenter wp-image-2406 size-medium\" src=\"https:\/\/blogsaverroes.juntadeandalucia.es\/iesjosedemora\/files\/2015\/12\/activ_extraescolares-300x225.jpg\" alt=\"activ_extraescolares\" width=\"300\" height=\"225\" srcset=\"https:\/\/blogsaverroes.juntadeandalucia.es\/iesjosedemora\/files\/2015\/12\/activ_extraescolares-300x225.jpg 300w, https:\/\/blogsaverroes.juntadeandalucia.es\/iesjosedemora\/files\/2015\/12\/activ_extraescolares.jpg 400w\" sizes=\"(max-width: 300px) 100vw, 300px\" \/><\/a>Departamento de Actividades Complementarias y Extraescolares.<\/h3>\n<p>&nbsp;<\/p>\n<p>Nuestro Instituto tiene una amplia oferta de actividades. Se programan anualmente diversos viajes culturales, tales como visitas a Sevilla, Valencia o Madrid. Los alumnos participan en actividades deportivas fuera del Centro con frecuencia.<\/p>\n<p>Pero no solo realizamos actividades fuera del Centro. Aqu\u00ed se celebran actos con la intenci\u00f3n de llamar la atenci\u00f3n acerca de multitud de aspectos sociales, o de car\u00e1cter l\u00fadico. Entre ellos, sin duda el m\u00e1s destacado es la Semana de la ciencia, cuyas exposiciones atraen a gran cantidad de p\u00fablico, \u00e1vido de disfrutar aprendiendo.<\/p>\n<p>Est\u00e1n en marcha diversos programas que potencian el aprendizaje en diversas materias, tales como la participaci\u00f3n en la Lego League, o los intercambios con alumnos de otros pa\u00edses.<\/p>\n<p>Durante el curso 2018\/19 el departamento est\u00e1 dirigido por D\u00f1a. Mar\u00eda del Mar Rodr\u00edguez.<\/p>\n","protected":false},"excerpt":{"rendered":"<p>Departamento de Actividades Complementarias y Extraescolares. &nbsp; Nuestro Instituto tiene una amplia oferta de actividades. Se programan anualmente diversos viajes culturales, tales como visitas a Sevilla, Valencia o Madrid. Los alumnos participan en actividades deportivas fuera del Centro con frecuencia. Pero no solo realizamos actividades fuera del Centro. Aqu\u00ed se celebran actos con la intenci\u00f3n &hellip; <\/p>\n<p><a class=\"more-link btn\" href=\"https:\/\/blogsaverroes.juntadeandalucia.es\/iesjosedemora\/actividades-complementarias-y-extraescolares\/\">Seguir leyendo<\/a><\/p>\n","protected":false},"author":2651,"featured_media":0,"parent":0,"menu_order":0,"comment_status":"open","ping_status":"open","template":"","meta":{"ngg_post_thumbnail":0,"footnotes":"","_mc_calendar":[]},"aioseo_notices":[],"_links":{"self":[{"href":"https:\/\/blogsaverroes.juntadeandalucia.es\/iesjosedemora\/wp-json\/wp\/v2\/pages\/2405"}],"collection":[{"href":"https:\/\/blogsaverroes.juntadeandalucia.es\/iesjosedemora\/wp-json\/wp\/v2\/pages"}],"about":[{"href":"https:\/\/blogsaverroes.juntadeandalucia.es\/iesjosedemora\/wp-json\/wp\/v2\/types\/page"}],"author":[{"embeddable":true,"href":"https:\/\/blogsaverroes.juntadeandalucia.es\/iesjosedemora\/wp-json\/wp\/v2\/users\/2651"}],"replies":[{"embeddable":true,"href":"https:\/\/blogsaverroes.juntadeandalucia.es\/iesjosedemora\/wp-json\/wp\/v2\/comments?post=2405"}],"version-history":[{"count":5,"href":"https:\/\/blogsaverroes.juntadeandalucia.es\/iesjosedemora\/wp-json\/wp\/v2\/pages\/2405\/revisions"}],"predecessor-version":[{"id":2714,"href":"https:\/\/blogsaverroes.juntadeandalucia.es\/iesjosedemora\/wp-json\/wp\/v2\/pages\/2405\/revisions\/2714"}],"wp:attachment":[{"href":"https:\/\/blogsaverroes.juntadeandalucia.es\/iesjosedemora\/wp-json\/wp\/v2\/media?parent=2405"}],"curies":[{"name":"wp","href":"https:\/\/api.w.org\/{rel}","templated":true}]}}