{"id":2574,"date":"2017-12-15T10:01:34","date_gmt":"2017-12-15T10:01:34","guid":{"rendered":"http:\/\/blogsaverroes.juntadeandalucia.es\/iesjosedemora\/?page_id=2574"},"modified":"2023-03-27T07:37:21","modified_gmt":"2023-03-27T07:37:21","slug":"criterios-de-calificacion-latin-y-griego","status":"publish","type":"page","link":"https:\/\/blogsaverroes.juntadeandalucia.es\/iesjosedemora\/ingles\/materiales-recursos-2\/criterios-de-calificacion-latin-y-griego\/","title":{"rendered":"Criterios de calificaci\u00f3n, Lat\u00edn y Griego"},"content":{"rendered":"<p><a href=\"https:\/\/blogsaverroes.juntadeandalucia.es\/iesjosedemora\/files\/2023\/03\/23_crit_eval_latin_griego.pdf\">Criterios de evaluaci\u00f3n latin y griego (Bachillerato)<\/a><\/p>\n<p><a href=\"https:\/\/blogsaverroes.juntadeandalucia.es\/iesjosedemora\/files\/2023\/03\/23_crit_eval_latin4.pdf\">Criterios de evaluaci\u00f3n de Lat\u00edn (4\u00ba ESO)<\/a><\/p>\n","protected":false},"excerpt":{"rendered":"<p>Criterios de evaluaci\u00f3n latin y griego (Bachillerato) Criterios de evaluaci\u00f3n de Lat\u00edn (4\u00ba ESO)<\/p>\n","protected":false},"author":2651,"featured_media":0,"parent":344,"menu_order":0,"comment_status":"closed","ping_status":"closed","template":"","meta":{"ngg_post_thumbnail":0,"footnotes":"","_mc_calendar":[]},"aioseo_notices":[],"_links":{"self":[{"href":"https:\/\/blogsaverroes.juntadeandalucia.es\/iesjosedemora\/wp-json\/wp\/v2\/pages\/2574"}],"collection":[{"href":"https:\/\/blogsaverroes.juntadeandalucia.es\/iesjosedemora\/wp-json\/wp\/v2\/pages"}],"about":[{"href":"https:\/\/blogsaverroes.juntadeandalucia.es\/iesjosedemora\/wp-json\/wp\/v2\/types\/page"}],"author":[{"embeddable":true,"href":"https:\/\/blogsaverroes.juntadeandalucia.es\/iesjosedemora\/wp-json\/wp\/v2\/users\/2651"}],"replies":[{"embeddable":true,"href":"https:\/\/blogsaverroes.juntadeandalucia.es\/iesjosedemora\/wp-json\/wp\/v2\/comments?post=2574"}],"version-history":[{"count":2,"href":"https:\/\/blogsaverroes.juntadeandalucia.es\/iesjosedemora\/wp-json\/wp\/v2\/pages\/2574\/revisions"}],"predecessor-version":[{"id":3839,"href":"https:\/\/blogsaverroes.juntadeandalucia.es\/iesjosedemora\/wp-json\/wp\/v2\/pages\/2574\/revisions\/3839"}],"up":[{"embeddable":true,"href":"https:\/\/blogsaverroes.juntadeandalucia.es\/iesjosedemora\/wp-json\/wp\/v2\/pages\/344"}],"wp:attachment":[{"href":"https:\/\/blogsaverroes.juntadeandalucia.es\/iesjosedemora\/wp-json\/wp\/v2\/media?parent=2574"}],"curies":[{"name":"wp","href":"https:\/\/api.w.org\/{rel}","templated":true}]}}