{"id":2492,"date":"2020-06-09T23:38:33","date_gmt":"2020-06-09T23:38:33","guid":{"rendered":"https:\/\/blogsaverroes.juntadeandalucia.es\/iesjosemariamoronybarrientos\/?page_id=2492"},"modified":"2020-06-09T23:38:33","modified_gmt":"2020-06-09T23:38:33","slug":"historia-del-centro","status":"publish","type":"page","link":"https:\/\/blogsaverroes.juntadeandalucia.es\/iesjosemariamoronybarrientos\/historia-del-centro\/","title":{"rendered":"Historia del centro"},"content":{"rendered":"<p align=\"center\">HISTORIA DEL CENTRO<\/p>\n<p align=\"center\">EL EDIFICIO<\/p>\n<p align=\"center\"><strong>El edificio del IES Jos\u00e9 Mar\u00eda Mor\u00f3n y Barrientos se construye en 1939 como colegio de ense\u00f1anza primaria, sufre varias remodelaciones, una en los a\u00f1os 60 en la que se a\u00f1aden dos formas c\u00fabicas a la fachada principal, para albergar 4 nuevas aulas y una posterior en los a\u00f1os setenta para reformar la cubierta, sustituyendo las tejas por chapas <\/strong><\/p>\n<p align=\"center\"><strong><img decoding=\"async\" src=\"http:\/\/www.juntadeandalucia.es\/averroes\/centros-tic\/21700447\/helvia\/sitio\/upload\/img\/foto0.gif\" border=\"0\"><br \/>\n<\/strong><\/p>\n<p align=\"center\"><strong>Posteriormente, se hizo una reforma y ampliaci\u00f3n del edificio con el fin de adaptarlo, seg\u00fan la normativa vigente al Instituto de Educaci\u00f3n Secundar\u00eda con todos los elementos precisos para su utilizaci\u00f3n.<\/strong><\/p>\n<p align=\"center\"><strong>El proyecto lo realiz\u00f3 el arquitecto Don Julio \u00c1ngel S\u00e1nchez Prieto tras el convenio que suscribieron La Consejer\u00eda de Educaci\u00f3n y Ciencia de la junta de Andaluc\u00eda y la Excma. Diputaci\u00f3n Provincial de Huelva. Las obras se inician en abril del 2001 y se dan por finalizadas en diciembre del 2002, quedando pendiente, a cargo del Excmo. Ayuntamiento, las vallas exteriores que se terminan en el a\u00f1o 2006. <\/strong><strong><br \/>\nEl IES Jos\u00e9 M\u00aa Mor\u00f3n y Barrientos se encuentra situado en la zona sureste de la poblaci\u00f3n, en la parte m\u00e1s llana. Su fachada principal da a una calle peatonal sin nombre y a la Plza. Ntra. Sra. De la Esperanza. Los laterales lindan: por la izquierda, con los patios de las casas de la avda. de la Constituci\u00f3n, que forman el bloque de Juzgados, Correos y una vivienda particular; por la derecha con el patio de la Guarder\u00eda Ntra. Sra. De la Esperanza y la trasera con la c\/ Virgen del Roc\u00edo.<\/strong><\/p>\n<p align=\"center\"><strong>El IES Jos\u00e9 M\u00aa Mor\u00f3n y Barrientos se cre\u00f3 en el curso 96\/97, para dar respuesta a las necesidades en Educaci\u00f3n Secundaria que se planteaban en esta zona de la sierra onubense.<\/strong><strong> El curso 96\/97, este centro se abri\u00f3 como Secci\u00f3n del IES Sta. Olalla de Cala, pueblo situado a unos cincuenta Kms., anticip\u00e1ndonos a la implantaci\u00f3n de la LOGSE. En el curso 97\/98 nos dan total autonom\u00eda y se nos nombra IES, adoptando nosotros el nombre de Jos\u00e9 M\u00aa Mor\u00f3n y Barrientos, en honor de la persona que dio en el a\u00f1o 1939, una subvenci\u00f3n de 75.000 ptas. para la construcci\u00f3n del edificio en el que nos ubicaron, un antiguo colegio de EGB, que no cumpl\u00eda los requisitos necesarios, aunque se hicieron unas obras de acondicionamiento.<\/strong><\/p>\n<p align=\"center\"><strong><img decoding=\"async\" src=\"http:\/\/www.juntadeandalucia.es\/averroes\/centros-tic\/21700447\/helvia\/sitio\/upload\/img\/IES_1.jpg\" border=\"0\"><br \/>\n<\/strong><\/p>\n<p align=\"center\"><strong>El edificio del IES Jos\u00e9 Mar\u00eda Mor\u00f3n y Barrientos se construye en 1939 como colegio de ense\u00f1anza primaria, sufre varias remodelaciones, una en los a\u00f1os 60 en la que se a\u00f1aden dos formas c\u00fabicas a la fachada principal, para albergar 4 nuevas aulas y una posterior en los a\u00f1os setenta para reformar la cubierta, sustituyendo las tejas por chapas . Posteriormente, se hizo una reforma y ampliaci\u00f3n del edificio con el fin de adaptarlo, seg\u00fan la normativa vigente al Instituto de Educaci\u00f3n Secundar\u00eda con todos los elementos precisos para su utilizaci\u00f3n.<br \/>\nEl proyecto lo realiz\u00f3 el arquitecto Don Julio \u00c1ngel S\u00e1nchez Prieto tras el convenio que suscribieron La Consejer\u00eda de Educaci\u00f3n y Ciencia de la junta de Andaluc\u00eda y la Excma. Diputaci\u00f3n Provincial de Huelva. Las obras se inician en abril del 2001 y se dan por finalizadas en diciembre del 2002, quedando pendiente, a cargo del Excmo. Ayuntamiento, las vallas exteriores que se terminan en el a\u00f1o 2006.<br \/>\nEl IES Jos\u00e9 M\u00aa Mor\u00f3n y Barrientos se encuentra situado en la zona sureste de la poblaci\u00f3n, en la parte m\u00e1s llana. Su fachada principal da a una calle peatonal sin nombre y a la Plza. Ntra. Sra. De la Esperanza. Los laterales lindan: por la izquierda, con los patios de las casas de la avda. de la Constituci\u00f3n, que forman el bloque de Juzgados, Correos y una vivienda particular; por la derecha con el patio de la Guarder\u00eda Ntra. Sra. De la Esperanza y la trasera con la c\/ Virgen del Roc\u00edo.<\/strong><\/p>\n","protected":false},"excerpt":{"rendered":"<p>HISTORIA DEL CENTRO EL EDIFICIO El edificio del IES Jos\u00e9 Mar\u00eda Mor\u00f3n y Barrientos se construye en 1939 como colegio de ense\u00f1anza primaria, sufre varias remodelaciones, una en los a\u00f1os 60 en la que&#46;&#46;&#46;<\/p>\n","protected":false},"author":10187,"featured_media":0,"parent":0,"menu_order":0,"comment_status":"closed","ping_status":"closed","template":"","meta":{"ngg_post_thumbnail":0,"footnotes":"","_mc_calendar":[]},"aioseo_notices":[],"_links":{"self":[{"href":"https:\/\/blogsaverroes.juntadeandalucia.es\/iesjosemariamoronybarrientos\/wp-json\/wp\/v2\/pages\/2492"}],"collection":[{"href":"https:\/\/blogsaverroes.juntadeandalucia.es\/iesjosemariamoronybarrientos\/wp-json\/wp\/v2\/pages"}],"about":[{"href":"https:\/\/blogsaverroes.juntadeandalucia.es\/iesjosemariamoronybarrientos\/wp-json\/wp\/v2\/types\/page"}],"author":[{"embeddable":true,"href":"https:\/\/blogsaverroes.juntadeandalucia.es\/iesjosemariamoronybarrientos\/wp-json\/wp\/v2\/users\/10187"}],"replies":[{"embeddable":true,"href":"https:\/\/blogsaverroes.juntadeandalucia.es\/iesjosemariamoronybarrientos\/wp-json\/wp\/v2\/comments?post=2492"}],"version-history":[{"count":1,"href":"https:\/\/blogsaverroes.juntadeandalucia.es\/iesjosemariamoronybarrientos\/wp-json\/wp\/v2\/pages\/2492\/revisions"}],"predecessor-version":[{"id":2493,"href":"https:\/\/blogsaverroes.juntadeandalucia.es\/iesjosemariamoronybarrientos\/wp-json\/wp\/v2\/pages\/2492\/revisions\/2493"}],"wp:attachment":[{"href":"https:\/\/blogsaverroes.juntadeandalucia.es\/iesjosemariamoronybarrientos\/wp-json\/wp\/v2\/media?parent=2492"}],"curies":[{"name":"wp","href":"https:\/\/api.w.org\/{rel}","templated":true}]}}

<p align="center">HISTORIA DEL CENTRO</p>
<p align="center">EL EDIFICIO</p>
<p align="center"><strong>El edificio del IES José María Morón y Barrientos se construye en 1939 como colegio de enseñanza primaria, sufre varias remodelaciones, una en los años 60 en la que se añaden dos formas cúbicas a la fachada principal, para albergar 4 nuevas aulas y una posterior en los años setenta para reformar la cubierta, sustituyendo las tejas por chapas </strong></p>
<p align="center"><strong><img decoding="async" src="http://www.juntadeandalucia.es/averroes/centros-tic/21700447/helvia/sitio/upload/img/foto0.gif" border="0"><br />
</strong></p>
<p align="center"><strong>Posteriormente, se hizo una reforma y ampliación del edificio con el fin de adaptarlo, según la normativa vigente al Instituto de Educación Secundaría con todos los elementos precisos para su utilización.</strong></p>
<p align="center"><strong>El proyecto lo realizó el arquitecto Don Julio Ángel Sánchez Prieto tras el convenio que suscribieron La Consejería de Educación y Ciencia de la junta de Andalucía y la Excma. Diputación Provincial de Huelva. Las obras se inician en abril del 2001 y se dan por finalizadas en diciembre del 2002, quedando pendiente, a cargo del Excmo. Ayuntamiento, las vallas exteriores que se terminan en el año 2006. </strong><strong><br />
El IES José Mª Morón y Barrientos se encuentra situado en la zona sureste de la población, en la parte más llana. Su fachada principal da a una calle peatonal sin nombre y a la Plza. Ntra. Sra. De la Esperanza. Los laterales lindan: por la izquierda, con los patios de las casas de la avda. de la Constitución, que forman el bloque de Juzgados, Correos y una vivienda particular; por la derecha con el patio de la Guardería Ntra. Sra. De la Esperanza y la trasera con la c/ Virgen del Rocío.</strong></p>
<p align="center"><strong>El IES José Mª Morón y Barrientos se creó en el curso 96/97, para dar respuesta a las necesidades en Educación Secundaria que se planteaban en esta zona de la sierra onubense.</strong><strong> El curso 96/97, este centro se abrió como Sección del IES Sta. Olalla de Cala, pueblo situado a unos cincuenta Kms., anticipándonos a la implantación de la LOGSE. En el curso 97/98 nos dan total autonomía y se nos nombra IES, adoptando nosotros el nombre de José Mª Morón y Barrientos, en honor de la persona que dio en el año 1939, una subvención de 75.000 ptas. para la construcción del edificio en el que nos ubicaron, un antiguo colegio de EGB, que no cumplía los requisitos necesarios, aunque se hicieron unas obras de acondicionamiento.</strong></p>
<p align="center"><strong><img decoding="async" src="http://www.juntadeandalucia.es/averroes/centros-tic/21700447/helvia/sitio/upload/img/IES_1.jpg" border="0"><br />
</strong></p>
<p align="center"><strong>El edificio del IES José María Morón y Barrientos se construye en 1939 como colegio de enseñanza primaria, sufre varias remodelaciones, una en los años 60 en la que se añaden dos formas cúbicas a la fachada principal, para albergar 4 nuevas aulas y una posterior en los años setenta para reformar la cubierta, sustituyendo las tejas por chapas . Posteriormente, se hizo una reforma y ampliación del edificio con el fin de adaptarlo, según la normativa vigente al Instituto de Educación Secundaría con todos los elementos precisos para su utilización.<br />
El proyecto lo realizó el arquitecto Don Julio Ángel Sánchez Prieto tras el convenio que suscribieron La Consejería de Educación y Ciencia de la junta de Andalucía y la Excma. Diputación Provincial de Huelva. Las obras se inician en abril del 2001 y se dan por finalizadas en diciembre del 2002, quedando pendiente, a cargo del Excmo. Ayuntamiento, las vallas exteriores que se terminan en el año 2006.<br />
El IES José Mª Morón y Barrientos se encuentra situado en la zona sureste de la población, en la parte más llana. Su fachada principal da a una calle peatonal sin nombre y a la Plza. Ntra. Sra. De la Esperanza. Los laterales lindan: por la izquierda, con los patios de las casas de la avda. de la Constitución, que forman el bloque de Juzgados, Correos y una vivienda particular; por la derecha con el patio de la Guardería Ntra. Sra. De la Esperanza y la trasera con la c/ Virgen del Rocío.</strong></p>

<p>HISTORIA DEL CENTRO EL EDIFICIO El edificio del IES José María Morón y Barrientos se construye en 1939 como colegio de enseñanza primaria, sufre varias remodelaciones, una en los años 60 en la que&#46;&#46;&#46;</p>
