{"id":2633,"date":"2020-09-16T14:57:27","date_gmt":"2020-09-16T14:57:27","guid":{"rendered":"https:\/\/blogsaverroes.juntadeandalucia.es\/iesjosemariamoronybarrientos\/?page_id=2633"},"modified":"2022-11-16T17:11:31","modified_gmt":"2022-11-16T17:11:31","slug":"transformacion-digital-educativa","status":"publish","type":"page","link":"https:\/\/blogsaverroes.juntadeandalucia.es\/iesjosemariamoronybarrientos\/transformacion-digital-educativa\/","title":{"rendered":"Transformaci\u00f3n Digital Educativa"},"content":{"rendered":"<h2>Descarga la App de Moodle:<\/h2>\n<p><iframe loading=\"lazy\" src=\"https:\/\/drive.google.com\/file\/d\/1JJr0QbYhy1nG5Lu6WAfkGc6_k59rnq0N\/preview\" width=\"640\" height=\"480\"><\/iframe><\/p>\n<p>&nbsp;<\/p>\n<h2>Configura tu correo electr\u00f3nico en moodle:<\/h2>\n<h2><iframe loading=\"lazy\" src=\"https:\/\/drive.google.com\/file\/d\/1cWbRCFGnSPS0ho5o-m4AMS7CYyfMMS8Z\/preview\" width=\"640\" height=\"480\"><\/iframe><\/h2>\n<h2>Enviar correo en Moodle:<\/h2>\n<p><iframe loading=\"lazy\" src=\"https:\/\/drive.google.com\/file\/d\/1_tkMW54TXaNNSW3CaLna79pD1YGCm61E\/preview\" width=\"640\" height=\"480\"><\/iframe><\/p>\n<h2>Presentamos la Transformaci\u00f3n Digital Educativa de nuestro centro:<\/h2>\n<div style=\"width: 100%\">\n<div style=\"padding-bottom: 56.25%;padding-top: 0;height: 0\"><iframe loading=\"lazy\" src=\"https:\/\/view.genial.ly\/5f566c07fb459312f0902196\" width=\"600\" height=\"375\" frameborder=\"0\" scrolling=\"yes\"><\/iframe><\/div>\n<\/div>\n<h2>C\u00f3mo conseguir tus credenciales<\/h2>\n<div style=\"width: 100%\">\n<div style=\"padding-bottom: 50.00%;padding-top: 0;height: 0\"><iframe loading=\"lazy\" src=\"https:\/\/view.genial.ly\/5f71e888593d2c0d0e007e22\" width=\"600\" height=\"375\" frameborder=\"0\" scrolling=\"yes\"><\/iframe><\/div>\n<\/div>\n","protected":false},"excerpt":{"rendered":"<p>Descarga la App de Moodle: &nbsp; Configura tu correo electr\u00f3nico en moodle: Enviar correo en Moodle: Presentamos la Transformaci\u00f3n Digital Educativa de nuestro centro: C\u00f3mo conseguir tus credenciales<\/p>\n","protected":false},"author":10187,"featured_media":0,"parent":0,"menu_order":0,"comment_status":"closed","ping_status":"closed","template":"","meta":{"ngg_post_thumbnail":0,"footnotes":"","_mc_calendar":[]},"aioseo_notices":[],"_links":{"self":[{"href":"https:\/\/blogsaverroes.juntadeandalucia.es\/iesjosemariamoronybarrientos\/wp-json\/wp\/v2\/pages\/2633"}],"collection":[{"href":"https:\/\/blogsaverroes.juntadeandalucia.es\/iesjosemariamoronybarrientos\/wp-json\/wp\/v2\/pages"}],"about":[{"href":"https:\/\/blogsaverroes.juntadeandalucia.es\/iesjosemariamoronybarrientos\/wp-json\/wp\/v2\/types\/page"}],"author":[{"embeddable":true,"href":"https:\/\/blogsaverroes.juntadeandalucia.es\/iesjosemariamoronybarrientos\/wp-json\/wp\/v2\/users\/10187"}],"replies":[{"embeddable":true,"href":"https:\/\/blogsaverroes.juntadeandalucia.es\/iesjosemariamoronybarrientos\/wp-json\/wp\/v2\/comments?post=2633"}],"version-history":[{"count":8,"href":"https:\/\/blogsaverroes.juntadeandalucia.es\/iesjosemariamoronybarrientos\/wp-json\/wp\/v2\/pages\/2633\/revisions"}],"predecessor-version":[{"id":3167,"href":"https:\/\/blogsaverroes.juntadeandalucia.es\/iesjosemariamoronybarrientos\/wp-json\/wp\/v2\/pages\/2633\/revisions\/3167"}],"wp:attachment":[{"href":"https:\/\/blogsaverroes.juntadeandalucia.es\/iesjosemariamoronybarrientos\/wp-json\/wp\/v2\/media?parent=2633"}],"curies":[{"name":"wp","href":"https:\/\/api.w.org\/{rel}","templated":true}]}}