{"id":35,"date":"2015-03-13T08:21:43","date_gmt":"2015-03-13T08:21:43","guid":{"rendered":"http:\/\/blogsaverroes.juntadeandalucia.es\/pre\/ceip\/?page_id=35"},"modified":"2024-06-28T18:58:08","modified_gmt":"2024-06-28T18:58:08","slug":"el-centro-2","status":"publish","type":"page","link":"https:\/\/blogsaverroes.juntadeandalucia.es\/iesjosemariamoronybarrientos\/el-centro-2\/","title":{"rendered":"Datos del centro"},"content":{"rendered":"<p>[googlemaps https:\/\/www.google.com\/maps\/embed?pb=!1m18!1m12!1m3!1d3141.425223670707!2d-6.645270384617092!3d38.06047710344309!2m3!1f0!2f0!3f0!3m2!1i1024!2i768!4f13.1!3m3!1m2!1s0xd11694751e2ffcf%3A0x1a76f2eb697df61e!2sInstituto%20de%20Educaci%C3%B3n%20Secundaria%20Ies%20Jos%C3%A9%20M.%20Mor%C3%B3n%20y%20Barrientos!5e0!3m2!1ses!2ses!4v1590965857204!5m2!1ses!2ses&amp;w=600&amp;h=450]<\/p>\n<h4>Datos de contacto<\/h4>\n<p>I.E.S. Jos\u00e9 Mar\u00eda Mor\u00f3n y Barrientos&nbsp;<\/p>\n<p><strong>Direcci\u00f3n:<\/strong> &nbsp;Plaza Nuestra Se\u00f1ora de la Esperanza s\/n., Cumbres Mayores 21380 Huelva<br \/>\n<strong>Tel\u00e9fono \/ FAX: 959 129 500<\/strong><br \/>\n<strong>Email:<\/strong> 21700447@g.educaand.es<\/p>\n<h4><strong>Horarios<\/strong><\/h4>\n<p>El horario de apertura es de 8:30 a 15:00.<\/p>\n<h4><strong>Oferta educativa<\/strong><\/h4>\n<p>ESO y CFGB de Cocina y Restauraci\u00f3n<\/p>\n<p>&nbsp;<\/p>\n","protected":false},"excerpt":{"rendered":"<p>[googlemaps https:\/\/www.google.com\/maps\/embed?pb=!1m18!1m12!1m3!1d3141.425223670707!2d-6.645270384617092!3d38.06047710344309!2m3!1f0!2f0!3f0!3m2!1i1024!2i768!4f13.1!3m3!1m2!1s0xd11694751e2ffcf%3A0x1a76f2eb697df61e!2sInstituto%20de%20Educaci%C3%B3n%20Secundaria%20Ies%20Jos%C3%A9%20M.%20Mor%C3%B3n%20y%20Barrientos!5e0!3m2!1ses!2ses!4v1590965857204!5m2!1ses!2ses&amp;w=600&amp;h=450] Datos de contacto I.E.S. Jos\u00e9 Mar\u00eda Mor\u00f3n y Barrientos&nbsp; Direcci\u00f3n: &nbsp;Plaza Nuestra Se\u00f1ora de la Esperanza s\/n., Cumbres Mayores 21380 Huelva Tel\u00e9fono \/ FAX: 959 129 500 Email: 21700447@g.educaand.es Horarios El horario&#46;&#46;&#46;<\/p>\n","protected":false},"author":1,"featured_media":0,"parent":0,"menu_order":0,"comment_status":"open","ping_status":"open","template":"","meta":{"ngg_post_thumbnail":0,"footnotes":"","_mc_calendar":[]},"aioseo_notices":[],"_links":{"self":[{"href":"https:\/\/blogsaverroes.juntadeandalucia.es\/iesjosemariamoronybarrientos\/wp-json\/wp\/v2\/pages\/35"}],"collection":[{"href":"https:\/\/blogsaverroes.juntadeandalucia.es\/iesjosemariamoronybarrientos\/wp-json\/wp\/v2\/pages"}],"about":[{"href":"https:\/\/blogsaverroes.juntadeandalucia.es\/iesjosemariamoronybarrientos\/wp-json\/wp\/v2\/types\/page"}],"author":[{"embeddable":true,"href":"https:\/\/blogsaverroes.juntadeandalucia.es\/iesjosemariamoronybarrientos\/wp-json\/wp\/v2\/users\/1"}],"replies":[{"embeddable":true,"href":"https:\/\/blogsaverroes.juntadeandalucia.es\/iesjosemariamoronybarrientos\/wp-json\/wp\/v2\/comments?post=35"}],"version-history":[{"count":24,"href":"https:\/\/blogsaverroes.juntadeandalucia.es\/iesjosemariamoronybarrientos\/wp-json\/wp\/v2\/pages\/35\/revisions"}],"predecessor-version":[{"id":3416,"href":"https:\/\/blogsaverroes.juntadeandalucia.es\/iesjosemariamoronybarrientos\/wp-json\/wp\/v2\/pages\/35\/revisions\/3416"}],"wp:attachment":[{"href":"https:\/\/blogsaverroes.juntadeandalucia.es\/iesjosemariamoronybarrientos\/wp-json\/wp\/v2\/media?parent=35"}],"curies":[{"name":"wp","href":"https:\/\/api.w.org\/{rel}","templated":true}]}}