{"id":2737,"date":"2019-12-10T12:19:58","date_gmt":"2019-12-10T12:19:58","guid":{"rendered":"https:\/\/blogsaverroes.juntadeandalucia.es\/iesjosesaramago\/?page_id=2737"},"modified":"2021-11-15T17:52:22","modified_gmt":"2021-11-15T17:52:22","slug":"proyecto-de-gestion","status":"publish","type":"page","link":"https:\/\/blogsaverroes.juntadeandalucia.es\/iesjosesaramago\/proyecto-de-gestion\/","title":{"rendered":"Proyecto de Gesti\u00f3n"},"content":{"rendered":"<p>Haga clic en el enlace siguiente para abrir el Proyecto de Gesti\u00f3n del IES Jos\u00e9 Saramago.<\/p>\n<p><a href=\"https:\/\/drive.google.com\/file\/d\/1EPXyG-TqLqGy6z8ophfhu9t-lC7HSjR1\/view?usp=sharing\" target=\"_blank\" rel=\"noopener noreferrer\">Proyecto de Gesti\u00f3n<\/a><\/p>\n","protected":false},"excerpt":{"rendered":"<p>Haga clic en el enlace siguiente para abrir el Proyecto de Gesti\u00f3n del IES Jos\u00e9 Saramago. Proyecto de Gesti\u00f3n<\/p>\n","protected":false},"author":7135,"featured_media":0,"parent":0,"menu_order":0,"comment_status":"closed","ping_status":"closed","template":"","meta":{"ngg_post_thumbnail":0,"footnotes":"","_mc_calendar":[]},"aioseo_notices":[],"_links":{"self":[{"href":"https:\/\/blogsaverroes.juntadeandalucia.es\/iesjosesaramago\/wp-json\/wp\/v2\/pages\/2737"}],"collection":[{"href":"https:\/\/blogsaverroes.juntadeandalucia.es\/iesjosesaramago\/wp-json\/wp\/v2\/pages"}],"about":[{"href":"https:\/\/blogsaverroes.juntadeandalucia.es\/iesjosesaramago\/wp-json\/wp\/v2\/types\/page"}],"author":[{"embeddable":true,"href":"https:\/\/blogsaverroes.juntadeandalucia.es\/iesjosesaramago\/wp-json\/wp\/v2\/users\/7135"}],"replies":[{"embeddable":true,"href":"https:\/\/blogsaverroes.juntadeandalucia.es\/iesjosesaramago\/wp-json\/wp\/v2\/comments?post=2737"}],"version-history":[{"count":3,"href":"https:\/\/blogsaverroes.juntadeandalucia.es\/iesjosesaramago\/wp-json\/wp\/v2\/pages\/2737\/revisions"}],"predecessor-version":[{"id":3761,"href":"https:\/\/blogsaverroes.juntadeandalucia.es\/iesjosesaramago\/wp-json\/wp\/v2\/pages\/2737\/revisions\/3761"}],"wp:attachment":[{"href":"https:\/\/blogsaverroes.juntadeandalucia.es\/iesjosesaramago\/wp-json\/wp\/v2\/media?parent=2737"}],"curies":[{"name":"wp","href":"https:\/\/api.w.org\/{rel}","templated":true}]}}