{"id":77,"date":"2015-03-16T06:54:56","date_gmt":"2015-03-16T06:54:56","guid":{"rendered":"http:\/\/blogsaverroes.juntadeandalucia.es\/pre\/ceip\/?page_id=77"},"modified":"2019-04-03T18:21:58","modified_gmt":"2019-04-03T18:21:58","slug":"secretaria","status":"publish","type":"page","link":"https:\/\/blogsaverroes.juntadeandalucia.es\/iesjosesaramago\/secretaria\/","title":{"rendered":"Secretar\u00eda"},"content":{"rendered":"<p>Horario de secretar\u00eda: de 08:00 a 15:00 horas<\/p>\n<p>Personal de administraci\u00f3n y servicios:<\/p>\n<ul>\n<li>Administrativo: Antonio Jes\u00fas Torres Lobillo.<\/li>\n<li>Ordenanza: Isabel Plaza Beltr\u00e1n<\/li>\n<\/ul>\n","protected":false},"excerpt":{"rendered":"<p>Horario de secretar\u00eda: de 08:00 a 15:00 horas Personal de administraci\u00f3n y servicios: Administrativo: Antonio Jes\u00fas Torres Lobillo. Ordenanza: Isabel Plaza Beltr\u00e1n<\/p>\n","protected":false},"author":1,"featured_media":2413,"parent":0,"menu_order":0,"comment_status":"closed","ping_status":"open","template":"page-cs.php","meta":{"ngg_post_thumbnail":0,"footnotes":"","_mc_calendar":[]},"aioseo_notices":[],"_links":{"self":[{"href":"https:\/\/blogsaverroes.juntadeandalucia.es\/iesjosesaramago\/wp-json\/wp\/v2\/pages\/77"}],"collection":[{"href":"https:\/\/blogsaverroes.juntadeandalucia.es\/iesjosesaramago\/wp-json\/wp\/v2\/pages"}],"about":[{"href":"https:\/\/blogsaverroes.juntadeandalucia.es\/iesjosesaramago\/wp-json\/wp\/v2\/types\/page"}],"author":[{"embeddable":true,"href":"https:\/\/blogsaverroes.juntadeandalucia.es\/iesjosesaramago\/wp-json\/wp\/v2\/users\/1"}],"replies":[{"embeddable":true,"href":"https:\/\/blogsaverroes.juntadeandalucia.es\/iesjosesaramago\/wp-json\/wp\/v2\/comments?post=77"}],"version-history":[{"count":5,"href":"https:\/\/blogsaverroes.juntadeandalucia.es\/iesjosesaramago\/wp-json\/wp\/v2\/pages\/77\/revisions"}],"predecessor-version":[{"id":2492,"href":"https:\/\/blogsaverroes.juntadeandalucia.es\/iesjosesaramago\/wp-json\/wp\/v2\/pages\/77\/revisions\/2492"}],"wp:featuredmedia":[{"embeddable":true,"href":"https:\/\/blogsaverroes.juntadeandalucia.es\/iesjosesaramago\/wp-json\/wp\/v2\/media\/2413"}],"wp:attachment":[{"href":"https:\/\/blogsaverroes.juntadeandalucia.es\/iesjosesaramago\/wp-json\/wp\/v2\/media?parent=77"}],"curies":[{"name":"wp","href":"https:\/\/api.w.org\/{rel}","templated":true}]}}

Secretaría

<p>Horario de secretaría: de 08:00 a 15:00 horas</p>
<p>Personal de administración y servicios:</p>
<ul>
<li>Administrativo: Antonio Jesús Torres Lobillo.</li>
<li>Ordenanza: Isabel Plaza Beltrán</li>
</ul>

<p>Horario de secretaría: de 08:00 a 15:00 horas Personal de administración y servicios: Administrativo: Antonio Jesús Torres Lobillo. Ordenanza: Isabel Plaza Beltrán</p>
