{"id":141,"date":"2019-06-26T07:13:24","date_gmt":"2019-06-26T07:13:24","guid":{"rendered":"http:\/\/blogsaverroes.juntadeandalucia.es\/pre\/ceip\/?page_id=141"},"modified":"2025-01-28T12:08:18","modified_gmt":"2025-01-28T12:08:18","slug":"escolarizacion","status":"publish","type":"page","link":"https:\/\/blogsaverroes.juntadeandalucia.es\/ieslaalbora\/escolarizacion\/","title":{"rendered":"Escolarizaci\u00f3n"},"content":{"rendered":"<p><span style=\"font-size: 28px;color: #000000\"><strong>Escolarizaci\u00f3n<\/strong><\/span><\/p>\n<p style=\"text-align: justify\"><span style=\"color: #000000\">La Consejer\u00eda de Educaci\u00f3n y Deporte habilita cada a\u00f1o el Portal de Escolarizaci\u00f3n y Matr\u00edcula con toda la informaci\u00f3n relevante para la tramitaci\u00f3n de solicitudes y matr\u00edculas escolares.\u00a0<\/span><\/p>\n<div class=\"elementor-element elementor-element-657a25f elementor-widget elementor-widget-text-editor\" data-id=\"657a25f\" data-element_type=\"widget\" data-widget_type=\"text-editor.default\">\n<div class=\"elementor-widget-container\">\n<p><span style=\"color: #000000\"><strong><span style=\"font-size: 14px\">Presentaci\u00f3n telem\u00e1tica de la solicitud de admisi\u00f3n\u00a0<\/span><\/strong><\/span><\/p>\n<\/div>\n<\/div>\n<div class=\"elementor-element elementor-element-e97ea1d elementor-widget elementor-widget-text-editor\" data-id=\"e97ea1d\" data-element_type=\"widget\" data-widget_type=\"text-editor.default\">\n<div class=\"elementor-widget-container\">\n<p style=\"text-align: justify;padding-left: 40px\"><span style=\"color: #000000\">Presentaci\u00f3n telem\u00e1tica de la admisi\u00f3n del alumnado en los centros docentes sostenidos con fondos p\u00fablicos de las ense\u00f1anzas de 2\u00ba Ciclo de Educaci\u00f3n Infantil, Educaci\u00f3n Primaria, Educaci\u00f3n Especial, Educaci\u00f3n Secundaria Obligatoria y Bachillerato. Pincha <a href=\"https:\/\/www.juntadeandalucia.es\/educacion\/secretariavirtual\/accesoTramite\/543\/\"><span style=\"color: #0000ff\">aqu\u00ed<\/span><\/a> para acceder<\/span><\/p>\n<\/div>\n<\/div>\n<div class=\"elementor-element elementor-element-489d7e2 elementor-widget elementor-widget-text-editor\" data-id=\"489d7e2\" data-element_type=\"widget\" data-widget_type=\"text-editor.default\">\n<div class=\"elementor-widget-container\">\n<p><span style=\"font-size: 14px;color: #000000\"><strong>Impresos de admisi\u00f3n<\/strong><\/span><\/p>\n<\/div>\n<\/div>\n<div class=\"elementor-element elementor-element-fea2ea3 elementor-widget elementor-widget-text-editor\" data-id=\"fea2ea3\" data-element_type=\"widget\" data-widget_type=\"text-editor.default\">\n<div class=\"elementor-widget-container\">\n<p style=\"padding-left: 40px\"><strong><span style=\"color: #000000\">ANEXO III<\/span><\/strong><\/p>\n<p style=\"padding-left: 80px\"><span style=\"color: #0000ff\"><a id=\"yui_patched_v3_11_0_1_1653979396800_723\" style=\"color: #0000ff\" title=\"Pulse para visualizar el documento:\u00a0ANEXO III\" href=\"https:\/\/www.dropbox.com\/scl\/fi\/4lrhzprr7gvmfebxj34hv\/anexo-III-admision-y-matriculacion.pdf?rlkey=sos69yif57hilt270lq240j1f&amp;dl=0\" target=\"_blank\" rel=\"noopener\">Solicitud de admisi\u00f3n en segundo ciclo de Educaci\u00f3n Infantil, Educaci\u00f3n Primaria, Educaci\u00f3n Especial, ESO y Bachillerato<\/a><\/span><\/p>\n<p style=\"padding-left: 40px\"><strong><span style=\"color: #000000\">ANEXO IX<\/span><\/strong><\/p>\n<p style=\"padding-left: 80px\"><span style=\"color: #0000ff\"><a style=\"color: #0000ff\" title=\"Pulse para visualizar el documento:\u00a0ANEXO IX\" href=\"https:\/\/www.dropbox.com\/scl\/fi\/ef15bpvaf683g67fdtxa8\/anexo-IX-admision-matriculacion.pdf?rlkey=ept284tldlg2nltzxnx5xnbep&amp;dl=0\" target=\"_blank\" rel=\"noopener\">Solicitud Procedimiento\u00a0 Extraordinario de Admisi\u00f3n<\/a><\/span><\/p>\n<\/div>\n<\/div>\n<p>&nbsp;<\/p>\n","protected":false},"excerpt":{"rendered":"<p>Escolarizaci\u00f3n La Consejer\u00eda de Educaci\u00f3n y Deporte habilita cada a\u00f1o el Portal de Escolarizaci\u00f3n y Matr\u00edcula con toda la informaci\u00f3n relevante para la tramitaci\u00f3n de solicitudes y matr\u00edculas escolares.\u00a0 Presentaci\u00f3n telem\u00e1tica de la solicitud de admisi\u00f3n\u00a0 Presentaci\u00f3n telem\u00e1tica de la admisi\u00f3n del alumnado en los centros docentes sostenidos con fondos p\u00fablicos de las ense\u00f1anzas de [&hellip;]<\/p>\n","protected":false},"author":1,"featured_media":541,"parent":0,"menu_order":0,"comment_status":"closed","ping_status":"open","template":"","meta":{"footnotes":""},"aioseo_notices":[],"_links":{"self":[{"href":"https:\/\/blogsaverroes.juntadeandalucia.es\/ieslaalbora\/wp-json\/wp\/v2\/pages\/141"}],"collection":[{"href":"https:\/\/blogsaverroes.juntadeandalucia.es\/ieslaalbora\/wp-json\/wp\/v2\/pages"}],"about":[{"href":"https:\/\/blogsaverroes.juntadeandalucia.es\/ieslaalbora\/wp-json\/wp\/v2\/types\/page"}],"author":[{"embeddable":true,"href":"https:\/\/blogsaverroes.juntadeandalucia.es\/ieslaalbora\/wp-json\/wp\/v2\/users\/1"}],"replies":[{"embeddable":true,"href":"https:\/\/blogsaverroes.juntadeandalucia.es\/ieslaalbora\/wp-json\/wp\/v2\/comments?post=141"}],"version-history":[{"count":11,"href":"https:\/\/blogsaverroes.juntadeandalucia.es\/ieslaalbora\/wp-json\/wp\/v2\/pages\/141\/revisions"}],"predecessor-version":[{"id":4696,"href":"https:\/\/blogsaverroes.juntadeandalucia.es\/ieslaalbora\/wp-json\/wp\/v2\/pages\/141\/revisions\/4696"}],"wp:featuredmedia":[{"embeddable":true,"href":"https:\/\/blogsaverroes.juntadeandalucia.es\/ieslaalbora\/wp-json\/wp\/v2\/media\/541"}],"wp:attachment":[{"href":"https:\/\/blogsaverroes.juntadeandalucia.es\/ieslaalbora\/wp-json\/wp\/v2\/media?parent=141"}],"curies":[{"name":"wp","href":"https:\/\/api.w.org\/{rel}","templated":true}]}}