{"id":44,"date":"2015-03-13T08:42:15","date_gmt":"2015-03-13T08:42:15","guid":{"rendered":"http:\/\/blogsaverroes.juntadeandalucia.es\/pre\/ceip\/?page_id=44"},"modified":"2025-10-09T12:09:18","modified_gmt":"2025-10-09T12:09:18","slug":"planes-y-proyectos","status":"publish","type":"page","link":"https:\/\/blogsaverroes.juntadeandalucia.es\/ieslaalbora\/planes-y-proyectos\/","title":{"rendered":"Planes y Programas"},"content":{"rendered":"<h3><span style=\"color: #000000\">Planes y programas en los que participamos\u00a0<\/span><\/h3>\n<p style=\"text-align: justify\"><span style=\"color: #000000\">Los planes y programas educativos son <strong>iniciativas espec\u00edficas<\/strong> propuestas por la Junta de Andaluc\u00eda.<\/span><\/p>\n<p style=\"text-align: justify\"><span style=\"color: #000000\">En el <strong>IES La Albor\u00e1, valoramos mucho<\/strong> el uso de estos recursos y nos sentimos muy orgullosos de ello. Creemos que estos programas enriquecen y dan vida a la educaci\u00f3n, facilitando el aprendizaje de los estudiantes y apoyando a los profesores en su labor de ense\u00f1anza.<\/span><\/p>\n<p style=\"text-align: justify\"><span style=\"color: #000000\">A continuaci\u00f3n, <strong>encontrar\u00e1s im\u00e1genes<\/strong> con <strong>informaci\u00f3n adicional<\/strong> sobre estos programas: c\u00f3mo funcionan, c\u00f3mo inscribirte y enlaces a la p\u00e1gina web o blog relacionados con ellos.<\/span><\/p>\n<p><span style=\"color: #000000\">\u00a1Pincha sobre las im\u00e1genes para m\u00e1s informaci\u00f3n!<\/span><\/p>\n<p>&nbsp;<\/p>\n<p><a href=\"https:\/\/blogsaverroes.juntadeandalucia.es\/ieslaalbora\/planes-y-proyectos\/biblioteca\/\"><img loading=\"lazy\" decoding=\"async\" class=\"alignleft size-full wp-image-4237\" src=\"https:\/\/blogsaverroes.juntadeandalucia.es\/ieslaalbora\/files\/2024\/09\/3-1.png\" alt=\"\" width=\"320\" height=\"100\" srcset=\"https:\/\/blogsaverroes.juntadeandalucia.es\/ieslaalbora\/files\/2024\/09\/3-1.png 320w, https:\/\/blogsaverroes.juntadeandalucia.es\/ieslaalbora\/files\/2024\/09\/3-1-300x94.png 300w\" sizes=\"(max-width: 320px) 100vw, 320px\" \/><\/a><a href=\"https:\/\/blogsaverroes.juntadeandalucia.es\/ieslaalbora\/planes-y-proyectos\/bilinguismo\/\"><img loading=\"lazy\" decoding=\"async\" class=\"alignleft size-full wp-image-4236\" src=\"https:\/\/blogsaverroes.juntadeandalucia.es\/ieslaalbora\/files\/2024\/09\/2-1.png\" alt=\"\" width=\"320\" height=\"100\" srcset=\"https:\/\/blogsaverroes.juntadeandalucia.es\/ieslaalbora\/files\/2024\/09\/2-1.png 320w, https:\/\/blogsaverroes.juntadeandalucia.es\/ieslaalbora\/files\/2024\/09\/2-1-300x94.png 300w\" sizes=\"(max-width: 320px) 100vw, 320px\" \/><\/a><a href=\"https:\/\/blogsaverroes.juntadeandalucia.es\/ieslaalbora\/planes-y-proyectos\/erasmus\/\"><img loading=\"lazy\" decoding=\"async\" class=\"wp-image-4235 size-full alignleft\" src=\"https:\/\/blogsaverroes.juntadeandalucia.es\/ieslaalbora\/files\/2024\/09\/1-1.png\" alt=\"\" width=\"320\" height=\"100\" srcset=\"https:\/\/blogsaverroes.juntadeandalucia.es\/ieslaalbora\/files\/2024\/09\/1-1.png 320w, https:\/\/blogsaverroes.juntadeandalucia.es\/ieslaalbora\/files\/2024\/09\/1-1-300x94.png 300w\" sizes=\"(max-width: 320px) 100vw, 320px\" \/><\/a><a href=\"https:\/\/blogsaverroes.juntadeandalucia.es\/ieslaalbora\/planes-y-proyectos\/espacio-de-paz\/\"><img loading=\"lazy\" decoding=\"async\" class=\"alignleft size-full wp-image-4239\" src=\"https:\/\/blogsaverroes.juntadeandalucia.es\/ieslaalbora\/files\/2024\/09\/5-1.png\" alt=\"\" width=\"320\" height=\"100\" srcset=\"https:\/\/blogsaverroes.juntadeandalucia.es\/ieslaalbora\/files\/2024\/09\/5-1.png 320w, https:\/\/blogsaverroes.juntadeandalucia.es\/ieslaalbora\/files\/2024\/09\/5-1-300x94.png 300w\" sizes=\"(max-width: 320px) 100vw, 320px\" \/><\/a><a href=\"https:\/\/blogsaverroes.juntadeandalucia.es\/ieslaalbora\/planes-y-proyectos\/igualdad\/\"><img loading=\"lazy\" decoding=\"async\" class=\"alignleft size-full wp-image-4238\" src=\"https:\/\/blogsaverroes.juntadeandalucia.es\/ieslaalbora\/files\/2024\/09\/4-1.png\" alt=\"\" width=\"320\" height=\"100\" srcset=\"https:\/\/blogsaverroes.juntadeandalucia.es\/ieslaalbora\/files\/2024\/09\/4-1.png 320w, https:\/\/blogsaverroes.juntadeandalucia.es\/ieslaalbora\/files\/2024\/09\/4-1-300x94.png 300w\" sizes=\"(max-width: 320px) 100vw, 320px\" \/><\/a><a href=\"https:\/\/blogsaverroes.juntadeandalucia.es\/ieslaalbora\/planes-y-proyectos\/transformacion-digital-educativa\/\"><img loading=\"lazy\" decoding=\"async\" class=\"alignleft wp-image-4240\" src=\"https:\/\/blogsaverroes.juntadeandalucia.es\/ieslaalbora\/files\/2024\/09\/6-1.png\" alt=\"\" width=\"323\" height=\"101\" srcset=\"https:\/\/blogsaverroes.juntadeandalucia.es\/ieslaalbora\/files\/2024\/09\/6-1.png 320w, https:\/\/blogsaverroes.juntadeandalucia.es\/ieslaalbora\/files\/2024\/09\/6-1-300x94.png 300w\" sizes=\"(max-width: 323px) 100vw, 323px\" \/><\/a><\/p>\n<p><a href=\"https:\/\/blogsaverroes.juntadeandalucia.es\/ieslaalbora\/planes-y-proyectos\/stem-4-0\/\"><img loading=\"lazy\" decoding=\"async\" class=\" wp-image-4770 alignleft\" src=\"https:\/\/blogsaverroes.juntadeandalucia.es\/ieslaalbora\/files\/2025\/10\/9-300x94.png\" alt=\"\" width=\"319\" height=\"100\" srcset=\"https:\/\/blogsaverroes.juntadeandalucia.es\/ieslaalbora\/files\/2025\/10\/9-300x94.png 300w, https:\/\/blogsaverroes.juntadeandalucia.es\/ieslaalbora\/files\/2025\/10\/9.png 320w\" sizes=\"(max-width: 319px) 100vw, 319px\" \/><\/a> <a href=\"https:\/\/blogsaverroes.juntadeandalucia.es\/ieslaalbora\/planes-y-proyectos\/comunica\/\"><img loading=\"lazy\" decoding=\"async\" class=\" wp-image-4771 alignleft\" src=\"https:\/\/blogsaverroes.juntadeandalucia.es\/ieslaalbora\/files\/2025\/10\/10-300x94.png\" alt=\"\" width=\"322\" height=\"101\" srcset=\"https:\/\/blogsaverroes.juntadeandalucia.es\/ieslaalbora\/files\/2025\/10\/10-300x94.png 300w, https:\/\/blogsaverroes.juntadeandalucia.es\/ieslaalbora\/files\/2025\/10\/10.png 320w\" sizes=\"(max-width: 322px) 100vw, 322px\" \/><\/a> <a href=\"https:\/\/blogsaverroes.juntadeandalucia.es\/ieslaalbora\/planes-y-proyectos\/vivir-y-sentir-el-patrimonio\/\"><img loading=\"lazy\" decoding=\"async\" class=\" wp-image-4772 alignleft\" src=\"https:\/\/blogsaverroes.juntadeandalucia.es\/ieslaalbora\/files\/2025\/10\/11-300x94.png\" alt=\"\" width=\"319\" height=\"100\" srcset=\"https:\/\/blogsaverroes.juntadeandalucia.es\/ieslaalbora\/files\/2025\/10\/11-300x94.png 300w, https:\/\/blogsaverroes.juntadeandalucia.es\/ieslaalbora\/files\/2025\/10\/11.png 320w\" sizes=\"(max-width: 319px) 100vw, 319px\" \/><\/a><\/p>\n","protected":false},"excerpt":{"rendered":"<p>Planes y programas en los que participamos\u00a0 Los planes y programas educativos son iniciativas espec\u00edficas propuestas por la Junta de Andaluc\u00eda. En el IES La Albor\u00e1, valoramos mucho el uso de estos recursos y nos sentimos muy orgullosos de ello. Creemos que estos programas enriquecen y dan vida a la educaci\u00f3n, facilitando el aprendizaje de [&hellip;]<\/p>\n","protected":false},"author":1,"featured_media":0,"parent":0,"menu_order":0,"comment_status":"closed","ping_status":"closed","template":"","meta":{"footnotes":""},"aioseo_notices":[],"_links":{"self":[{"href":"https:\/\/blogsaverroes.juntadeandalucia.es\/ieslaalbora\/wp-json\/wp\/v2\/pages\/44"}],"collection":[{"href":"https:\/\/blogsaverroes.juntadeandalucia.es\/ieslaalbora\/wp-json\/wp\/v2\/pages"}],"about":[{"href":"https:\/\/blogsaverroes.juntadeandalucia.es\/ieslaalbora\/wp-json\/wp\/v2\/types\/page"}],"author":[{"embeddable":true,"href":"https:\/\/blogsaverroes.juntadeandalucia.es\/ieslaalbora\/wp-json\/wp\/v2\/users\/1"}],"replies":[{"embeddable":true,"href":"https:\/\/blogsaverroes.juntadeandalucia.es\/ieslaalbora\/wp-json\/wp\/v2\/comments?post=44"}],"version-history":[{"count":51,"href":"https:\/\/blogsaverroes.juntadeandalucia.es\/ieslaalbora\/wp-json\/wp\/v2\/pages\/44\/revisions"}],"predecessor-version":[{"id":4789,"href":"https:\/\/blogsaverroes.juntadeandalucia.es\/ieslaalbora\/wp-json\/wp\/v2\/pages\/44\/revisions\/4789"}],"wp:attachment":[{"href":"https:\/\/blogsaverroes.juntadeandalucia.es\/ieslaalbora\/wp-json\/wp\/v2\/media?parent=44"}],"curies":[{"name":"wp","href":"https:\/\/api.w.org\/{rel}","templated":true}]}}