{"id":178,"date":"2015-03-17T07:56:43","date_gmt":"2015-03-17T07:56:43","guid":{"rendered":"http:\/\/blogsaverroes.juntadeandalucia.es\/pre\/ceip\/?page_id=178"},"modified":"2019-09-27T12:18:01","modified_gmt":"2019-09-27T12:18:01","slug":"musica","status":"publish","type":"page","link":"https:\/\/blogsaverroes.juntadeandalucia.es\/ieslaalgaida\/musica\/","title":{"rendered":"Departamento Art\u00edstico"},"content":{"rendered":"<p><a href=\"http:\/\/blogsaverroes.juntadeandalucia.es\/ieslaalgaida\/files\/2015\/03\/musica.jpg\"><img loading=\"lazy\" decoding=\"async\" class=\"aligncenter size-medium wp-image-2143\" src=\"http:\/\/blogsaverroes.juntadeandalucia.es\/ieslaalgaida\/files\/2015\/03\/musica-300x300.jpg\" alt=\"musica\" width=\"300\" height=\"300\" srcset=\"https:\/\/blogsaverroes.juntadeandalucia.es\/ieslaalgaida\/files\/2015\/03\/musica-300x300.jpg 300w, https:\/\/blogsaverroes.juntadeandalucia.es\/ieslaalgaida\/files\/2015\/03\/musica-150x150.jpg 150w, https:\/\/blogsaverroes.juntadeandalucia.es\/ieslaalgaida\/files\/2015\/03\/musica-160x160.jpg 160w, https:\/\/blogsaverroes.juntadeandalucia.es\/ieslaalgaida\/files\/2015\/03\/musica.jpg 640w\" sizes=\"(max-width: 300px) 100vw, 300px\" \/><\/a><\/p>\n<h3>Composici\u00f3n del Departamento. Curso 2019\/2020<\/h3>\n<p>Luc\u00eda Godoy Vilches. <span class=\"text\">Jefa de Departamento.&nbsp; Coord. \u00c1rea Art\u00edstica. Tutora de 1\u00baB.<\/span>&nbsp;<span class=\"text\">M\u00fasica.&nbsp;<\/span><\/p>\n<p>Javier Jim\u00e9nez Fonseca. Secretario.&nbsp; Educaci\u00f3n Pl\u00e1stica y Visual.&nbsp;<\/p>\n<p>&nbsp;<\/p>\n<h3>La M\u00fasica y las Artes Pl\u00e1sticas&nbsp;<\/h3>\n<p><span style=\"font-family: sans-serif\"><span style=\"font-size: medium\">La m\u00fasica y las artes pl\u00e1sticas y visuales, como bienes culturales y como lenguaje y medio de comunicaci\u00f3n no verbal, constituyen uno elementos &nbsp;con gran valor en la vida de las personas; adem\u00e1s, favorece el desarrollo integral de los individuos, interviene en su formaci\u00f3n emocional e intelectual, a trav\u00e9s del conocimiento musical y art\u00edstico, como manifestaci\u00f3nes &nbsp;culturales e &nbsp;hist\u00f3ricas , y contribuyen &nbsp;al afianzamiento de una postura abierta, reflexiva y cr\u00edtica en el alumnado. <\/span><\/span><\/p>\n<p><span style=\"font-family: sans-serif\"><span style=\"font-size: medium\">En la actualidad la m\u00fasica constituye uno de los principales referentes de identificaci\u00f3n de la juventud. Con el desarrollo tecnol\u00f3gico se han multiplicado los cauces de acceso a las cada vez m\u00e1s numerosas fuentes de cultura musical, as\u00ed como a sus diversas maneras de creaci\u00f3n e interpretaci\u00f3n a trav\u00e9s de veh\u00edculos que forman parte de su vida cotidiana como Internet, dispositivos m\u00f3viles, reproductores de audio o videojuegos; adem\u00e1s, fomenta el desarrollo de la percepci\u00f3n, la sensibilidad est\u00e9tica, la expresi\u00f3n creativa y la reflexi\u00f3n cr\u00edtica. <\/span><\/span><\/p>\n<h3>&nbsp;<\/h3>\n<h3>&nbsp;<\/h3>\n<p>&nbsp;<\/p>\n","protected":false},"excerpt":{"rendered":"<p>Composici\u00f3n del Departamento. Curso 2019\/2020 Luc\u00eda Godoy Vilches. Jefa de Departamento.&nbsp; Coord. \u00c1rea Art\u00edstica. Tutora de 1\u00baB.&nbsp;M\u00fasica.&nbsp; Javier Jim\u00e9nez Fonseca. Secretario.&nbsp; Educaci\u00f3n Pl\u00e1stica y Visual.&nbsp; &nbsp; La M\u00fasica y las Artes Pl\u00e1sticas&nbsp; La m\u00fasica y las artes pl\u00e1sticas y visuales, como bienes culturales y como lenguaje y medio de comunicaci\u00f3n no verbal, constituyen uno elementos &hellip; <\/p>\n<p class=\"link-more\"><a href=\"https:\/\/blogsaverroes.juntadeandalucia.es\/ieslaalgaida\/musica\/\" class=\"more-link\">Continuar leyendo<span class=\"screen-reader-text\"> \u00abDepartamento Art\u00edstico\u00bb<\/span><\/a><\/p>\n","protected":false},"author":1,"featured_media":0,"parent":0,"menu_order":0,"comment_status":"closed","ping_status":"open","template":"page-cs.php","meta":{"ngg_post_thumbnail":0,"footnotes":"","_mc_calendar":[]},"aioseo_notices":[],"_links":{"self":[{"href":"https:\/\/blogsaverroes.juntadeandalucia.es\/ieslaalgaida\/wp-json\/wp\/v2\/pages\/178"}],"collection":[{"href":"https:\/\/blogsaverroes.juntadeandalucia.es\/ieslaalgaida\/wp-json\/wp\/v2\/pages"}],"about":[{"href":"https:\/\/blogsaverroes.juntadeandalucia.es\/ieslaalgaida\/wp-json\/wp\/v2\/types\/page"}],"author":[{"embeddable":true,"href":"https:\/\/blogsaverroes.juntadeandalucia.es\/ieslaalgaida\/wp-json\/wp\/v2\/users\/1"}],"replies":[{"embeddable":true,"href":"https:\/\/blogsaverroes.juntadeandalucia.es\/ieslaalgaida\/wp-json\/wp\/v2\/comments?post=178"}],"version-history":[{"count":8,"href":"https:\/\/blogsaverroes.juntadeandalucia.es\/ieslaalgaida\/wp-json\/wp\/v2\/pages\/178\/revisions"}],"predecessor-version":[{"id":3341,"href":"https:\/\/blogsaverroes.juntadeandalucia.es\/ieslaalgaida\/wp-json\/wp\/v2\/pages\/178\/revisions\/3341"}],"wp:attachment":[{"href":"https:\/\/blogsaverroes.juntadeandalucia.es\/ieslaalgaida\/wp-json\/wp\/v2\/media?parent=178"}],"curies":[{"name":"wp","href":"https:\/\/api.w.org\/{rel}","templated":true}]}}