{"id":2636,"date":"2017-06-22T10:02:47","date_gmt":"2017-06-22T10:02:47","guid":{"rendered":"http:\/\/blogsaverroes.juntadeandalucia.es\/ieslaalgaida\/?page_id=2636"},"modified":"2017-07-07T17:04:53","modified_gmt":"2017-07-07T17:04:53","slug":"enlaces-de-interes","status":"publish","type":"page","link":"https:\/\/blogsaverroes.juntadeandalucia.es\/ieslaalgaida\/enlaces-de-interes\/","title":{"rendered":"Enlaces de inter\u00e9s"},"content":{"rendered":"<p><a href=\"http:\/\/www.ced.junta-andalucia.es\/\" target=\"_blank\">Junta de Andaluc\u00eda. <strong>Consejer\u00eda Educaci\u00f3n<\/strong><\/a><\/p>\n<p><a href=\"http:\/\/educacionadistancia.juntadeandalucia.es\/profesorado\/\" target=\"_blank\">Formaci\u00f3n Profesorado: <strong>Aula virtual Andalucia.<\/strong><\/a><\/p>\n<p><a href=\"http:\/\/formacionprofesorado.educacion.es\/index.php\/es\/index.php\" target=\"_blank\"><strong>INTEF.<\/strong> Formaci\u00f3n en Red. Ministerio de Educaci\u00f3n<\/a><\/p>\n<p><a href=\"http:\/\/www.cepcadiz.com\/\" target=\"_blank\"><strong>CEP<\/strong> -C\u00e1diz<\/a><\/p>\n<p><a href=\"http:\/\/portalseneca.ced.junta-andalucia.es\/educacion\/portalseneca\/web\/pasen\/inicio\" target=\"_blank\"><strong>PASEN<\/strong> &#8211; Portal S\u00e9neca<\/a><\/p>\n<p><strong><a href=\"https:\/\/portaldocente.ced.junta-andalucia.es\/educacion\/portaldocente\/\" target=\"_blank\">Portal Docente<\/a><\/strong><\/p>\n<p><a href=\"http:\/\/www.boe.es\/\" target=\"_blank\"><strong>BOE<\/strong>. Agencia Estatal Bolet\u00edn Oficial del Estado<\/a><\/p>\n<p><a href=\"http:\/\/juntadeandalucia.es\/eboja\/2013\/244\/index.html\" target=\"_blank\"><strong>BOJA<\/strong>. Bolet\u00edn Oficial Junta de Andaluc\u00eda<\/a><\/p>\n<p><a href=\"http:\/\/www.adideandalucia.es\/\" target=\"_blank\"><strong>ADIDE<\/strong>. Asociaci\u00f3n de inspectores de Educaci\u00f3n de Andaluc\u00eda<\/a><\/p>\n<p><a href=\"http:\/\/averroes.ced.junta-andalucia.es\/\" target=\"_blank\"><strong>AVERROES<\/strong>. Red Telem\u00e1tica Educativa de la Junta de Andaluc\u00eda<\/a><\/p>\n<p><a href=\"http:\/\/www.juntadeandalucia.es\/averroes\/centros-tic\/11701231\/helvia\/sitio\/\"><strong>La Algaida<\/strong> en la plataforma educativa Helvia<\/a><\/p>\n","protected":false},"excerpt":{"rendered":"<p>Junta de Andaluc\u00eda. Consejer\u00eda Educaci\u00f3n Formaci\u00f3n Profesorado: Aula virtual Andalucia. INTEF. Formaci\u00f3n en Red. Ministerio de Educaci\u00f3n CEP -C\u00e1diz PASEN &#8211; Portal S\u00e9neca Portal Docente BOE. Agencia Estatal Bolet\u00edn Oficial del Estado BOJA. Bolet\u00edn Oficial Junta de Andaluc\u00eda ADIDE. Asociaci\u00f3n de inspectores de Educaci\u00f3n de Andaluc\u00eda AVERROES. Red Telem\u00e1tica Educativa de la Junta de Andaluc\u00eda &hellip; <\/p>\n<p class=\"link-more\"><a href=\"https:\/\/blogsaverroes.juntadeandalucia.es\/ieslaalgaida\/enlaces-de-interes\/\" class=\"more-link\">Continuar leyendo<span class=\"screen-reader-text\"> \u00abEnlaces de inter\u00e9s\u00bb<\/span><\/a><\/p>\n","protected":false},"author":4336,"featured_media":0,"parent":0,"menu_order":0,"comment_status":"closed","ping_status":"closed","template":"page-cs.php","meta":{"ngg_post_thumbnail":0,"footnotes":"","_mc_calendar":[]},"aioseo_notices":[],"_links":{"self":[{"href":"https:\/\/blogsaverroes.juntadeandalucia.es\/ieslaalgaida\/wp-json\/wp\/v2\/pages\/2636"}],"collection":[{"href":"https:\/\/blogsaverroes.juntadeandalucia.es\/ieslaalgaida\/wp-json\/wp\/v2\/pages"}],"about":[{"href":"https:\/\/blogsaverroes.juntadeandalucia.es\/ieslaalgaida\/wp-json\/wp\/v2\/types\/page"}],"author":[{"embeddable":true,"href":"https:\/\/blogsaverroes.juntadeandalucia.es\/ieslaalgaida\/wp-json\/wp\/v2\/users\/4336"}],"replies":[{"embeddable":true,"href":"https:\/\/blogsaverroes.juntadeandalucia.es\/ieslaalgaida\/wp-json\/wp\/v2\/comments?post=2636"}],"version-history":[{"count":4,"href":"https:\/\/blogsaverroes.juntadeandalucia.es\/ieslaalgaida\/wp-json\/wp\/v2\/pages\/2636\/revisions"}],"predecessor-version":[{"id":2801,"href":"https:\/\/blogsaverroes.juntadeandalucia.es\/ieslaalgaida\/wp-json\/wp\/v2\/pages\/2636\/revisions\/2801"}],"wp:attachment":[{"href":"https:\/\/blogsaverroes.juntadeandalucia.es\/ieslaalgaida\/wp-json\/wp\/v2\/media?parent=2636"}],"curies":[{"name":"wp","href":"https:\/\/api.w.org\/{rel}","templated":true}]}}