{"id":2692,"date":"2017-06-22T11:38:53","date_gmt":"2017-06-22T11:38:53","guid":{"rendered":"http:\/\/blogsaverroes.juntadeandalucia.es\/ieslaalgaida\/?page_id=2692"},"modified":"2017-06-22T11:39:46","modified_gmt":"2017-06-22T11:39:46","slug":"revista-estuario","status":"publish","type":"page","link":"https:\/\/blogsaverroes.juntadeandalucia.es\/ieslaalgaida\/revista-estuario\/","title":{"rendered":"Revista Estuario"},"content":{"rendered":"<div id=\"matrix_858181\" class=\"sortable-matrix\">\n<div class=\"n module-type-imageSubtitle diyfeLiveArea \">\n<div id=\"imageSubtitle-6170687\" class=\"clearover imageSubtitle\">\n<div class=\"align-container align-left\"><a href=\"https:\/\/blogsaverroes.juntadeandalucia.es\/ieslaalgaida\/files\/2017\/06\/cache_9743238.jpg\"><img loading=\"lazy\" decoding=\"async\" class=\"alignnone size-medium wp-image-2673\" src=\"https:\/\/blogsaverroes.juntadeandalucia.es\/ieslaalgaida\/files\/2017\/06\/cache_9743238-300x66.jpg\" alt=\"\" width=\"300\" height=\"66\" srcset=\"https:\/\/blogsaverroes.juntadeandalucia.es\/ieslaalgaida\/files\/2017\/06\/cache_9743238.jpg 300w, https:\/\/blogsaverroes.juntadeandalucia.es\/ieslaalgaida\/files\/2017\/06\/cache_9743238-24x5.jpg 24w, https:\/\/blogsaverroes.juntadeandalucia.es\/ieslaalgaida\/files\/2017\/06\/cache_9743238-36x8.jpg 36w, https:\/\/blogsaverroes.juntadeandalucia.es\/ieslaalgaida\/files\/2017\/06\/cache_9743238-48x11.jpg 48w\" sizes=\"(max-width: 300px) 100vw, 300px\" \/><\/a><\/div>\n<\/div>\n<\/div>\n<div class=\"n module-type-text diyfeLiveArea \">\n<p>&nbsp;A medio camino entre el mar y la tierra y nacido de un conflicto y una uni\u00f3n entre ellos, el estuario es nuestro medio natural y de ah\u00ed que debamos gran parte de nuestra identidad a esa forma de permanente s\u00edntesis entre lo que viene del interior (de Puerto Real hacia adentro) y lo que el mar nos trae a diario (de C\u00e1diz). Por ello su forma escrita, esta revista, pretende ser nuestro medio y dar explicaci\u00f3n y voz a nuestras inquietudes, nuestras demandas y, sobre todo, contribuir a la definici\u00f3n expresa de nuestras se\u00f1as de identidad.<\/p>\n<\/div>\n<div class=\"n module-type-imageSubtitle diyfeLiveArea \">\n<div id=\"imageSubtitle-6170846\" class=\"clearover imageSubtitle\">\n<div class=\"align-container align-left\"><a href=\"https:\/\/blogsaverroes.juntadeandalucia.es\/ieslaalgaida\/files\/2017\/06\/cache_9743311.png\"><img loading=\"lazy\" decoding=\"async\" class=\"alignnone size-medium wp-image-2674\" src=\"https:\/\/blogsaverroes.juntadeandalucia.es\/ieslaalgaida\/files\/2017\/06\/cache_9743311-300x116.png\" alt=\"\" width=\"300\" height=\"116\" srcset=\"https:\/\/blogsaverroes.juntadeandalucia.es\/ieslaalgaida\/files\/2017\/06\/cache_9743311-300x116.png 300w, https:\/\/blogsaverroes.juntadeandalucia.es\/ieslaalgaida\/files\/2017\/06\/cache_9743311-24x9.png 24w, https:\/\/blogsaverroes.juntadeandalucia.es\/ieslaalgaida\/files\/2017\/06\/cache_9743311-36x14.png 36w, https:\/\/blogsaverroes.juntadeandalucia.es\/ieslaalgaida\/files\/2017\/06\/cache_9743311-48x19.png 48w, https:\/\/blogsaverroes.juntadeandalucia.es\/ieslaalgaida\/files\/2017\/06\/cache_9743311.png 516w\" sizes=\"(max-width: 300px) 100vw, 300px\" \/><\/a><\/div>\n<\/div>\n<\/div>\n<div class=\"n module-type-textWithImage diyfeLiveArea \">\n<div id=\"textWithImage-6171064\" class=\"clearover \">\n<div class=\"align-container imgleft\"><a href=\"https:\/\/blogsaverroes.juntadeandalucia.es\/ieslaalgaida\/files\/2017\/06\/cache_9743612.jpg\"><img loading=\"lazy\" decoding=\"async\" class=\"size-full wp-image-2678 alignleft\" src=\"https:\/\/blogsaverroes.juntadeandalucia.es\/ieslaalgaida\/files\/2017\/06\/cache_9743612.jpg\" alt=\"\" width=\"111\" height=\"158\" srcset=\"https:\/\/blogsaverroes.juntadeandalucia.es\/ieslaalgaida\/files\/2017\/06\/cache_9743612.jpg 111w, https:\/\/blogsaverroes.juntadeandalucia.es\/ieslaalgaida\/files\/2017\/06\/cache_9743612-17x24.jpg 17w, https:\/\/blogsaverroes.juntadeandalucia.es\/ieslaalgaida\/files\/2017\/06\/cache_9743612-25x36.jpg 25w, https:\/\/blogsaverroes.juntadeandalucia.es\/ieslaalgaida\/files\/2017\/06\/cache_9743612-34x48.jpg 34w\" sizes=\"(max-width: 111px) 100vw, 111px\" \/><\/a><\/div>\n<div class=\"textwrapper\">\n<p><a href=\"http:\/\/revistaestuario.blogspot.com.es\/2013\/03\/numero-0-ano-2013.html\">N\u00famero Cero<\/a><\/p>\n<\/div>\n<\/div>\n<\/div>\n<\/div>\n<p>&nbsp;<\/p>\n<p>&nbsp;<\/p>\n<p>&nbsp;<\/p>\n<p>&nbsp;<\/p>\n<div id=\"matrix_858181\" class=\"sortable-matrix\">\n<div class=\"n module-type-textWithImage diyfeLiveArea \">\n<div id=\"textWithImage-6171029\" class=\"clearover \">\n<div class=\"align-container imgleft\"><a href=\"https:\/\/blogsaverroes.juntadeandalucia.es\/ieslaalgaida\/files\/2017\/06\/cache_9743516.jpg\"><img loading=\"lazy\" decoding=\"async\" class=\"size-full wp-image-2677 alignleft\" src=\"https:\/\/blogsaverroes.juntadeandalucia.es\/ieslaalgaida\/files\/2017\/06\/cache_9743516.jpg\" alt=\"\" width=\"111\" height=\"158\" srcset=\"https:\/\/blogsaverroes.juntadeandalucia.es\/ieslaalgaida\/files\/2017\/06\/cache_9743516.jpg 111w, https:\/\/blogsaverroes.juntadeandalucia.es\/ieslaalgaida\/files\/2017\/06\/cache_9743516-17x24.jpg 17w, https:\/\/blogsaverroes.juntadeandalucia.es\/ieslaalgaida\/files\/2017\/06\/cache_9743516-25x36.jpg 25w, https:\/\/blogsaverroes.juntadeandalucia.es\/ieslaalgaida\/files\/2017\/06\/cache_9743516-34x48.jpg 34w\" sizes=\"(max-width: 111px) 100vw, 111px\" \/><\/a><\/div>\n<div class=\"textwrapper\">\n<p><a href=\"http:\/\/revistaestuario.blogspot.com.es\/2013\/12\/numero-1-ano-2013.html\">N\u00famero 1<\/a><\/p>\n<\/div>\n<\/div>\n<\/div>\n<\/div>\n<p>&nbsp;<\/p>\n<p>&nbsp;<\/p>\n<p>&nbsp;<\/p>\n<p>&nbsp;<\/p>\n<div id=\"matrix_858181\" class=\"sortable-matrix\">\n<div class=\"n module-type-imageSubtitle diyfeLiveArea \">\n<div id=\"imageSubtitle-8741903\" class=\"clearover imageSubtitle\">\n<div class=\"align-container align-left\"><a href=\"https:\/\/blogsaverroes.juntadeandalucia.es\/ieslaalgaida\/files\/2017\/06\/cache_14949723.jpg\"><img loading=\"lazy\" decoding=\"async\" class=\"size-full wp-image-2679 alignleft\" src=\"https:\/\/blogsaverroes.juntadeandalucia.es\/ieslaalgaida\/files\/2017\/06\/cache_14949723.jpg\" alt=\"\" width=\"141\" height=\"200\" srcset=\"https:\/\/blogsaverroes.juntadeandalucia.es\/ieslaalgaida\/files\/2017\/06\/cache_14949723.jpg 141w, https:\/\/blogsaverroes.juntadeandalucia.es\/ieslaalgaida\/files\/2017\/06\/cache_14949723-17x24.jpg 17w, https:\/\/blogsaverroes.juntadeandalucia.es\/ieslaalgaida\/files\/2017\/06\/cache_14949723-25x36.jpg 25w, https:\/\/blogsaverroes.juntadeandalucia.es\/ieslaalgaida\/files\/2017\/06\/cache_14949723-34x48.jpg 34w\" sizes=\"(max-width: 141px) 100vw, 141px\" \/><\/a><span class=\"caption\"><br \/>\n<\/span><\/div>\n<\/div>\n<\/div>\n<div class=\"n module-type-downloadDocument diyfeLiveArea \">\n<div class=\"clearover\">\n<div class=\"leftDownload\"><a href=\"https:\/\/blogsaverroes.juntadeandalucia.es\/ieslaalgaida\/files\/2015\/03\/pdf.png\"><img loading=\"lazy\" decoding=\"async\" class=\"alignnone size-full wp-image-2492\" src=\"https:\/\/blogsaverroes.juntadeandalucia.es\/ieslaalgaida\/files\/2015\/03\/pdf.png\" alt=\"\" width=\"51\" height=\"51\" srcset=\"https:\/\/blogsaverroes.juntadeandalucia.es\/ieslaalgaida\/files\/2015\/03\/pdf.png 51w, https:\/\/blogsaverroes.juntadeandalucia.es\/ieslaalgaida\/files\/2015\/03\/pdf-24x24.png 24w, https:\/\/blogsaverroes.juntadeandalucia.es\/ieslaalgaida\/files\/2015\/03\/pdf-36x36.png 36w, https:\/\/blogsaverroes.juntadeandalucia.es\/ieslaalgaida\/files\/2015\/03\/pdf-48x48.png 48w, https:\/\/blogsaverroes.juntadeandalucia.es\/ieslaalgaida\/files\/2015\/03\/pdf-50x50.png 50w\" sizes=\"(max-width: 51px) 100vw, 51px\" \/><\/a><\/div>\n<div class=\"rightDownload\"><strong>N\u00famero dos<\/strong><br \/>\n<a href=\"https:\/\/blogsaverroes.juntadeandalucia.es\/ieslaalgaida\/files\/2017\/06\/revista_estuario_2.pdf\">revista_estuario_2<\/a><br \/>\nDocumento Adobe Acrobat [6.6 MB]<\/div>\n<\/div>\n<\/div>\n<\/div>\n<div class=\"rightDownload\">&nbsp;<\/div>\n<div class=\"rightDownload\">&nbsp;<\/div>\n<div class=\"rightDownload\">&nbsp;<\/div>\n<div id=\"matrix_858181\" class=\"sortable-matrix\">\n<div class=\"n module-type-imageSubtitle diyfeLiveArea \">\n<div id=\"imageSubtitle-10072782\" class=\"clearover imageSubtitle\">\n<div class=\"align-container align-left\"><a class=\"imagewrapper\" title=\"N\u00famero 3\" href=\"https:\/\/www.ieslaalgaida.es\/s\/cc_images\/teaserbox_17531782.jpg?t=1403858737\" rel=\"lightbox[10072782]\"> <img decoding=\"async\" id=\"image_17531782\" class=\"alignleft\" src=\"https:\/\/www.ieslaalgaida.es\/s\/cc_images\/cache_17531782.jpg?t=1403858737\" alt=\"\"> <\/a><\/div>\n<\/div>\n<\/div>\n<div class=\"n module-type-downloadDocument diyfeLiveArea \">\n<div class=\"clearover\">\n<div class=\"leftDownload\"><a href=\"https:\/\/blogsaverroes.juntadeandalucia.es\/ieslaalgaida\/files\/2015\/03\/pdf.png\"><img loading=\"lazy\" decoding=\"async\" class=\"alignnone size-full wp-image-2492\" src=\"https:\/\/blogsaverroes.juntadeandalucia.es\/ieslaalgaida\/files\/2015\/03\/pdf.png\" alt=\"\" width=\"51\" height=\"51\" srcset=\"https:\/\/blogsaverroes.juntadeandalucia.es\/ieslaalgaida\/files\/2015\/03\/pdf.png 51w, https:\/\/blogsaverroes.juntadeandalucia.es\/ieslaalgaida\/files\/2015\/03\/pdf-24x24.png 24w, https:\/\/blogsaverroes.juntadeandalucia.es\/ieslaalgaida\/files\/2015\/03\/pdf-36x36.png 36w, https:\/\/blogsaverroes.juntadeandalucia.es\/ieslaalgaida\/files\/2015\/03\/pdf-48x48.png 48w, https:\/\/blogsaverroes.juntadeandalucia.es\/ieslaalgaida\/files\/2015\/03\/pdf-50x50.png 50w\" sizes=\"(max-width: 51px) 100vw, 51px\" \/><\/a><\/div>\n<div class=\"rightDownload\"><a href=\"https:\/\/blogsaverroes.juntadeandalucia.es\/ieslaalgaida\/files\/2017\/06\/ESTUARIO-3.pdf\">ESTUARIO 3<\/a><br \/>\nDocumento Adobe Acrobat [10.1 MB]<\/div>\n<\/div>\n<\/div>\n<\/div>\n<div class=\"rightDownload\">&nbsp;<\/div>\n<div class=\"rightDownload\">&nbsp;<\/div>\n<div class=\"rightDownload\">&nbsp;<\/div>\n<div class=\"rightDownload\">&nbsp;<\/div>\n<div class=\"rightDownload\">&nbsp;<\/div>\n<div id=\"matrix_858181\" class=\"sortable-matrix\">\n<div class=\"n module-type-imageSubtitle diyfeLiveArea \">\n<div id=\"imageSubtitle-14801953\" class=\"clearover imageSubtitle\">\n<div class=\"align-container align-left\"><a class=\"imagewrapper\" title=\"Estuario 4\" href=\"https:\/\/www.ieslaalgaida.es\/s\/cc_images\/teaserbox_26310146.jpg?t=1421531773\" rel=\"lightbox[14801953]\"> <img decoding=\"async\" id=\"image_26310146\" class=\"alignleft\" src=\"https:\/\/www.ieslaalgaida.es\/s\/cc_images\/cache_26310146.jpg?t=1421531773\" alt=\"\"> <\/a><\/div>\n<\/div>\n<\/div>\n<div class=\"n module-type-downloadDocument diyfeLiveArea \">\n<div class=\"clearover\">\n<div class=\"leftDownload\"><a href=\"https:\/\/blogsaverroes.juntadeandalucia.es\/ieslaalgaida\/files\/2015\/03\/pdf.png\"><img loading=\"lazy\" decoding=\"async\" class=\"alignnone size-full wp-image-2492\" src=\"https:\/\/blogsaverroes.juntadeandalucia.es\/ieslaalgaida\/files\/2015\/03\/pdf.png\" alt=\"\" width=\"51\" height=\"51\" srcset=\"https:\/\/blogsaverroes.juntadeandalucia.es\/ieslaalgaida\/files\/2015\/03\/pdf.png 51w, https:\/\/blogsaverroes.juntadeandalucia.es\/ieslaalgaida\/files\/2015\/03\/pdf-24x24.png 24w, https:\/\/blogsaverroes.juntadeandalucia.es\/ieslaalgaida\/files\/2015\/03\/pdf-36x36.png 36w, https:\/\/blogsaverroes.juntadeandalucia.es\/ieslaalgaida\/files\/2015\/03\/pdf-48x48.png 48w, https:\/\/blogsaverroes.juntadeandalucia.es\/ieslaalgaida\/files\/2015\/03\/pdf-50x50.png 50w\" sizes=\"(max-width: 51px) 100vw, 51px\" \/><\/a><\/div>\n<div class=\"rightDownload\"><a href=\"https:\/\/blogsaverroes.juntadeandalucia.es\/ieslaalgaida\/files\/2017\/06\/ESTUARIO-4.pdf\">ESTUARIO 4<\/a><br \/>\nDocumento Adobe Acrobat [12.9 MB]<\/div>\n<\/div>\n<\/div>\n<\/div>\n<div class=\"rightDownload\">&nbsp;<\/div>\n<div class=\"rightDownload\">&nbsp;<\/div>\n<div class=\"rightDownload\">&nbsp;<\/div>\n<div class=\"rightDownload\">&nbsp;<\/div>\n<div id=\"matrix_858181\" class=\"sortable-matrix\">\n<div class=\"n module-type-imageSubtitle diyfeLiveArea \">\n<div id=\"imageSubtitle-16841307\" class=\"clearover imageSubtitle\">\n<div class=\"align-container align-left\"><a class=\"imagewrapper\" href=\"https:\/\/www.ieslaalgaida.es\/s\/cc_images\/teaserbox_29887701.jpg?t=1429730257\" rel=\"lightbox[16841307]\"> <img decoding=\"async\" id=\"image_29887701\" class=\"alignleft\" src=\"https:\/\/www.ieslaalgaida.es\/s\/cc_images\/cache_29887701.jpg?t=1429730257\" alt=\"\"><\/a><\/div>\n<\/div>\n<\/div>\n<div class=\"n module-type-downloadDocument diyfeLiveArea \">\n<div class=\"clearover\">\n<div class=\"leftDownload\"><a href=\"https:\/\/blogsaverroes.juntadeandalucia.es\/ieslaalgaida\/files\/2015\/03\/pdf.png\"><img loading=\"lazy\" decoding=\"async\" class=\"alignnone size-full wp-image-2492\" src=\"https:\/\/blogsaverroes.juntadeandalucia.es\/ieslaalgaida\/files\/2015\/03\/pdf.png\" alt=\"\" width=\"51\" height=\"51\" srcset=\"https:\/\/blogsaverroes.juntadeandalucia.es\/ieslaalgaida\/files\/2015\/03\/pdf.png 51w, https:\/\/blogsaverroes.juntadeandalucia.es\/ieslaalgaida\/files\/2015\/03\/pdf-24x24.png 24w, https:\/\/blogsaverroes.juntadeandalucia.es\/ieslaalgaida\/files\/2015\/03\/pdf-36x36.png 36w, https:\/\/blogsaverroes.juntadeandalucia.es\/ieslaalgaida\/files\/2015\/03\/pdf-48x48.png 48w, https:\/\/blogsaverroes.juntadeandalucia.es\/ieslaalgaida\/files\/2015\/03\/pdf-50x50.png 50w\" sizes=\"(max-width: 51px) 100vw, 51px\" \/><\/a><\/div>\n<div class=\"rightDownload\"><a href=\"https:\/\/blogsaverroes.juntadeandalucia.es\/ieslaalgaida\/files\/2017\/06\/ESTUARIO-5-copia.pdf\">ESTUARIO 5 &#8211; copia<\/a><br \/>\nDocumento Adobe Acrobat [11.5 MB]<\/div>\n<\/div>\n<\/div>\n<\/div>\n<div class=\"rightDownload\">&nbsp;<\/div>\n<div class=\"rightDownload\">&nbsp;<\/div>\n<div class=\"rightDownload\">&nbsp;<\/div>\n<div class=\"rightDownload\">&nbsp;<\/div>\n<div id=\"matrix_858181\" class=\"sortable-matrix\">\n<div class=\"n module-type-imageSubtitle diyfeLiveArea \">\n<div id=\"imageSubtitle-18060293\" class=\"clearover imageSubtitle\">\n<div class=\"align-container align-left\"><a href=\"https:\/\/blogsaverroes.juntadeandalucia.es\/ieslaalgaida\/files\/2017\/06\/cache_32178413.jpg\"><img loading=\"lazy\" decoding=\"async\" class=\"size-full wp-image-2683 alignleft\" src=\"https:\/\/blogsaverroes.juntadeandalucia.es\/ieslaalgaida\/files\/2017\/06\/cache_32178413.jpg\" alt=\"\" width=\"141\" height=\"200\" srcset=\"https:\/\/blogsaverroes.juntadeandalucia.es\/ieslaalgaida\/files\/2017\/06\/cache_32178413.jpg 141w, https:\/\/blogsaverroes.juntadeandalucia.es\/ieslaalgaida\/files\/2017\/06\/cache_32178413-17x24.jpg 17w, https:\/\/blogsaverroes.juntadeandalucia.es\/ieslaalgaida\/files\/2017\/06\/cache_32178413-25x36.jpg 25w, https:\/\/blogsaverroes.juntadeandalucia.es\/ieslaalgaida\/files\/2017\/06\/cache_32178413-34x48.jpg 34w\" sizes=\"(max-width: 141px) 100vw, 141px\" \/><\/a><\/div>\n<\/div>\n<\/div>\n<div class=\"n module-type-downloadDocument diyfeLiveArea \">\n<div class=\"clearover\">\n<div class=\"leftDownload\"><a href=\"https:\/\/blogsaverroes.juntadeandalucia.es\/ieslaalgaida\/files\/2015\/03\/pdf.png\"><img loading=\"lazy\" decoding=\"async\" class=\"alignnone size-full wp-image-2492\" src=\"https:\/\/blogsaverroes.juntadeandalucia.es\/ieslaalgaida\/files\/2015\/03\/pdf.png\" alt=\"\" width=\"51\" height=\"51\" srcset=\"https:\/\/blogsaverroes.juntadeandalucia.es\/ieslaalgaida\/files\/2015\/03\/pdf.png 51w, https:\/\/blogsaverroes.juntadeandalucia.es\/ieslaalgaida\/files\/2015\/03\/pdf-24x24.png 24w, https:\/\/blogsaverroes.juntadeandalucia.es\/ieslaalgaida\/files\/2015\/03\/pdf-36x36.png 36w, https:\/\/blogsaverroes.juntadeandalucia.es\/ieslaalgaida\/files\/2015\/03\/pdf-48x48.png 48w, https:\/\/blogsaverroes.juntadeandalucia.es\/ieslaalgaida\/files\/2015\/03\/pdf-50x50.png 50w\" sizes=\"(max-width: 51px) 100vw, 51px\" \/><\/a><\/div>\n<div class=\"rightDownload\"><a href=\"https:\/\/blogsaverroes.juntadeandalucia.es\/ieslaalgaida\/files\/2017\/06\/ESTUARIO-6-copia1.pdf\">ESTUARIO 6 &#8211; copia1<\/a><br \/>\nDocumento Adobe Acrobat [9.7 MB]<\/div>\n<\/div>\n<\/div>\n<\/div>\n<div class=\"rightDownload\">&nbsp;<\/div>\n<div class=\"rightDownload\">&nbsp;<\/div>\n<div class=\"rightDownload\">&nbsp;<\/div>\n<div class=\"rightDownload\">&nbsp;<\/div>\n<div id=\"matrix_858181\" class=\"sortable-matrix\">\n<div class=\"n module-type-imageSubtitle diyfeLiveArea \">\n<div id=\"imageSubtitle-21031516\" class=\"clearover imageSubtitle\">\n<div class=\"align-container align-left\"><a href=\"https:\/\/blogsaverroes.juntadeandalucia.es\/ieslaalgaida\/files\/2017\/06\/cache_38518590.jpg\"><img loading=\"lazy\" decoding=\"async\" class=\"size-full wp-image-2684 alignleft\" src=\"https:\/\/blogsaverroes.juntadeandalucia.es\/ieslaalgaida\/files\/2017\/06\/cache_38518590.jpg\" alt=\"\" width=\"141\" height=\"200\" srcset=\"https:\/\/blogsaverroes.juntadeandalucia.es\/ieslaalgaida\/files\/2017\/06\/cache_38518590.jpg 141w, https:\/\/blogsaverroes.juntadeandalucia.es\/ieslaalgaida\/files\/2017\/06\/cache_38518590-17x24.jpg 17w, https:\/\/blogsaverroes.juntadeandalucia.es\/ieslaalgaida\/files\/2017\/06\/cache_38518590-25x36.jpg 25w, https:\/\/blogsaverroes.juntadeandalucia.es\/ieslaalgaida\/files\/2017\/06\/cache_38518590-34x48.jpg 34w\" sizes=\"(max-width: 141px) 100vw, 141px\" \/><\/a><\/div>\n<\/div>\n<\/div>\n<div class=\"n module-type-downloadDocument diyfeLiveArea \">\n<div class=\"clearover\">\n<div class=\"leftDownload\"><a href=\"https:\/\/blogsaverroes.juntadeandalucia.es\/ieslaalgaida\/files\/2015\/03\/pdf.png\"><img loading=\"lazy\" decoding=\"async\" class=\"alignnone size-full wp-image-2492\" src=\"https:\/\/blogsaverroes.juntadeandalucia.es\/ieslaalgaida\/files\/2015\/03\/pdf.png\" alt=\"\" width=\"51\" height=\"51\" srcset=\"https:\/\/blogsaverroes.juntadeandalucia.es\/ieslaalgaida\/files\/2015\/03\/pdf.png 51w, https:\/\/blogsaverroes.juntadeandalucia.es\/ieslaalgaida\/files\/2015\/03\/pdf-24x24.png 24w, https:\/\/blogsaverroes.juntadeandalucia.es\/ieslaalgaida\/files\/2015\/03\/pdf-36x36.png 36w, https:\/\/blogsaverroes.juntadeandalucia.es\/ieslaalgaida\/files\/2015\/03\/pdf-48x48.png 48w, https:\/\/blogsaverroes.juntadeandalucia.es\/ieslaalgaida\/files\/2015\/03\/pdf-50x50.png 50w\" sizes=\"(max-width: 51px) 100vw, 51px\" \/><\/a><\/div>\n<div class=\"rightDownload\"><a href=\"https:\/\/blogsaverroes.juntadeandalucia.es\/ieslaalgaida\/files\/2017\/06\/ESTUARIO-7-DEFINITIVO-PDF.pdf\">ESTUARIO 7 DEFINITIVO PDF<\/a><br \/>\nDocumento Adobe Acrobat [11.1 MB]<\/div>\n<\/div>\n<\/div>\n<\/div>\n<div class=\"rightDownload\">&nbsp;<\/div>\n<div class=\"rightDownload\">&nbsp;<\/div>\n<div class=\"rightDownload\">&nbsp;<\/div>\n<div class=\"rightDownload\">&nbsp;<\/div>\n<div id=\"matrix_858181\" class=\"sortable-matrix\">\n<div class=\"n module-type-imageSubtitle diyfeLiveArea \">\n<div id=\"imageSubtitle-22331954\" class=\"clearover imageSubtitle\">\n<div class=\"align-container align-left\"><a href=\"https:\/\/blogsaverroes.juntadeandalucia.es\/ieslaalgaida\/files\/2017\/06\/cache_40737094.jpg\"><img loading=\"lazy\" decoding=\"async\" class=\"size-full wp-image-2675 alignleft\" src=\"https:\/\/blogsaverroes.juntadeandalucia.es\/ieslaalgaida\/files\/2017\/06\/cache_40737094.jpg\" alt=\"\" width=\"141\" height=\"200\" srcset=\"https:\/\/blogsaverroes.juntadeandalucia.es\/ieslaalgaida\/files\/2017\/06\/cache_40737094.jpg 141w, https:\/\/blogsaverroes.juntadeandalucia.es\/ieslaalgaida\/files\/2017\/06\/cache_40737094-17x24.jpg 17w, https:\/\/blogsaverroes.juntadeandalucia.es\/ieslaalgaida\/files\/2017\/06\/cache_40737094-25x36.jpg 25w, https:\/\/blogsaverroes.juntadeandalucia.es\/ieslaalgaida\/files\/2017\/06\/cache_40737094-34x48.jpg 34w\" sizes=\"(max-width: 141px) 100vw, 141px\" \/><\/a><\/div>\n<\/div>\n<\/div>\n<div class=\"n module-type-downloadDocument diyfeLiveArea \">\n<div class=\"clearover\">\n<div class=\"leftDownload\"><a href=\"https:\/\/blogsaverroes.juntadeandalucia.es\/ieslaalgaida\/files\/2015\/03\/pdf.png\"><img loading=\"lazy\" decoding=\"async\" class=\"alignnone size-full wp-image-2492\" src=\"https:\/\/blogsaverroes.juntadeandalucia.es\/ieslaalgaida\/files\/2015\/03\/pdf.png\" alt=\"\" width=\"51\" height=\"51\" srcset=\"https:\/\/blogsaverroes.juntadeandalucia.es\/ieslaalgaida\/files\/2015\/03\/pdf.png 51w, https:\/\/blogsaverroes.juntadeandalucia.es\/ieslaalgaida\/files\/2015\/03\/pdf-24x24.png 24w, https:\/\/blogsaverroes.juntadeandalucia.es\/ieslaalgaida\/files\/2015\/03\/pdf-36x36.png 36w, https:\/\/blogsaverroes.juntadeandalucia.es\/ieslaalgaida\/files\/2015\/03\/pdf-48x48.png 48w, https:\/\/blogsaverroes.juntadeandalucia.es\/ieslaalgaida\/files\/2015\/03\/pdf-50x50.png 50w\" sizes=\"(max-width: 51px) 100vw, 51px\" \/><\/a><\/div>\n<div class=\"rightDownload\"><a href=\"https:\/\/blogsaverroes.juntadeandalucia.es\/ieslaalgaida\/files\/2017\/06\/ESTUARIO-8-DEFINITIVO-IMPRENTA.pdf\">ESTUARIO 8 DEFINITIVO IMPRENTA<\/a><br \/>\nDocumento Adobe Acrobat [12.6 MB]<\/div>\n<\/div>\n<\/div>\n<\/div>\n<div class=\"rightDownload\">&nbsp;<\/div>\n<div class=\"rightDownload\">&nbsp;<\/div>\n<div class=\"rightDownload\">&nbsp;<\/div>\n<div class=\"rightDownload\">&nbsp;<\/div>\n<div id=\"matrix_858181\" class=\"sortable-matrix\">\n<div class=\"n module-type-imageSubtitle diyfeLiveArea \">\n<div id=\"imageSubtitle-22937476\" class=\"clearover imageSubtitle\">\n<div class=\"align-container align-left\"><a href=\"https:\/\/blogsaverroes.juntadeandalucia.es\/ieslaalgaida\/files\/2017\/06\/cache_42120809.jpg\"><img loading=\"lazy\" decoding=\"async\" class=\"size-full wp-image-2676 alignleft\" src=\"https:\/\/blogsaverroes.juntadeandalucia.es\/ieslaalgaida\/files\/2017\/06\/cache_42120809.jpg\" alt=\"\" width=\"141\" height=\"200\" srcset=\"https:\/\/blogsaverroes.juntadeandalucia.es\/ieslaalgaida\/files\/2017\/06\/cache_42120809.jpg 141w, https:\/\/blogsaverroes.juntadeandalucia.es\/ieslaalgaida\/files\/2017\/06\/cache_42120809-17x24.jpg 17w, https:\/\/blogsaverroes.juntadeandalucia.es\/ieslaalgaida\/files\/2017\/06\/cache_42120809-25x36.jpg 25w, https:\/\/blogsaverroes.juntadeandalucia.es\/ieslaalgaida\/files\/2017\/06\/cache_42120809-34x48.jpg 34w\" sizes=\"(max-width: 141px) 100vw, 141px\" \/><\/a><\/div>\n<\/div>\n<\/div>\n<div class=\"n module-type-downloadDocument diyfeLiveArea \">\n<div class=\"clearover\">\n<div class=\"leftDownload\"><a href=\"https:\/\/blogsaverroes.juntadeandalucia.es\/ieslaalgaida\/files\/2015\/03\/pdf.png\"><img loading=\"lazy\" decoding=\"async\" class=\"alignnone size-full wp-image-2492\" src=\"https:\/\/blogsaverroes.juntadeandalucia.es\/ieslaalgaida\/files\/2015\/03\/pdf.png\" alt=\"\" width=\"51\" height=\"51\" srcset=\"https:\/\/blogsaverroes.juntadeandalucia.es\/ieslaalgaida\/files\/2015\/03\/pdf.png 51w, https:\/\/blogsaverroes.juntadeandalucia.es\/ieslaalgaida\/files\/2015\/03\/pdf-24x24.png 24w, https:\/\/blogsaverroes.juntadeandalucia.es\/ieslaalgaida\/files\/2015\/03\/pdf-36x36.png 36w, https:\/\/blogsaverroes.juntadeandalucia.es\/ieslaalgaida\/files\/2015\/03\/pdf-48x48.png 48w, https:\/\/blogsaverroes.juntadeandalucia.es\/ieslaalgaida\/files\/2015\/03\/pdf-50x50.png 50w\" sizes=\"(max-width: 51px) 100vw, 51px\" \/><\/a><\/div>\n<div class=\"rightDownload\"><a href=\"https:\/\/blogsaverroes.juntadeandalucia.es\/ieslaalgaida\/files\/2017\/06\/ESTUARIO-9.pdf\">ESTUARIO 9<\/a><br \/>\nDocumento Adobe Acrobat [14.4 MB]<\/div>\n<\/div>\n<\/div>\n<\/div>\n","protected":false},"excerpt":{"rendered":"<p>&nbsp;A medio camino entre el mar y la tierra y nacido de un conflicto y una uni\u00f3n entre ellos, el estuario es nuestro medio natural y de ah\u00ed que debamos gran parte de nuestra identidad a esa forma de permanente s\u00edntesis entre lo que viene del interior (de Puerto Real hacia adentro) y lo que &hellip; <\/p>\n<p class=\"link-more\"><a href=\"https:\/\/blogsaverroes.juntadeandalucia.es\/ieslaalgaida\/revista-estuario\/\" class=\"more-link\">Continuar leyendo<span class=\"screen-reader-text\"> \u00abRevista Estuario\u00bb<\/span><\/a><\/p>\n","protected":false},"author":4336,"featured_media":0,"parent":0,"menu_order":0,"comment_status":"closed","ping_status":"closed","template":"page-cs.php","meta":{"ngg_post_thumbnail":0,"footnotes":"","_mc_calendar":[]},"aioseo_notices":[],"_links":{"self":[{"href":"https:\/\/blogsaverroes.juntadeandalucia.es\/ieslaalgaida\/wp-json\/wp\/v2\/pages\/2692"}],"collection":[{"href":"https:\/\/blogsaverroes.juntadeandalucia.es\/ieslaalgaida\/wp-json\/wp\/v2\/pages"}],"about":[{"href":"https:\/\/blogsaverroes.juntadeandalucia.es\/ieslaalgaida\/wp-json\/wp\/v2\/types\/page"}],"author":[{"embeddable":true,"href":"https:\/\/blogsaverroes.juntadeandalucia.es\/ieslaalgaida\/wp-json\/wp\/v2\/users\/4336"}],"replies":[{"embeddable":true,"href":"https:\/\/blogsaverroes.juntadeandalucia.es\/ieslaalgaida\/wp-json\/wp\/v2\/comments?post=2692"}],"version-history":[{"count":2,"href":"https:\/\/blogsaverroes.juntadeandalucia.es\/ieslaalgaida\/wp-json\/wp\/v2\/pages\/2692\/revisions"}],"predecessor-version":[{"id":2695,"href":"https:\/\/blogsaverroes.juntadeandalucia.es\/ieslaalgaida\/wp-json\/wp\/v2\/pages\/2692\/revisions\/2695"}],"wp:attachment":[{"href":"https:\/\/blogsaverroes.juntadeandalucia.es\/ieslaalgaida\/wp-json\/wp\/v2\/media?parent=2692"}],"curies":[{"name":"wp","href":"https:\/\/api.w.org\/{rel}","templated":true}]}}