{"id":2887,"date":"2017-10-16T12:19:53","date_gmt":"2017-10-16T12:19:53","guid":{"rendered":"http:\/\/blogsaverroes.juntadeandalucia.es\/ieslaalgaida\/?page_id=2887"},"modified":"2021-12-18T11:58:08","modified_gmt":"2021-12-18T11:58:08","slug":"criterios-de-calificacion","status":"publish","type":"page","link":"https:\/\/blogsaverroes.juntadeandalucia.es\/ieslaalgaida\/criterios-de-calificacion\/","title":{"rendered":"Criterios de Calificaci\u00f3n. Materiales y recursos. C. Sociales"},"content":{"rendered":"<h3>&nbsp;<\/h3>\n<h3>Criterios de Evaluaci\u00f3n y Calificaci\u00f3n 2020\/2021<\/h3>\n<p>Aqu\u00ed adjuntamos los Criterios de Calificaci\u00f3n de cada una de las materias que imparte el Departamento de Ciencias Sociales. Para cualquier duda o aclaraci\u00f3n no duden en consultar al Departamento.<\/p>\n<p><a href=\"https:\/\/blogsaverroes.juntadeandalucia.es\/ieslaalgaida\/files\/2021\/12\/PROGRAMACI\u00d3N-1\u00ba-ESO-CCSS.pdf\">PROGRAMACI\u00d3N 1\u00ba ESO CCSS<\/a><\/p>\n<p><a href=\"https:\/\/blogsaverroes.juntadeandalucia.es\/ieslaalgaida\/files\/2021\/12\/PROGRAMACI\u00d3N-2\u00ba-ESO-CCSS.pdf\">PROGRAMACI\u00d3N 2\u00ba ESO CCSS<\/a><\/p>\n<p><a href=\"https:\/\/blogsaverroes.juntadeandalucia.es\/ieslaalgaida\/files\/2021\/12\/PROGRAMACI\u00d3N-3\u00baESO-CCSS.pdf\">PROGRAMACI\u00d3N 3\u00baESO CCSS<\/a><\/p>\n<p><a href=\"https:\/\/blogsaverroes.juntadeandalucia.es\/ieslaalgaida\/files\/2021\/12\/4\u00ba-ESO-GEH-CCSS.pdf\">PROGRAMACI\u00d3N 4\u00ba ESO GEH CCSS<\/a><\/p>\n<p><a href=\"https:\/\/blogsaverroes.juntadeandalucia.es\/ieslaalgaida\/files\/2021\/12\/PROGRAMACI\u00d3N-4\u00ba-ESO-IAEYE.pdf\">PROGRAMACI\u00d3N 4\u00ba ESO INICIACI\u00d3N A LA ACTIVIDAD EMPRENDEDORA Y EMPRESARIAL.&nbsp; IAEYE<\/a><\/p>\n<p><a href=\"https:\/\/blogsaverroes.juntadeandalucia.es\/ieslaalgaida\/files\/2021\/12\/PROGRAMACI\u00d3N-FILOSOF\u00cdA-4\u00baESO-CCSS-PDF.pdf\">PROGRAMACI\u00d3N FILOSOF\u00cdA 4\u00baESO.&nbsp; CCSS&nbsp;<\/a><\/p>\n<p><a href=\"https:\/\/blogsaverroes.juntadeandalucia.es\/ieslaalgaida\/files\/2021\/12\/PROGRAMACI\u00c3-N-VALORES-\u00c3-TICOS-4\u00c2\u00ba-ESO.2022.pdf\">PROGRAMACI\u00d3N VALORES \u00c9TICOS 4\u00ba ESO. 2022<\/a><\/p>\n<p><a href=\"https:\/\/blogsaverroes.juntadeandalucia.es\/ieslaalgaida\/files\/2021\/12\/P.D-4\u00ba-HISTORIA-CCSS.pdf\">P.D 4\u00ba HISTORIA CCSS<\/a><\/p>\n<p><a href=\"https:\/\/blogsaverroes.juntadeandalucia.es\/ieslaalgaida\/files\/2021\/12\/CIUDADANIA-3\u00ba-ESO.pdf\">PROGRAMACI\u00d3N EDUCACI\u00d3N PARA LA CIUDADANIA 3\u00ba ESO<\/a><\/p>\n<p><a href=\"https:\/\/blogsaverroes.juntadeandalucia.es\/ieslaalgaida\/files\/2021\/12\/ASL-2-PMAR-PDF-CCSS.pdf\">PROGRAMACI\u00d3N ASL 2 PMAR. CCSS<\/a><\/p>\n<h3>&nbsp;<\/h3>\n<h3>&nbsp;<\/h3>\n<p>&nbsp;<\/p>\n<p>&nbsp;<\/p>\n<p>&nbsp;<\/p>\n<p>&nbsp;<\/p>\n<p>&nbsp;<\/p>\n<p>&nbsp;<\/p>\n","protected":false},"excerpt":{"rendered":"<p>&nbsp; Criterios de Evaluaci\u00f3n y Calificaci\u00f3n 2020\/2021 Aqu\u00ed adjuntamos los Criterios de Calificaci\u00f3n de cada una de las materias que imparte el Departamento de Ciencias Sociales. Para cualquier duda o aclaraci\u00f3n no duden en consultar al Departamento. PROGRAMACI\u00d3N 1\u00ba ESO CCSS PROGRAMACI\u00d3N 2\u00ba ESO CCSS PROGRAMACI\u00d3N 3\u00baESO CCSS PROGRAMACI\u00d3N 4\u00ba ESO GEH CCSS PROGRAMACI\u00d3N 4\u00ba &hellip; <\/p>\n<p class=\"link-more\"><a href=\"https:\/\/blogsaverroes.juntadeandalucia.es\/ieslaalgaida\/criterios-de-calificacion\/\" class=\"more-link\">Continuar leyendo<span class=\"screen-reader-text\"> \u00abCriterios de Calificaci\u00f3n. Materiales y recursos. C. Sociales\u00bb<\/span><\/a><\/p>\n","protected":false},"author":4336,"featured_media":0,"parent":0,"menu_order":0,"comment_status":"closed","ping_status":"closed","template":"","meta":{"ngg_post_thumbnail":0,"footnotes":"","_mc_calendar":[]},"aioseo_notices":[],"_links":{"self":[{"href":"https:\/\/blogsaverroes.juntadeandalucia.es\/ieslaalgaida\/wp-json\/wp\/v2\/pages\/2887"}],"collection":[{"href":"https:\/\/blogsaverroes.juntadeandalucia.es\/ieslaalgaida\/wp-json\/wp\/v2\/pages"}],"about":[{"href":"https:\/\/blogsaverroes.juntadeandalucia.es\/ieslaalgaida\/wp-json\/wp\/v2\/types\/page"}],"author":[{"embeddable":true,"href":"https:\/\/blogsaverroes.juntadeandalucia.es\/ieslaalgaida\/wp-json\/wp\/v2\/users\/4336"}],"replies":[{"embeddable":true,"href":"https:\/\/blogsaverroes.juntadeandalucia.es\/ieslaalgaida\/wp-json\/wp\/v2\/comments?post=2887"}],"version-history":[{"count":15,"href":"https:\/\/blogsaverroes.juntadeandalucia.es\/ieslaalgaida\/wp-json\/wp\/v2\/pages\/2887\/revisions"}],"predecessor-version":[{"id":4219,"href":"https:\/\/blogsaverroes.juntadeandalucia.es\/ieslaalgaida\/wp-json\/wp\/v2\/pages\/2887\/revisions\/4219"}],"wp:attachment":[{"href":"https:\/\/blogsaverroes.juntadeandalucia.es\/ieslaalgaida\/wp-json\/wp\/v2\/media?parent=2887"}],"curies":[{"name":"wp","href":"https:\/\/api.w.org\/{rel}","templated":true}]}}