{"id":367,"date":"2015-03-18T10:25:01","date_gmt":"2015-03-18T10:25:01","guid":{"rendered":"http:\/\/blogsaverroes.juntadeandalucia.es\/pre\/ceip\/?page_id=367"},"modified":"2021-12-18T14:17:48","modified_gmt":"2021-12-18T14:17:48","slug":"materiales-recursos","status":"publish","type":"page","link":"https:\/\/blogsaverroes.juntadeandalucia.es\/ieslaalgaida\/ingles\/materiales-recursos\/","title":{"rendered":"Criterios de Evaluaci\u00f3n, Materiales y recursos. Lengua."},"content":{"rendered":"<h3>PROGRAMACIONES DEPARTAMENTO DE LENGUA Y LITERATURA 2021-2022.<\/h3>\n<p>&nbsp;<\/p>\n<p><a href=\"https:\/\/blogsaverroes.juntadeandalucia.es\/ieslaalgaida\/files\/2021\/12\/PRO.DID\u00c1C.-1\u00ba-ESO-DEFINITIVA-20-21.pdf\">PROGRAMACI\u00d3N&nbsp; 1\u00ba ESO LENGUA Y LITERATURA 2021-2022<\/a><\/p>\n<p><a href=\"https:\/\/blogsaverroes.juntadeandalucia.es\/ieslaalgaida\/files\/2021\/12\/PRO.DID\u00c1C.-2\u00ba-ESO-DEFINITIVA-20-21.pdf\">PROGRAMACI\u00d3N 2\u00ba ESO&nbsp; LENGUA Y LITERATURA 2021-2022<\/a><\/p>\n<p><a href=\"https:\/\/blogsaverroes.juntadeandalucia.es\/ieslaalgaida\/files\/2021\/12\/3\u00ba-pd.pdf\">PROGRAMACI\u00d3N 3\u00ba ESO LENGUA Y LITERATURA 2021-2022<\/a><\/p>\n<p><a href=\"https:\/\/blogsaverroes.juntadeandalucia.es\/ieslaalgaida\/files\/2021\/12\/4PDRevisada.pdf\">PROGRAMACI\u00d3N 4\u00ba ESO LENGUA Y LITERATURA 2021-2022<\/a><\/p>\n<p><a href=\"https:\/\/blogsaverroes.juntadeandalucia.es\/ieslaalgaida\/files\/2021\/12\/lat\u00edn-4Revisada.pdf\">PROGRAMACI\u00d3N 4\u00ba ESO LAT\u00cdN 2021-2022<\/a><\/p>\n<p><a href=\"https:\/\/blogsaverroes.juntadeandalucia.es\/ieslaalgaida\/files\/2021\/12\/PROGR.3\u00baPMAR-21-22.pdf\">PROGRAMACI\u00d3N 3\u00ba ASL PMAR 2021-2022<\/a><\/p>\n<p><a href=\"https:\/\/blogsaverroes.juntadeandalucia.es\/ieslaalgaida\/files\/2021\/12\/programaci\u00f3n-oratoria-y-debate-2.pdf\">PROGRAMACI\u00d3N&nbsp; 1\u00ba ESO ORATORIA Y DEBATE.<\/a><\/p>\n<p><a href=\"https:\/\/blogsaverroes.juntadeandalucia.es\/ieslaalgaida\/files\/2021\/12\/Refuerzo-de-Lengua.pdf\">PROGRAMACI\u00d3N 4\u00ba ESO REFUERZO DE LENGUA<\/a><\/p>\n<p>&nbsp;<\/p>\n<h3><span style=\"color: #000000\">Contenidos , Criterios de Evaluaci\u00f3n y Calificaci\u00f3n Curso 2021\/2022<\/span><\/h3>\n<p>Aqu\u00ed adjuntamos los Contenidos de cada uno de los cursos de la Materia de Lengua y Literatura y Lat\u00edn,&nbsp; as\u00ed como los Criterios de Evaluaci\u00f3n de los mismos.&nbsp;<\/p>\n<p>&nbsp;<\/p>\n<p>&nbsp;<\/p>\n<p>CRITERIOS DE CALIFICACI\u00d3N 1\u00ba ESO LENGUA Y LITERATURA<\/p>\n<p>CRITERIOS DE CALIFICACI\u00d3N 2\u00ba ESO LENGUA Y LITERATURA<\/p>\n<p>CRITERIOS DE CALIFICACI\u00d3N 3\u00ba ESO LENGUA Y LITERATURA<\/p>\n<p>CRITERIOS DE CALIFICACI\u00d3N 3\u00ba PMAR ASLPMAR<\/p>\n<p>CRITERIOS DE CALIFICACI\u00d3N 3\u00ba ESO HLD<\/p>\n<p>CRITERIOS DE CALIFICACI\u00d3N 4\u00ba ESO LENGUA Y LITERATURA<\/p>\n<p>&nbsp;<\/p>\n<h4>&nbsp;<\/h4>\n<h4>&nbsp;<\/h4>\n<h4><a href=\"http:\/\/agrega.juntadeandalucia.es\/visualizar\/es\/es-an_2012070913_9131229\/true\" target=\"_blank\" rel=\"noopener noreferrer\">Paisajes rurales y urbanos: Literatura medieval. Literatura rural y urbana<\/a><\/h4>\n<p><a href=\"http:\/\/agrega.juntadeandalucia.es\/visualizar\/es\/es-an_2012070913_9131229\/true\" target=\"_blank\" rel=\"noopener noreferrer\"><img loading=\"lazy\" decoding=\"async\" class=\" size-medium wp-image-2128 alignleft\" src=\"http:\/\/blogsaverroes.juntadeandalucia.es\/ieslaalgaida\/files\/2015\/03\/lengua01-300x218.jpg\" alt=\"lengua01\" width=\"300\" height=\"218\" srcset=\"https:\/\/blogsaverroes.juntadeandalucia.es\/ieslaalgaida\/files\/2015\/03\/lengua01-300x218.jpg 300w, https:\/\/blogsaverroes.juntadeandalucia.es\/ieslaalgaida\/files\/2015\/03\/lengua01.jpg 400w\" sizes=\"(max-width: 300px) 100vw, 300px\" \/><\/a><\/p>\n<p>&nbsp;<\/p>\n<p>En este tema trataremos sobre la literatura en dos vertientes: sobre una <strong>\u00e9poca,<\/strong> la <strong>Edad Media<\/strong>, y sobre un <strong>t\u00f3pico<\/strong>, literatura <strong>rural y urbana<\/strong>. En el primer apartado encontrar\u00e1s informaci\u00f3n sobre este t\u00f3pico y en los dem\u00e1s desarrollaremos contenidos sobre la literatura medieval.<\/p>\n<p>&nbsp;<\/p>\n<p>&nbsp;<\/p>\n<h4 id=\"nodeTitle\"><a href=\"http:\/\/agrega.juntadeandalucia.es\/visualizar\/es\/es-an_2010060213_9095644\/true\" target=\"_blank\" rel=\"noopener noreferrer\">Comunicaci\u00f3n y lenguaje I: Nos relacionamos como seres sociales<\/a><\/h4>\n<p><a href=\"http:\/\/agrega.juntadeandalucia.es\/visualizar\/es\/es-an_2010060213_9095644\/true\" target=\"_blank\" rel=\"noopener noreferrer\"><img loading=\"lazy\" decoding=\"async\" class=\" size-full wp-image-2132 alignleft\" src=\"http:\/\/blogsaverroes.juntadeandalucia.es\/ieslaalgaida\/files\/2015\/03\/lengua02.jpg\" alt=\"lengua02\" width=\"272\" height=\"280\"><\/a><\/p>\n<p>Vamos a trabajar en este tema el <strong>concepto de comunicaci\u00f3n<\/strong>, centr\u00e1ndonos, especialmente, en la comunicaci\u00f3n humana, en la que intervienen unos elementos cuya importancia iremos se\u00f1alando en ejemplos muy concretos. Conoceremos las distintas funciones con las que podemos emplear el lenguaje y que nos sirven para expresar nuestras ideas, preferencias y afectos.<\/p>\n","protected":false},"excerpt":{"rendered":"<p>PROGRAMACIONES DEPARTAMENTO DE LENGUA Y LITERATURA 2021-2022. &nbsp; PROGRAMACI\u00d3N&nbsp; 1\u00ba ESO LENGUA Y LITERATURA 2021-2022 PROGRAMACI\u00d3N 2\u00ba ESO&nbsp; LENGUA Y LITERATURA 2021-2022 PROGRAMACI\u00d3N 3\u00ba ESO LENGUA Y LITERATURA 2021-2022 PROGRAMACI\u00d3N 4\u00ba ESO LENGUA Y LITERATURA 2021-2022 PROGRAMACI\u00d3N 4\u00ba ESO LAT\u00cdN 2021-2022 PROGRAMACI\u00d3N 3\u00ba ASL PMAR 2021-2022 PROGRAMACI\u00d3N&nbsp; 1\u00ba ESO ORATORIA Y DEBATE. PROGRAMACI\u00d3N 4\u00ba ESO &hellip; <\/p>\n<p class=\"link-more\"><a href=\"https:\/\/blogsaverroes.juntadeandalucia.es\/ieslaalgaida\/ingles\/materiales-recursos\/\" class=\"more-link\">Continuar leyendo<span class=\"screen-reader-text\"> \u00abCriterios de Evaluaci\u00f3n, Materiales y recursos. Lengua.\u00bb<\/span><\/a><\/p>\n","protected":false},"author":1,"featured_media":0,"parent":155,"menu_order":0,"comment_status":"closed","ping_status":"open","template":"","meta":{"ngg_post_thumbnail":0,"footnotes":"","_mc_calendar":[]},"aioseo_notices":[],"_links":{"self":[{"href":"https:\/\/blogsaverroes.juntadeandalucia.es\/ieslaalgaida\/wp-json\/wp\/v2\/pages\/367"}],"collection":[{"href":"https:\/\/blogsaverroes.juntadeandalucia.es\/ieslaalgaida\/wp-json\/wp\/v2\/pages"}],"about":[{"href":"https:\/\/blogsaverroes.juntadeandalucia.es\/ieslaalgaida\/wp-json\/wp\/v2\/types\/page"}],"author":[{"embeddable":true,"href":"https:\/\/blogsaverroes.juntadeandalucia.es\/ieslaalgaida\/wp-json\/wp\/v2\/users\/1"}],"replies":[{"embeddable":true,"href":"https:\/\/blogsaverroes.juntadeandalucia.es\/ieslaalgaida\/wp-json\/wp\/v2\/comments?post=367"}],"version-history":[{"count":31,"href":"https:\/\/blogsaverroes.juntadeandalucia.es\/ieslaalgaida\/wp-json\/wp\/v2\/pages\/367\/revisions"}],"predecessor-version":[{"id":4256,"href":"https:\/\/blogsaverroes.juntadeandalucia.es\/ieslaalgaida\/wp-json\/wp\/v2\/pages\/367\/revisions\/4256"}],"up":[{"embeddable":true,"href":"https:\/\/blogsaverroes.juntadeandalucia.es\/ieslaalgaida\/wp-json\/wp\/v2\/pages\/155"}],"wp:attachment":[{"href":"https:\/\/blogsaverroes.juntadeandalucia.es\/ieslaalgaida\/wp-json\/wp\/v2\/media?parent=367"}],"curies":[{"name":"wp","href":"https:\/\/api.w.org\/{rel}","templated":true}]}}