{"id":2705,"date":"2021-01-21T19:32:13","date_gmt":"2021-01-21T19:32:13","guid":{"rendered":"https:\/\/blogsaverroes.juntadeandalucia.es\/ieslabahia\/?page_id=2705"},"modified":"2024-01-23T20:18:33","modified_gmt":"2024-01-23T19:18:33","slug":"secretaria-virtual","status":"publish","type":"page","link":"https:\/\/blogsaverroes.juntadeandalucia.es\/ieslabahia\/secretaria-virtual\/","title":{"rendered":"Secretar\u00eda Virtual"},"content":{"rendered":"<p><a href=\"https:\/\/blogsaverroes.juntadeandalucia.es\/ieslabahia\/files\/2021\/01\/SecretariaVirtual2.png\"><img loading=\"lazy\" decoding=\"async\" class=\" wp-image-2862 alignleft\" src=\"https:\/\/blogsaverroes.juntadeandalucia.es\/ieslabahia\/files\/2021\/01\/SecretariaVirtual2.png\" alt=\"\" width=\"341\" height=\"247\" srcset=\"https:\/\/blogsaverroes.juntadeandalucia.es\/ieslabahia\/files\/2021\/01\/SecretariaVirtual2.png 264w, https:\/\/blogsaverroes.juntadeandalucia.es\/ieslabahia\/files\/2021\/01\/SecretariaVirtual2-24x17.png 24w, https:\/\/blogsaverroes.juntadeandalucia.es\/ieslabahia\/files\/2021\/01\/SecretariaVirtual2-36x26.png 36w, https:\/\/blogsaverroes.juntadeandalucia.es\/ieslabahia\/files\/2021\/01\/SecretariaVirtual2-48x35.png 48w\" sizes=\"(max-width: 341px) 100vw, 341px\" \/><\/a><\/p>\n<p style=\"text-align: justify\">A trav\u00e9s de esta secci\u00f3n, todos los miembros de la comunidad educativa podr\u00e1n realizar los <strong>tr\u00e1mites administrativos online<\/strong>.<\/p>\n<p style=\"text-align: justify\">En casos excepcionales en los que sea necesaria la presencia f\u00edsica para la entrega o retirada de documentaci\u00f3n, se atender\u00e1 en la Secretar\u00eda del Centro, en horario de 10:30 a 13:00 horas.<\/p>\n<p style=\"text-align: justify\">El alumnado mayor de edad y los tutores legales podr\u00e1n realizar los tr\u00e1mites administrativos a trav\u00e9s de la<strong> S.V. de Alumnado y Tutores<\/strong>.<\/p>\n<p style=\"text-align: justify\">El profesorado y Personal de Administraci\u00f3n y Servicios, lo podr\u00e1n hacer a trav\u00e9s de la <strong>S.V. del profesorado<\/strong> y <strong>S.V. del PAS<\/strong>.<\/p>\n","protected":false},"excerpt":{"rendered":"<p>A trav\u00e9s de esta secci\u00f3n, todos los miembros de la comunidad educativa podr\u00e1n realizar los tr\u00e1mites administrativos online. En casos&#46;&#46;&#46;<\/p>\n","protected":false},"author":11878,"featured_media":2863,"parent":0,"menu_order":0,"comment_status":"closed","ping_status":"closed","template":"page-c.php","meta":{"ngg_post_thumbnail":0,"footnotes":"","_mc_calendar":[]},"aioseo_notices":[],"_links":{"self":[{"href":"https:\/\/blogsaverroes.juntadeandalucia.es\/ieslabahia\/wp-json\/wp\/v2\/pages\/2705"}],"collection":[{"href":"https:\/\/blogsaverroes.juntadeandalucia.es\/ieslabahia\/wp-json\/wp\/v2\/pages"}],"about":[{"href":"https:\/\/blogsaverroes.juntadeandalucia.es\/ieslabahia\/wp-json\/wp\/v2\/types\/page"}],"author":[{"embeddable":true,"href":"https:\/\/blogsaverroes.juntadeandalucia.es\/ieslabahia\/wp-json\/wp\/v2\/users\/11878"}],"replies":[{"embeddable":true,"href":"https:\/\/blogsaverroes.juntadeandalucia.es\/ieslabahia\/wp-json\/wp\/v2\/comments?post=2705"}],"version-history":[{"count":8,"href":"https:\/\/blogsaverroes.juntadeandalucia.es\/ieslabahia\/wp-json\/wp\/v2\/pages\/2705\/revisions"}],"predecessor-version":[{"id":3737,"href":"https:\/\/blogsaverroes.juntadeandalucia.es\/ieslabahia\/wp-json\/wp\/v2\/pages\/2705\/revisions\/3737"}],"wp:featuredmedia":[{"embeddable":true,"href":"https:\/\/blogsaverroes.juntadeandalucia.es\/ieslabahia\/wp-json\/wp\/v2\/media\/2863"}],"wp:attachment":[{"href":"https:\/\/blogsaverroes.juntadeandalucia.es\/ieslabahia\/wp-json\/wp\/v2\/media?parent=2705"}],"curies":[{"name":"wp","href":"https:\/\/api.w.org\/{rel}","templated":true}]}}