{"id":41,"date":"2021-03-10T09:47:55","date_gmt":"2021-03-10T09:47:55","guid":{"rendered":"https:\/\/blogsaverroes.juntadeandalucia.es\/ieslabahiabio\/?page_id=41"},"modified":"2025-02-28T17:12:09","modified_gmt":"2025-02-28T17:12:09","slug":"pendientes","status":"publish","type":"page","link":"https:\/\/blogsaverroes.juntadeandalucia.es\/ieslabahiabio\/pendientes\/","title":{"rendered":"ALUMNADO PENDIENTE"},"content":{"rendered":"<p>Aqu\u00ed tendr\u00e1s toda la informaci\u00f3n relativa a las materias pendientes de cursos anteriores:<\/p>\n<p><span style=\"font-size: 18pt\"><strong>BIOLOG\u00cdA Y GEOLOG\u00cdA 1\u00baE.S.O.<\/strong><\/span><\/p>\n<p>ASIGNATURA PENDIENTE: Biolog\u00eda y Geolog\u00eda 1\u00ba E.S.O.<\/p>\n<p>\u2022 Los alumnos\/as que est\u00e1n en 2\u00ba, 3\u00ba y 4\u00ba de E.S.O. con la Biolog\u00eda y Geolog\u00eda de 1\u00ba E.S.O. pendiente, ser\u00e1n atendidos por la jefa de Departamento de Biolog\u00eda y Geolog\u00eda, D\u00f1a. Encarnaci\u00f3n M\u00aa N\u00fa\u00f1ez Mart\u00ednez.<br \/>\n\u2022 Las pruebas escritas se basar\u00e1n en las \u201cCUESTIONES DE RECUPERACI\u00d3N\u201d de la materia que se encuentran en la web del instituto (en la secci\u00f3n del departamento de Biolog\u00eda y Geolog\u00eda) y en la plataforma Classroom (C\u00f3digo: ugvi4oq).<br \/>\n\u2022 El alumnado que requiera resolver dudas de cualquier aspecto relativo a la recuperaci\u00f3n de la materia (resoluci\u00f3n de cuestiones, conceptos, metodolog\u00eda, problemas al acceder a material\u2026etc.) ser\u00e1 atendido, PREVIA CITA (mandar mensaje a correo o contactar personalmente en d\u00edas previos), en la hora del recreo de cualquier d\u00eda de la semana en el Departamento de Biolog\u00eda y Geolog\u00eda para resolver las dudas que puedan surgir.<br \/>\n\u2022 Tanto el alumnado como las familias pueden contactar con la persona responsable de pendientes (D\u00f1a. Encarnaci\u00f3n N\u00fa\u00f1ez Mart\u00ednez) por las siguientes v\u00edas:<br \/>\n\u2022 Dpto. Biolog\u00eda y Geolog\u00eda situado en 2\u00aa Planta. Frente a escaleras.<br \/>\n\u2022 Mensaje por plataforma oficial i-pasen.<br \/>\n\u2022 Correo: enunmar261@g.educaand.es.<\/p>\n<p><strong>MATERIAL PARA RECUPERAR 1\u00aa EVALUACI\u00d3N:<\/strong><\/p>\n<p>Fecha y lugar de realizaci\u00f3n de prueba y entrega de cuestionario:<\/p>\n<p>Jueves 28 de NOVIEMBRE de 2024<br \/>\nDe 11:00 a 12:30h<\/p>\n<p>Lugar: Laboratorio de Biolog\u00eda y Geolog\u00eda.<\/p>\n<ul style=\"list-style-type: circle\">\n<li><a href=\"https:\/\/blogsaverroes.juntadeandalucia.es\/ieslabahiabio\/files\/2023\/11\/UNIT-1.GEOSPHERE.CONTIENE-CUESTIONES-TRAS-CADA-APARTADO.pdf\">UNIT 1.GEOSPHERE.CONTIENE CUESTIONES TRAS CADA APARTADO<\/a>.<\/li>\n<li><a href=\"https:\/\/blogsaverroes.juntadeandalucia.es\/ieslabahiabio\/files\/2023\/11\/UNIT-2.-THE-ATMOSPHERE.CONTIENE-CUESTIONES-TRAS-CADA-APARTADO.pdf\">UNIT 2. THE ATMOSPHERE.CONTIENE CUESTIONES TRAS CADA APARTADO<\/a>.<\/li>\n<\/ul>\n<p><strong>MATERIAL PARA RECUPERAR 2\u00aa EVALUACI\u00d3N:<\/strong><\/p>\n<p>Fecha y lugar de realizaci\u00f3n de prueba y entrega de cuestionario:<\/p>\n<p>Jueves 16 de ENERO 2025<br \/>\nDe 11:00 a 12:30h<\/p>\n<p>Lugar: Laboratorio de Biolog\u00eda y Geolog\u00eda.<\/p>\n<ul style=\"list-style-type: circle\">\n<li><a href=\"https:\/\/blogsaverroes.juntadeandalucia.es\/ieslabahiabio\/files\/2023\/11\/UNIT-3-THE-HYDROSPHERE.CONTIENE-CUESTIONES-TRAS-CADA-APARTADO.pdf\">UNIT 3 THE HYDROSPHERE.CONTIENE CUESTIONES TRAS CADA APARTADO<\/a><\/li>\n<li><a href=\"https:\/\/blogsaverroes.juntadeandalucia.es\/ieslabahiabio\/files\/2023\/11\/UNIT-4.-BIOSPHERE.TEOR\u00cdA-Y-CUESTIONARIO-DE-ACTIVIDADESAl-final-de-la-teor\u00eda.pdf\">UNIT 4. BIOSPHERE.TEOR\u00cdA Y CUESTIONARIO DE ACTIVIDADES(Al final de la teor\u00eda)<\/a><\/li>\n<\/ul>\n<p><strong>MATERIAL PARA RECUPERAR 3\u00aa EVALUACI\u00d3N:<\/strong><\/p>\n<p>Fecha y lugar de realizaci\u00f3n de prueba y entrega de cuestionario.<\/p>\n<p>Jueves 24 de ABRIL 2025<br \/>\nDe 11:00 a 12:30h<\/p>\n<p>Lugar: Laboratorio de Biolog\u00eda y Geolog\u00eda.<\/p>\n<ul style=\"list-style-type: circle\">\n<li><a href=\"https:\/\/blogsaverroes.juntadeandalucia.es\/ieslabahiabio\/files\/2023\/11\/UNIT-5.MONERA-PROTOCTIST-AND-FUNGI-Y-CUESTIONARIO-AL-FINAL..pdf\">UNIT 5.MONERA, PROTOCTIST AND FUNGI Y CUESTIONARIO AL FINAL.<\/a><\/li>\n<li><a href=\"https:\/\/blogsaverroes.juntadeandalucia.es\/ieslabahiabio\/files\/2023\/11\/UNIT-6.-PLANTS.-CONTIENE-CUESTIONES-TRAS-CADA-APARTADO.pdf\">UNIT 6. PLANTS. CONTIENE CUESTIONES TRAS CADA APARTADO<\/a>.<\/li>\n<\/ul>\n<p><strong>CONVOCATORIA DE RECUPERACI\u00d3N EXTRAORDINARIA:<\/strong><\/p>\n<p>Jueves 22 de MAYO 2025<br \/>\nDe 11:00 a 12:30h<br \/>\nLugar: Laboratorio de Biolog\u00eda y Geolog\u00eda.<\/p>\n<p>Aunque en los materiales de cada unidad encontrar\u00e1n tanto cuestionario como teor\u00eda para resolverlos, se les proporciona a continuaci\u00f3n las unidades del libro de 1\u00baE.S.O. requerido para trabajar la materia de Biolog\u00eda y Geolog\u00eda.<\/p>\n<p>LIBRO ESCANEADO RECUPERACI\u00d3N Biolog\u00eda y Geolog\u00eda&nbsp; 1\u00ba E.SO.: <a href=\"https:\/\/blogsaverroes.juntadeandalucia.es\/ieslabahiabio\/files\/2022\/10\/Unidades-1-2-3-y-4-Biolog\u00eda-y-Geolog\u00eda-1\u00ba-ESO.pdf\">Unidades 1, 2, 3 y 4 Biolog\u00eda y Geolog\u00eda 1\u00ba ESO<\/a><\/p>\n<p>LIBRO ESCANEADO RECUPERACI\u00d3N Biolog\u00eda y Geolog\u00eda 1\u00ba E.SO.: <a href=\"https:\/\/blogsaverroes.juntadeandalucia.es\/ieslabahiabio\/files\/2022\/12\/Unidades-5-9-y-10-Biolog\u00eda-y-Geolog\u00eda-1\u00ba-ESO.pdf\">Unidades 5, 9, y 10 Biolog\u00eda y Geolog\u00eda 1\u00ba ESO<\/a><\/p>\n<p>LIBRO ESCANEADO RECUPERACI\u00d3N Biolog\u00eda y Geolog\u00eda&nbsp; 1\u00ba E.SO.: <a href=\"https:\/\/blogsaverroes.juntadeandalucia.es\/ieslabahiabio\/files\/2023\/05\/Unidades-6-y-7-Biolog\u00eda-y-Geolog\u00eda-1\u00ba-ESO.pdf\">Unidades 6 y 7 Biolog\u00eda y Geolog\u00eda 1\u00ba ESO<\/a><\/p>\n<p>SE LES RECUERDA que para cualquier consulta, duda o problema, pueden contactar con D\u00f1a. Encarnaci\u00f3n N\u00fa\u00f1ez (Coordinadora de recuperaci\u00f3n de&nbsp; pendientes de la materia Biolog\u00eda y Geolog\u00eda) a trav\u00e9s de las v\u00edas especificadas en el informe adjuntado al inicio de este apartado.<\/p>\n<p><span style=\"font-size: 18pt\"><strong>BIOLOG\u00cdA Y GEOLOG\u00cdA 3\u00baE.S.O.<\/strong><\/span><\/p>\n<p>\u2022 Los alumnos\/as que est\u00e1n en 4\u00ba de E.S.O. con la Biolog\u00eda y Geolog\u00eda de 3\u00ba E.S.O. pendiente, ser\u00e1n atendidos por la jefa de Departamento de Biolog\u00eda y Geolog\u00eda, D\u00f1a. Encarnaci\u00f3n M\u00aa N\u00fa\u00f1ez Mart\u00ednez.<br \/>\n\u2022 Las pruebas escritas se basar\u00e1n en las \u201cCUESTIONES DE RECUPERACI\u00d3N\u201d de la materia que se encuentran en la web del instituto (en la secci\u00f3n del departamento de Biolog\u00eda y Geolog\u00eda) y en la plataforma Classroom (C\u00f3digo: tglxxrm).<br \/>\n\u2022 El alumnado que requiera resolver dudas de cualquier aspecto relativo a la recuperaci\u00f3n de la materia (resoluci\u00f3n de cuestiones, conceptos, metodolog\u00eda, problemas al acceder a material, \u2026etc.) ser\u00e1 atendido, PREVIA CITA (mandar mensaje a correo o contactar personalmente en d\u00edas previos), en la hora del recreo de cualquier d\u00eda de la semana en el Departamento de Biolog\u00eda y Geolog\u00eda para resolver las dudas que puedan surgir.<br \/>\n\u2022 Tanto el alumnado como las familias pueden contactar con la persona responsable de pendientes (D\u00f1a. Encarnaci\u00f3n N\u00fa\u00f1ez Mart\u00ednez) por las siguientes v\u00edas:<br \/>\n\u2022 Dpto. Biolog\u00eda y Geolog\u00eda situado en 2\u00aa Planta. Frente a escaleras.<br \/>\n\u2022 Mensaje por plataforma oficial i-pasen.<br \/>\n\u2022 Correo: enunmar261@g.educaand.es.<\/p>\n<p><strong>MATERIAL PARA RECUPERAR 1\u00aa EVALUACI\u00d3N:<\/strong><\/p>\n<p>Fecha y lugar de realizaci\u00f3n de prueba y entrega de cuestionario:<\/p>\n<p>Jueves 28 de NOVIEMBRE de 2024<br \/>\nDe 11:00 a 12:30h<\/p>\n<p>Lugar: Laboratorio de Biolog\u00eda y Geolog\u00eda.<\/p>\n<ul style=\"list-style-type: circle\">\n<li><a href=\"https:\/\/blogsaverroes.juntadeandalucia.es\/ieslabahiabio\/files\/2023\/11\/3\u00ba-U1.EL-RELIEVE-Y-SU-MODELADO.CUESTIONARIO-DE-ACTIVIDADES.pdf\">3\u00ba U1.EL RELIEVE Y SU MODELADO.CUESTIONARIO DE ACTIVIDADES<\/a><\/li>\n<li><a href=\"https:\/\/blogsaverroes.juntadeandalucia.es\/ieslabahiabio\/files\/2023\/11\/3\u00ba-U2.-DIN\u00c1MICA-INTERNA-DE-LA-TIERRA.CUESTIONARIO.pdf\">3\u00ba U2. DIN\u00c1MICA INTERNA DE LA TIERRA.CUESTIONARIO<\/a><\/li>\n<\/ul>\n<p><strong>MATERIAL PARA RECUPERAR 2\u00aa EVALUACI\u00d3N:<\/strong><\/p>\n<p>Fecha y lugar de realizaci\u00f3n de prueba y entrega de cuestionario:<\/p>\n<p>Jueves 16 de ENERO 2025<br \/>\nDe 11:00 a 12:30h<\/p>\n<p>Lugar: Laboratorio de Biolog\u00eda y Geolog\u00eda.<\/p>\n<ul style=\"list-style-type: circle\">\n<li><a href=\"https:\/\/blogsaverroes.juntadeandalucia.es\/ieslabahiabio\/files\/2023\/11\/3\u00ba-U3.-LA-ORGANIZACI\u00d3N-DEL-CUERPO-HUMANO.CUESTIONARIO-ACTIVIDADES.pdf\">3\u00ba U3. LA ORGANIZACI\u00d3N DEL CUERPO HUMANO.CUESTIONARIO ACTIVIDADES<\/a><\/li>\n<li><a href=\"https:\/\/blogsaverroes.juntadeandalucia.es\/ieslabahiabio\/files\/2023\/11\/3\u00ba-U4.-LASALUD-Y-EL-SISTEMA-INMUNITARIO.pdf\">3\u00ba U4. LASALUD Y EL SISTEMA INMUNITARIO<\/a><\/li>\n<li><a href=\"https:\/\/blogsaverroes.juntadeandalucia.es\/ieslabahiabio\/files\/2023\/11\/3\u00ba-U5.-LA-REPRODUCCI\u00d3N-HUMANA.-CUESTIONARIO.pdf\">3\u00ba U5. LA REPRODUCCI\u00d3N HUMANA. CUESTIONARIO<\/a><\/li>\n<\/ul>\n<p><strong>MATERIAL PARA RECUPERAR 3\u00aa EVALUACI\u00d3N:<\/strong><\/p>\n<p>Fecha y lugar de realizaci\u00f3n de prueba y entrega de cuestionario:<\/p>\n<p>Jueves 10 de ABRIL 2025<br \/>\nDe 11:00 a 12:30h<\/p>\n<p>Lugar: Laboratorio de Biolog\u00eda y Geolog\u00eda.<\/p>\n<ul style=\"list-style-type: circle\">\n<li><a href=\"https:\/\/blogsaverroes.juntadeandalucia.es\/ieslabahiabio\/files\/2023\/11\/3\u00ba-U6.-ALIMENTACI\u00d3N-Y-SALUD..pdf\">3\u00ba U6. ALIMENTACI\u00d3N Y SALUD.<\/a><\/li>\n<li><a href=\"http:\/\/LA NUTRICI\u00d3N: APARATOS DIGESTIVO Y RESPIRATORIO.\">3\u00ba U7.NUTRICI\u00d3N.APARATO DIGESTIVO Y RESPIRATORIO.<\/a><\/li>\n<li><a href=\"https:\/\/drive.google.com\/file\/d\/1VbIhjJEDLi-Omx5xKss9EFKpOZMLxzM1\/view?usp=drive_link\">3\u00baU8.NUTRICI\u00d3N.APARATO CIRCULATORIO Y EXCRETOR.<\/a><\/li>\n<\/ul>\n<p><strong>CONVOCATORIA DE RECUPERACI\u00d3N EXTRAORDINARIA:<\/strong><\/p>\n<p>Jueves 22 de MAYO 2025<br \/>\nDe 11:00 a 12:30h<br \/>\nLugar: Laboratorio de Biolog\u00eda y Geolog\u00eda.<\/p>\n<p>SE LES RECUERDA que para cualquier consulta, duda o problema, pueden contactar con D\u00f1a. Encarnaci\u00f3n N\u00fa\u00f1ez (Coordinadora de recuperaci\u00f3n de&nbsp; pendientes de la materia Biolog\u00eda y Geolog\u00eda) a trav\u00e9s de las v\u00edas especificadas en el informe adjuntado al inicio de este apartado.<\/p>\n<p>LIBRO ESCANEADO RECUPERACI\u00d3N Biolog\u00eda y Geolog\u00eda&nbsp; 3\u00ba E.SO.: <a href=\"https:\/\/blogsaverroes.juntadeandalucia.es\/ieslabahiabio\/files\/2022\/10\/Unidades-9-10-11-y-12-Biolog\u00eda-y-Geolog\u00eda-3\u00ba-ESO-1.pdf\">Unidades 9, 10, 11 y 12 Biolog\u00eda y Geolog\u00eda 3\u00ba ESO<\/a><\/p>\n<p>LIBRO ESCANEADO RECUPERACI\u00d3N Biolog\u00eda y Geolog\u00eda 3\u00ba E.SO.: <a href=\"https:\/\/blogsaverroes.juntadeandalucia.es\/ieslabahiabio\/files\/2022\/12\/Unidades-1-2-3-y-8-Biolog\u00eda-y-Geolog\u00eda-3\u00ba-ESO.pdf\">Unidades 1, 2, 3 y 8 Biolog\u00eda y Geolog\u00eda 3\u00ba ESO<\/a><\/p>\n<p>LIBRO ESCANEADO RECUPERACI\u00d3N Biolog\u00eda y Geolog\u00eda&nbsp; 3\u00ba E.SO.: <a href=\"https:\/\/blogsaverroes.juntadeandalucia.es\/ieslabahiabio\/files\/2023\/05\/Unidades-4-5-y-7-Biolog\u00eda-y-Geolog\u00eda-3\u00ba-ESO.pdf\">Unidades 4, 5 y 7 Biolog\u00eda y Geolog\u00eda 3\u00ba ESO<\/a>&nbsp;<\/p>\n","protected":false},"excerpt":{"rendered":"<p>Aqu\u00ed tendr\u00e1s toda la informaci\u00f3n relativa a las materias pendientes de cursos anteriores: BIOLOG\u00cdA Y GEOLOG\u00cdA 1\u00baE.S.O. ASIGNATURA PENDIENTE: Biolog\u00eda&#46;&#46;&#46;<\/p>\n","protected":false},"author":11878,"featured_media":0,"parent":0,"menu_order":0,"comment_status":"closed","ping_status":"closed","template":"page-c.php","meta":{"ngg_post_thumbnail":0,"footnotes":""},"aioseo_notices":[],"_links":{"self":[{"href":"https:\/\/blogsaverroes.juntadeandalucia.es\/ieslabahiabio\/wp-json\/wp\/v2\/pages\/41"}],"collection":[{"href":"https:\/\/blogsaverroes.juntadeandalucia.es\/ieslabahiabio\/wp-json\/wp\/v2\/pages"}],"about":[{"href":"https:\/\/blogsaverroes.juntadeandalucia.es\/ieslabahiabio\/wp-json\/wp\/v2\/types\/page"}],"author":[{"embeddable":true,"href":"https:\/\/blogsaverroes.juntadeandalucia.es\/ieslabahiabio\/wp-json\/wp\/v2\/users\/11878"}],"replies":[{"embeddable":true,"href":"https:\/\/blogsaverroes.juntadeandalucia.es\/ieslabahiabio\/wp-json\/wp\/v2\/comments?post=41"}],"version-history":[{"count":38,"href":"https:\/\/blogsaverroes.juntadeandalucia.es\/ieslabahiabio\/wp-json\/wp\/v2\/pages\/41\/revisions"}],"predecessor-version":[{"id":252,"href":"https:\/\/blogsaverroes.juntadeandalucia.es\/ieslabahiabio\/wp-json\/wp\/v2\/pages\/41\/revisions\/252"}],"wp:attachment":[{"href":"https:\/\/blogsaverroes.juntadeandalucia.es\/ieslabahiabio\/wp-json\/wp\/v2\/media?parent=41"}],"curies":[{"name":"wp","href":"https:\/\/api.w.org\/{rel}","templated":true}]}}