{"id":117,"date":"2021-04-17T18:18:36","date_gmt":"2021-04-17T18:18:36","guid":{"rendered":"https:\/\/blogsaverroes.juntadeandalucia.es\/ieslabahiafra\/?page_id=117"},"modified":"2021-04-21T10:13:17","modified_gmt":"2021-04-21T10:13:17","slug":"concurso-de-bd","status":"publish","type":"page","link":"https:\/\/blogsaverroes.juntadeandalucia.es\/ieslabahiafra\/concurso-de-bd\/","title":{"rendered":"Concurso de BD"},"content":{"rendered":"<p><span style=\"font-family: tahoma, arial, helvetica, sans-serif\">Concurso de c\u00f3mic (bande-dessin\u00e9e) en franc\u00e9s con motivo de la celebraci\u00f3n del D\u00eda del Libro.<\/span><\/p>\nngg_shortcode_0_placeholder\n","protected":false},"excerpt":{"rendered":"<p>Concurso de c\u00f3mic (bande-dessin\u00e9e) en franc\u00e9s con motivo de la celebraci\u00f3n del D\u00eda del Libro.<\/p>\n","protected":false},"author":12315,"featured_media":0,"parent":0,"menu_order":0,"comment_status":"closed","ping_status":"closed","template":"","meta":{"ngg_post_thumbnail":0,"footnotes":""},"aioseo_notices":[],"_links":{"self":[{"href":"https:\/\/blogsaverroes.juntadeandalucia.es\/ieslabahiafra\/wp-json\/wp\/v2\/pages\/117"}],"collection":[{"href":"https:\/\/blogsaverroes.juntadeandalucia.es\/ieslabahiafra\/wp-json\/wp\/v2\/pages"}],"about":[{"href":"https:\/\/blogsaverroes.juntadeandalucia.es\/ieslabahiafra\/wp-json\/wp\/v2\/types\/page"}],"author":[{"embeddable":true,"href":"https:\/\/blogsaverroes.juntadeandalucia.es\/ieslabahiafra\/wp-json\/wp\/v2\/users\/12315"}],"replies":[{"embeddable":true,"href":"https:\/\/blogsaverroes.juntadeandalucia.es\/ieslabahiafra\/wp-json\/wp\/v2\/comments?post=117"}],"version-history":[{"count":6,"href":"https:\/\/blogsaverroes.juntadeandalucia.es\/ieslabahiafra\/wp-json\/wp\/v2\/pages\/117\/revisions"}],"predecessor-version":[{"id":161,"href":"https:\/\/blogsaverroes.juntadeandalucia.es\/ieslabahiafra\/wp-json\/wp\/v2\/pages\/117\/revisions\/161"}],"wp:attachment":[{"href":"https:\/\/blogsaverroes.juntadeandalucia.es\/ieslabahiafra\/wp-json\/wp\/v2\/media?parent=117"}],"curies":[{"name":"wp","href":"https:\/\/api.w.org\/{rel}","templated":true}]}}