{"id":86,"date":"2021-01-02T14:39:52","date_gmt":"2021-01-02T13:39:52","guid":{"rendered":"https:\/\/blogsaverroes.juntadeandalucia.es\/ieslabahiainfocovid\/?page_id=86"},"modified":"2021-02-01T18:19:35","modified_gmt":"2021-02-01T17:19:35","slug":"sobre-nosotros","status":"publish","type":"page","link":"https:\/\/blogsaverroes.juntadeandalucia.es\/ieslabahiainfocovid\/sobre-nosotros\/","title":{"rendered":"Sobre nosotros"},"content":{"rendered":"<p>La Comisi\u00f3n Covid del IES La Bah\u00eda est\u00e1 constituida por los siguientes miembros:<\/p>\n<p>1. David Funes Jim\u00e9nez, Director del Centro y Coordinador Covid<\/p>\n<p>2. Auxi de la Jara Leal, Coordinadora del Programa de H\u00e1bitos de Vida Saludable y Jefa del Departamento de F\u00edsica y Qu\u00edmica<\/p>\n<p>3. Rosa Erce Montilla, Coordinadora del \u00c1rea Cient\u00edfica-Tecnol\u00f3gica y Jefa del Departamento de Tecnolog\u00eda<\/p>\n<p>4. Jacobo Suances Garc\u00eda, Coordinador del Plan de Prevenci\u00f3n de Riesgos Laborales y Jefe del Departameno de Geograf\u00eda e Historia<\/p>\n<p>5. Agustina Rodr\u00edguez Rodr\u00edguez, Presidenta del AMPA<\/p>\n<p>&nbsp;<\/p>\n<p>&nbsp;<\/p>\n","protected":false},"excerpt":{"rendered":"<p>La Comisi\u00f3n Covid del IES La Bah\u00eda est\u00e1 constituida por los siguientes miembros: 1. David Funes Jim\u00e9nez, Director del Centro y Coordinador Covid 2. Auxi de la Jara Leal, Coordinadora del Programa de H\u00e1bitos&#46;&#46;&#46;<\/p>\n","protected":false},"author":11512,"featured_media":0,"parent":0,"menu_order":0,"comment_status":"closed","ping_status":"closed","template":"","meta":{"ngg_post_thumbnail":0,"footnotes":""},"aioseo_notices":[],"_links":{"self":[{"href":"https:\/\/blogsaverroes.juntadeandalucia.es\/ieslabahiainfocovid\/wp-json\/wp\/v2\/pages\/86"}],"collection":[{"href":"https:\/\/blogsaverroes.juntadeandalucia.es\/ieslabahiainfocovid\/wp-json\/wp\/v2\/pages"}],"about":[{"href":"https:\/\/blogsaverroes.juntadeandalucia.es\/ieslabahiainfocovid\/wp-json\/wp\/v2\/types\/page"}],"author":[{"embeddable":true,"href":"https:\/\/blogsaverroes.juntadeandalucia.es\/ieslabahiainfocovid\/wp-json\/wp\/v2\/users\/11512"}],"replies":[{"embeddable":true,"href":"https:\/\/blogsaverroes.juntadeandalucia.es\/ieslabahiainfocovid\/wp-json\/wp\/v2\/comments?post=86"}],"version-history":[{"count":3,"href":"https:\/\/blogsaverroes.juntadeandalucia.es\/ieslabahiainfocovid\/wp-json\/wp\/v2\/pages\/86\/revisions"}],"predecessor-version":[{"id":203,"href":"https:\/\/blogsaverroes.juntadeandalucia.es\/ieslabahiainfocovid\/wp-json\/wp\/v2\/pages\/86\/revisions\/203"}],"wp:attachment":[{"href":"https:\/\/blogsaverroes.juntadeandalucia.es\/ieslabahiainfocovid\/wp-json\/wp\/v2\/media?parent=86"}],"curies":[{"name":"wp","href":"https:\/\/api.w.org\/{rel}","templated":true}]}}