{"id":39,"date":"2021-02-12T08:16:00","date_gmt":"2021-02-12T08:16:00","guid":{"rendered":"https:\/\/blogsaverroes.juntadeandalucia.es\/ieslabahiatec\/?page_id=39"},"modified":"2025-02-10T18:32:36","modified_gmt":"2025-02-10T18:32:36","slug":"2o-eso","status":"publish","type":"page","link":"https:\/\/blogsaverroes.juntadeandalucia.es\/ieslabahiatec\/2o-eso\/","title":{"rendered":"2\u00ba ESO"},"content":{"rendered":"<p>TECNOLOG\u00cdA<\/p>\n<ol>\n<li>En el siguiente enlace encontramos una situaci\u00f3n de aprendizaje con actividades b\u00e1sicas sobre dise\u00f1o asistido por ordenador haciendo uso de los programas Tinkercad y Sketchup: <a href=\"https:\/\/procomun.intef.es\/ode\/view\/es_2024120912_9224429\">Dise\u00f1a la llave a la Tecnolog\u00eda<\/a><\/li>\n<li>Ejemplo de presentaci\u00f3n b\u00e1sica para Escape Room realizada con el programa de presentaciones de Google: <a href=\"https:\/\/docs.google.com\/presentation\/d\/1hA_PJ0VLjnBmuT2F3bRJFgvpcz6Nu4N_geGt9Q-DfiY\/preview\">La aventura de los materiales<\/a><\/li>\n<\/ol>\n","protected":false},"excerpt":{"rendered":"<p>TECNOLOG\u00cdA En el siguiente enlace encontramos una situaci\u00f3n de aprendizaje con actividades b\u00e1sicas sobre dise\u00f1o asistido por ordenador haciendo uso&#46;&#46;&#46;<\/p>\n","protected":false},"author":11512,"featured_media":0,"parent":0,"menu_order":0,"comment_status":"closed","ping_status":"closed","template":"","meta":{"ngg_post_thumbnail":0,"footnotes":""},"aioseo_notices":[],"_links":{"self":[{"href":"https:\/\/blogsaverroes.juntadeandalucia.es\/ieslabahiatec\/wp-json\/wp\/v2\/pages\/39"}],"collection":[{"href":"https:\/\/blogsaverroes.juntadeandalucia.es\/ieslabahiatec\/wp-json\/wp\/v2\/pages"}],"about":[{"href":"https:\/\/blogsaverroes.juntadeandalucia.es\/ieslabahiatec\/wp-json\/wp\/v2\/types\/page"}],"author":[{"embeddable":true,"href":"https:\/\/blogsaverroes.juntadeandalucia.es\/ieslabahiatec\/wp-json\/wp\/v2\/users\/11512"}],"replies":[{"embeddable":true,"href":"https:\/\/blogsaverroes.juntadeandalucia.es\/ieslabahiatec\/wp-json\/wp\/v2\/comments?post=39"}],"version-history":[{"count":4,"href":"https:\/\/blogsaverroes.juntadeandalucia.es\/ieslabahiatec\/wp-json\/wp\/v2\/pages\/39\/revisions"}],"predecessor-version":[{"id":320,"href":"https:\/\/blogsaverroes.juntadeandalucia.es\/ieslabahiatec\/wp-json\/wp\/v2\/pages\/39\/revisions\/320"}],"wp:attachment":[{"href":"https:\/\/blogsaverroes.juntadeandalucia.es\/ieslabahiatec\/wp-json\/wp\/v2\/media?parent=39"}],"curies":[{"name":"wp","href":"https:\/\/api.w.org\/{rel}","templated":true}]}}