{"id":44,"date":"2015-03-13T08:42:15","date_gmt":"2015-03-13T08:42:15","guid":{"rendered":"http:\/\/blogsaverroes.juntadeandalucia.es\/pre\/ceip\/?page_id=44"},"modified":"2024-11-02T21:30:36","modified_gmt":"2024-11-02T20:30:36","slug":"planes-y-proyectos","status":"publish","type":"page","link":"https:\/\/blogsaverroes.juntadeandalucia.es\/ieslacampana\/planes-y-proyectos\/","title":{"rendered":"Planes y Programas"},"content":{"rendered":"\t\t<div data-elementor-type=\"wp-page\" data-elementor-id=\"44\" class=\"elementor elementor-44\">\n\t\t\t\t\t\t<section class=\"elementor-section elementor-top-section elementor-element elementor-element-259903b9 elementor-section-boxed elementor-section-height-default elementor-section-height-default\" data-id=\"259903b9\" data-element_type=\"section\">\n\t\t\t\t\t\t<div class=\"elementor-container elementor-column-gap-default\">\n\t\t\t\t\t<div class=\"elementor-column elementor-col-100 elementor-top-column elementor-element elementor-element-316a275d\" data-id=\"316a275d\" data-element_type=\"column\">\n\t\t\t<div class=\"elementor-widget-wrap elementor-element-populated\">\n\t\t\t\t\t\t<div class=\"elementor-element elementor-element-4695d4a0 elementor-widget elementor-widget-text-editor\" data-id=\"4695d4a0\" data-element_type=\"widget\" data-widget_type=\"text-editor.default\">\n\t\t\t\t<div class=\"elementor-widget-container\">\n\t\t\t\t\t\t\t\t\t<h4 style=\"text-align: center\"><strong>PLANES y PROGRAMAS 2024\/2025<\/strong><\/h4>\n<div>\n<div dir=\"ltr\" style=\"margin-left: 0pt\" align=\"left\">\n<table class=\" aligncenter\" style=\"border-width: initial;border-style: none;width: 100%\">\n<colgroup>\n<col width=\"110\">\n<col width=\"160\">\n<col width=\"270\"><\/colgroup>\n<tbody>\n<tr style=\"height: 17.5pt\">\n<td style=\"border-width: 0.5pt;border-left-style: solid;border-color: #000000;border-right-style: solid;border-top-style: solid;background-color: #4a86e8;padding: 2.75pt;overflow: hidden;width: 49.2891%\" colspan=\"2\">\n<p dir=\"ltr\" style=\"line-height: 1.2;margin-top: 0pt;margin-bottom: 0pt\"><span style=\"font-size: 12pt;font-family: 'Times New Roman', serif;color: #000000;background-color: transparent;font-weight: bold;font-style: normal;font-variant: normal\">Planes y Programas<\/span><\/p>\n<\/td>\n<td style=\"border-width: 0.5pt;border-left-style: solid;border-color: #000000;border-right-style: solid;border-top-style: solid;background-color: #4a86e8;padding: 2.75pt;overflow: hidden;width: 97.6303%\">\n<p dir=\"ltr\" style=\"line-height: 1.2;margin-top: 0pt;margin-bottom: 0pt\"><span style=\"font-size: 12pt;font-family: 'Times New Roman', serif;color: #000000;background-color: transparent;font-weight: bold;font-style: normal;font-variant: normal\">Coordinador\/a Responsable<\/span><\/p>\n<\/td>\n<\/tr>\n<tr style=\"height: 16.5pt\">\n<td style=\"border-width: 0.5pt;border-left-style: solid;border-color: #000000;border-right-style: solid;border-top-style: solid;padding: 2.75pt;overflow: hidden;width: 49.2891%\" colspan=\"2\">\n<p dir=\"ltr\" style=\"line-height: 1.2;margin-top: 0pt;margin-bottom: 0pt\"><span style=\"font-size: 11pt;font-family: Calibri, sans-serif;color: #000000;background-color: transparent;font-weight: bold;font-style: normal;font-variant: normal\">ESCUELA: <\/span><\/p>\n<p dir=\"ltr\" style=\"line-height: 1.2;margin-top: 0pt;margin-bottom: 0pt\"><span style=\"font-size: 11pt;font-family: Calibri, sans-serif;color: #000000;background-color: transparent;font-weight: bold;font-style: normal;font-variant: normal\">\u201cESPACIO DE PAZ\u201d<\/span><\/p>\n<\/td>\n<td style=\"border-width: 0.5pt;border-left-style: solid;border-color: #000000;border-right-style: solid;border-top-style: solid;padding: 2.75pt;overflow: hidden;width: 97.6303%\">\n<p dir=\"ltr\" style=\"line-height: 1.2;margin-top: 0pt;margin-bottom: 0pt\"><span style=\"font-size: 10pt;font-family: Calibri, sans-serif;color: #000000;background-color: transparent;font-weight: 400;font-style: normal;font-variant: normal\">Carrasco R\u00edsquez, Lourdes<\/span><span style=\"font-size: 13pt;font-family: Calibri, sans-serif;color: #000000;background-color: transparent;font-weight: 400;font-style: normal;font-variant: normal\">&nbsp;<\/span><\/p>\n<\/td>\n<\/tr>\n<tr style=\"height: 16.5pt\">\n<td style=\"border-width: 0.5pt;border-left-style: solid;border-color: #000000;border-right-style: solid;border-top-style: solid;padding: 2.75pt;overflow: hidden;width: 49.2891%\" colspan=\"2\">\n<p dir=\"ltr\" style=\"line-height: 1.2;margin-top: 0pt;margin-bottom: 0pt\"><span style=\"font-size: 11pt;font-family: Calibri, sans-serif;color: #000000;background-color: transparent;font-weight: bold;font-style: normal;font-variant: normal\">PLAN TDE&nbsp;<\/span><\/p>\n<\/td>\n<td style=\"border-width: 0.5pt;border-left-style: solid;border-color: #000000;border-right-style: solid;border-top-style: solid;padding: 2.75pt;overflow: hidden;width: 97.6303%\">\n<p dir=\"ltr\" style=\"line-height: 1.2;margin-top: 0pt;margin-bottom: 0pt\"><span style=\"font-size: 10pt;font-family: Calibri, sans-serif;color: #000000;background-color: transparent;font-weight: 400;font-style: normal;font-variant: normal\">Mart\u00edn Romero, Jos\u00e9 Miguel<\/span><span style=\"font-size: 13pt;font-family: Calibri, sans-serif;color: #000000;background-color: transparent;font-weight: 400;font-style: normal;font-variant: normal\">&nbsp;<\/span><\/p>\n<\/td>\n<\/tr>\n<tr style=\"height: 32.783203125pt\">\n<td style=\"border-width: 0.5pt;border-left-style: solid;border-color: #000000;border-right-style: solid;border-top-style: solid;padding: 2.75pt;overflow: hidden;width: 49.2891%\" colspan=\"2\">\n<p dir=\"ltr\" style=\"line-height: 1.2;margin-top: 0pt;margin-bottom: 0pt\"><span style=\"font-size: 11pt;font-family: Calibri, sans-serif;color: #000000;background-color: transparent;font-weight: bold;font-style: normal;font-variant: normal\">CIMA<\/span><\/p>\n<\/td>\n<td style=\"border-width: 0.5pt;border-left-style: solid;border-color: #000000;border-right-style: solid;border-top-style: solid;padding: 2.75pt;overflow: hidden;width: 97.6303%\">\n<p dir=\"ltr\" style=\"line-height: 1.2;margin-top: 0pt;margin-bottom: 0pt\"><span style=\"font-size: 10pt;font-family: Calibri, sans-serif;color: #000000;background-color: transparent;font-weight: 400;font-style: normal;font-variant: normal\">Bernal L\u00f3pez, Sandra<\/span><span style=\"font-size: 13pt;font-family: Calibri, sans-serif;color: #000000;background-color: transparent;font-weight: 400;font-style: normal;font-variant: normal\">&nbsp;<\/span><\/p>\n<\/td>\n<\/tr>\n<tr style=\"height: 30.796875pt\">\n<td style=\"border-width: 0.5pt;border-left-style: solid;border-color: #000000;border-right-style: solid;border-top-style: solid;padding: 2.75pt;overflow: hidden;width: 40.7583%\" rowspan=\"3\">\n<p dir=\"ltr\" style=\"line-height: 1.2;margin-top: 0pt;margin-bottom: 0pt\"><span style=\"font-size: 11pt;font-family: Calibri, sans-serif;color: #000000;background-color: transparent;font-weight: 400;font-style: normal;font-variant: normal\">L\u00edneas de&nbsp;<\/span><\/p>\n<p dir=\"ltr\" style=\"line-height: 1.2;margin-top: 0pt;margin-bottom: 0pt\"><span style=\"font-size: 11pt;font-family: Calibri, sans-serif;color: #000000;background-color: transparent;font-weight: 400;font-style: normal;font-variant: normal\">Actuaci\u00f3n<\/span><\/p>\n<p dir=\"ltr\" style=\"line-height: 1.2;margin-top: 0pt;margin-bottom: 0pt\"><span style=\"font-size: 11pt;font-family: Calibri, sans-serif;color: #000000;background-color: transparent;font-weight: 400;font-style: normal;font-variant: normal\">CIMA<\/span><\/p>\n<\/td>\n<td style=\"border-width: 0.5pt;border-left-style: solid;border-color: #000000;border-right-style: solid;border-top-style: solid;padding: 2.75pt;overflow: hidden;width: 8.53078%\">\n<p dir=\"ltr\" style=\"line-height: 1.2;margin-top: 0pt;margin-bottom: 0pt\"><span style=\"font-size: 11pt;font-family: Calibri, sans-serif;color: #000000;background-color: transparent;font-weight: 400;font-style: italic;font-variant: normal\">Promoci\u00f3n de&nbsp;<\/span><\/p>\n<p dir=\"ltr\" style=\"line-height: 1.2;margin-top: 0pt;margin-bottom: 0pt\"><span style=\"font-size: 11pt;font-family: Calibri, sans-serif;color: #000000;background-color: transparent;font-weight: 400;font-style: italic;font-variant: normal\">H\u00e1bitos de Vida Saludable<\/span><\/p>\n<\/td>\n<td style=\"border-width: 0.5pt;border-left-style: solid;border-color: #000000;border-right-style: solid;border-top-style: solid;padding: 2.75pt;overflow: hidden;width: 97.6303%\">\n<p dir=\"ltr\" style=\"line-height: 1.2;margin-top: 0pt;margin-bottom: 0pt\"><span style=\"font-size: 10pt;font-family: Calibri, sans-serif;color: #000000;background-color: transparent;font-weight: 400;font-style: italic;font-variant: normal\">Garc\u00eda de la Torre S\u00e1nchez, Alba Mar\u00eda<\/span><span style=\"font-size: 13pt;font-family: Calibri, sans-serif;color: #000000;background-color: transparent;font-weight: 400;font-style: italic;font-variant: normal\">&nbsp;<\/span><\/p>\n<\/td>\n<\/tr>\n<tr style=\"height: 30.796875pt\">\n<td style=\"border-width: 0.5pt;border-left-style: solid;border-color: #000000;border-right-style: solid;border-top-style: solid;padding: 2.75pt;overflow: hidden;width: 8.53078%\">\n<p dir=\"ltr\" style=\"line-height: 1.2;margin-top: 0pt;margin-bottom: 0pt\"><span style=\"font-size: 11pt;font-family: Calibri, sans-serif;color: #000000;background-color: transparent;font-weight: 400;font-style: italic;font-variant: normal\">Aldea<\/span><\/p>\n<\/td>\n<td style=\"border-width: 0.5pt;border-left-style: solid;border-color: #000000;border-right-style: solid;border-top-style: solid;padding: 2.75pt;overflow: hidden;width: 97.6303%\">\n<p dir=\"ltr\" style=\"line-height: 1.2;margin-top: 0pt;margin-bottom: 0pt\"><span style=\"font-size: 10pt;font-family: Calibri, sans-serif;color: #000000;background-color: transparent;font-weight: 400;font-style: italic;font-variant: normal\">Fern\u00e1ndez Gamero, Juan Luis<\/span><span style=\"font-size: 13pt;font-family: Calibri, sans-serif;color: #000000;background-color: transparent;font-weight: 400;font-style: italic;font-variant: normal\">&nbsp;<\/span><\/p>\n<\/td>\n<\/tr>\n<tr style=\"height: 30.796875pt\">\n<td style=\"border-width: 0.5pt;border-left-style: solid;border-color: #000000;border-right-style: solid;border-top-style: solid;padding: 2.75pt;overflow: hidden;width: 8.53078%\">\n<p dir=\"ltr\" style=\"line-height: 1.2;margin-top: 0pt;margin-bottom: 0pt\"><span style=\"font-size: 11pt;font-family: Calibri, sans-serif;color: #000000;background-color: transparent;font-weight: 400;font-style: italic;font-variant: normal\">Steam<\/span><\/p>\n<\/td>\n<td style=\"border-width: 0.5pt;border-left-style: solid;border-color: #000000;border-right-style: solid;border-top-style: solid;padding: 2.75pt;overflow: hidden;width: 97.6303%\">\n<p dir=\"ltr\" style=\"line-height: 1.2;margin-top: 0pt;margin-bottom: 0pt\"><span style=\"font-size: 10pt;font-family: Calibri, sans-serif;color: #000000;background-color: transparent;font-weight: 400;font-style: italic;font-variant: normal\">Atoche Calzada, Pablo<\/span><span style=\"font-size: 13pt;font-family: Calibri, sans-serif;color: #000000;background-color: transparent;font-weight: 400;font-style: italic;font-variant: normal\">&nbsp;<\/span><\/p>\n<\/td>\n<\/tr>\n<tr style=\"height: 16.5pt\">\n<td style=\"border-width: 0.5pt;border-left-style: solid;border-color: #000000;border-right-style: solid;border-top-style: solid;padding: 2.75pt;overflow: hidden;width: 49.2891%\" colspan=\"2\">\n<p dir=\"ltr\" style=\"line-height: 1.2;margin-top: 0pt;margin-bottom: 0pt\"><span style=\"font-size: 11pt;font-family: Calibri, sans-serif;color: #000000;background-color: transparent;font-weight: bold;font-style: normal;font-variant: normal\">BIENESTAR Y PROTECCI\u00d3N INFANCIA Y ADOLESCENCIA<\/span><\/p>\n<p dir=\"ltr\" style=\"line-height: 1.2;margin-top: 0pt;margin-bottom: 0pt\"><span style=\"font-size: 11pt;font-family: Calibri, sans-serif;color: #000000;background-color: transparent;font-weight: bold;font-style: normal;font-variant: normal\">\/CONVIVENCIA ESCOLAR<\/span><\/p>\n<\/td>\n<td style=\"border-width: 0.5pt;border-left-style: solid;border-color: #000000;border-right-style: solid;border-top-style: solid;padding: 2.75pt;overflow: hidden;width: 97.6303%\">\n<p dir=\"ltr\" style=\"line-height: 1.2;margin-top: 0pt;margin-bottom: 0pt\"><span style=\"font-size: 10pt;font-family: Calibri, sans-serif;color: #000000;background-color: transparent;font-weight: 400;font-style: normal;font-variant: normal\">Garc\u00eda de la Torre S\u00e1nchez, Alba Mar\u00eda<\/span><span style=\"font-size: 13pt;font-family: Calibri, sans-serif;color: #000000;background-color: transparent;font-weight: 400;font-style: normal;font-variant: normal\">&nbsp;<\/span><\/p>\n<\/td>\n<\/tr>\n<tr style=\"height: 16.5pt\">\n<td style=\"border-width: 0.5pt;border-left-style: solid;border-color: #000000;border-right-style: solid;border-top-style: solid;padding: 2.75pt;overflow: hidden;width: 49.2891%\" colspan=\"2\">\n<p dir=\"ltr\" style=\"line-height: 1.2;margin-top: 0pt;margin-bottom: 0pt\"><span style=\"font-size: 11pt;font-family: Calibri, sans-serif;color: #000000;background-color: transparent;font-weight: bold;font-style: normal;font-variant: normal\">PLAN DE LECTURA Y BIBLIOTECA<\/span><\/p>\n<\/td>\n<td style=\"border-width: 0.5pt;border-left-style: solid;border-color: #000000;border-right-style: solid;border-top-style: solid;padding: 2.75pt;overflow: hidden;width: 97.6303%\">\n<p dir=\"ltr\" style=\"line-height: 1.2;margin-top: 0pt;margin-bottom: 0pt\"><span style=\"font-size: 10pt;font-family: Calibri, sans-serif;color: #000000;background-color: transparent;font-weight: 400;font-style: normal;font-variant: normal\">Seisdedos Casado, Ruyman Fernando<\/span><span style=\"font-size: 13pt;font-family: Calibri, sans-serif;color: #000000;background-color: transparent;font-weight: 400;font-style: normal;font-variant: normal\">&nbsp;<\/span><\/p>\n<\/td>\n<\/tr>\n<tr style=\"height: 16.5pt\">\n<td style=\"border-width: 0.5pt;border-left-style: solid;border-color: #000000;border-right-style: solid;border-top-style: solid;padding: 2.75pt;overflow: hidden;width: 49.2891%\" colspan=\"2\">\n<p dir=\"ltr\" style=\"line-height: 1.2;margin-top: 0pt;margin-bottom: 0pt\"><span style=\"font-size: 11pt;font-family: Calibri, sans-serif;color: #000000;background-color: transparent;font-weight: bold;font-style: normal;font-variant: normal\">PLAN DE IGUALDAD DE G\u00c9NERO<\/span><\/p>\n<\/td>\n<td style=\"border-width: 0.5pt;border-left-style: solid;border-color: #000000;border-right-style: solid;border-top-style: solid;padding: 2.75pt;overflow: hidden;width: 97.6303%\">\n<p dir=\"ltr\" style=\"line-height: 1.2;margin-top: 0pt;margin-bottom: 0pt\"><span style=\"font-size: 10pt;font-family: Calibri, sans-serif;color: #000000;background-color: transparent;font-weight: 400;font-style: normal;font-variant: normal\">D\u00edaz Herrero, Alba Mar\u00eda<\/span><span style=\"font-size: 13pt;font-family: Calibri, sans-serif;color: #000000;background-color: transparent;font-weight: 400;font-style: normal;font-variant: normal\">&nbsp;<\/span><\/p>\n<\/td>\n<\/tr>\n<tr style=\"height: 16.5pt\">\n<td style=\"border-width: 0.5pt;border-left-style: solid;border-color: #000000;border-right-style: solid;border-top-style: solid;padding: 2.75pt;overflow: hidden;width: 49.2891%\" colspan=\"2\">\n<p dir=\"ltr\" style=\"line-height: 1.2;margin-top: 0pt;margin-bottom: 0pt\"><span style=\"font-size: 11pt;font-family: Calibri, sans-serif;color: #000000;background-color: transparent;font-weight: bold;font-style: normal;font-variant: normal\">M\u00c1S EQUIDAD<\/span><\/p>\n<\/td>\n<td style=\"border-width: 0.5pt;border-left-style: solid;border-color: #000000;border-right-style: solid;border-top-style: solid;padding: 2.75pt;overflow: hidden;width: 97.6303%\">\n<p dir=\"ltr\" style=\"line-height: 1.2;margin-top: 0pt;margin-bottom: 0pt\"><span style=\"font-size: 10pt;font-family: Calibri, sans-serif;color: #000000;background-color: transparent;font-weight: 400;font-style: normal;font-variant: normal\">Bernal L\u00f3pez, Sandra<\/span><\/p>\n<\/td>\n<\/tr>\n<tr style=\"height: 16.5pt\">\n<td style=\"border-width: 0.5pt;border-left-style: solid;border-color: #000000;border-right-style: solid;border-top-style: solid;padding: 2.75pt;overflow: hidden;width: 49.2891%\" colspan=\"2\">\n<p dir=\"ltr\" style=\"line-height: 1.2;margin-top: 0pt;margin-bottom: 0pt\"><span style=\"font-size: 11pt;font-family: Calibri, sans-serif;color: #000000;background-color: transparent;font-weight: bold;font-style: normal;font-variant: normal\">SALUD LABORAL Y P.R.L.<\/span><\/p>\n<\/td>\n<td style=\"border-width: 0.5pt;border-left-style: solid;border-color: #000000;border-right-style: solid;border-top-style: solid;padding: 2.75pt;overflow: hidden;width: 97.6303%\">\n<p dir=\"ltr\" style=\"line-height: 1.2;margin-top: 0pt;margin-bottom: 0pt\"><span style=\"font-size: 10pt;font-family: Calibri, sans-serif;color: #000000;background-color: transparent;font-weight: 400;font-style: normal;font-variant: normal\">Ruiz Montero, Eugenio<\/span><span style=\"font-size: 13pt;font-family: Calibri, sans-serif;color: #000000;background-color: transparent;font-weight: 400;font-style: normal;font-variant: normal\">&nbsp;<\/span><\/p>\n<\/td>\n<\/tr>\n<tr style=\"height: 16.5pt\">\n<td style=\"border-width: 0.5pt;border-left-style: solid;border-color: #000000;border-right-style: solid;border-top-style: solid;padding: 2.75pt;overflow: hidden;width: 49.2891%\" colspan=\"2\">\n<p dir=\"ltr\" style=\"line-height: 1.2;margin-top: 0pt;margin-bottom: 0pt\"><span style=\"font-size: 11pt;font-family: Calibri, sans-serif;color: #000000;background-color: transparent;font-weight: bold;font-style: normal;font-variant: normal\">PLAN DIRECTOR<\/span><\/p>\n<\/td>\n<td style=\"border-width: 0.5pt;border-left-style: solid;border-color: #000000;border-right-style: solid;border-top-style: solid;padding: 2.75pt;overflow: hidden;width: 97.6303%\">\n<p dir=\"ltr\" style=\"line-height: 1.2;margin-top: 0pt;margin-bottom: 0pt\"><span style=\"font-size: 10pt;font-family: Calibri, sans-serif;color: #000000;background-color: transparent;font-weight: 400;font-style: normal;font-variant: normal\">Ruiz Montero, Eugenio<\/span><\/p>\n<\/td>\n<\/tr>\n<\/tbody>\n<\/table>\n<\/div>\n<\/div>\t\t\t\t\t\t\t\t<\/div>\n\t\t\t\t<\/div>\n\t\t\t\t\t<\/div>\n\t\t<\/div>\n\t\t\t\t\t<\/div>\n\t\t<\/section>\n\t\t\t\t<\/div>\n\t\t","protected":false},"excerpt":{"rendered":"<p>PLANES y PROGRAMAS 2024\/2025 Planes y Programas Coordinador\/a Responsable ESCUELA: \u201cESPACIO DE PAZ\u201d Carrasco R\u00edsquez, Lourdes&nbsp; PLAN TDE&nbsp; Mart\u00edn Romero, Jos\u00e9 Miguel&nbsp; CIMA Bernal L\u00f3pez, Sandra&nbsp; L\u00edneas de&nbsp; Actuaci\u00f3n CIMA Promoci\u00f3n de&nbsp; H\u00e1bitos de&#46;&#46;&#46;<\/p>\n","protected":false},"author":1,"featured_media":0,"parent":0,"menu_order":0,"comment_status":"open","ping_status":"closed","template":"","meta":{"ngg_post_thumbnail":0,"footnotes":"","_mc_calendar":[]},"aioseo_notices":[],"_links":{"self":[{"href":"https:\/\/blogsaverroes.juntadeandalucia.es\/ieslacampana\/wp-json\/wp\/v2\/pages\/44"}],"collection":[{"href":"https:\/\/blogsaverroes.juntadeandalucia.es\/ieslacampana\/wp-json\/wp\/v2\/pages"}],"about":[{"href":"https:\/\/blogsaverroes.juntadeandalucia.es\/ieslacampana\/wp-json\/wp\/v2\/types\/page"}],"author":[{"embeddable":true,"href":"https:\/\/blogsaverroes.juntadeandalucia.es\/ieslacampana\/wp-json\/wp\/v2\/users\/1"}],"replies":[{"embeddable":true,"href":"https:\/\/blogsaverroes.juntadeandalucia.es\/ieslacampana\/wp-json\/wp\/v2\/comments?post=44"}],"version-history":[{"count":47,"href":"https:\/\/blogsaverroes.juntadeandalucia.es\/ieslacampana\/wp-json\/wp\/v2\/pages\/44\/revisions"}],"predecessor-version":[{"id":3001,"href":"https:\/\/blogsaverroes.juntadeandalucia.es\/ieslacampana\/wp-json\/wp\/v2\/pages\/44\/revisions\/3001"}],"wp:attachment":[{"href":"https:\/\/blogsaverroes.juntadeandalucia.es\/ieslacampana\/wp-json\/wp\/v2\/media?parent=44"}],"curies":[{"name":"wp","href":"https:\/\/api.w.org\/{rel}","templated":true}]}}