{"id":2591,"date":"2020-12-15T10:09:38","date_gmt":"2020-12-15T08:09:38","guid":{"rendered":"https:\/\/blogsaverroes.juntadeandalucia.es\/ieslagranja\/?page_id=2591"},"modified":"2026-01-20T17:25:27","modified_gmt":"2026-01-20T15:25:27","slug":"quimica-y-salud-ambiental","status":"publish","type":"page","link":"https:\/\/blogsaverroes.juntadeandalucia.es\/ieslagranja\/quimica-y-salud-ambiental\/","title":{"rendered":"Criterios de calificaci\u00f3n Qu\u00edmica y Salud Ambiental"},"content":{"rendered":"<p><span style=\"font-size: medium\">Criterios de Calificaci\u00f3n CFGS Qu\u00edmica y Salud Ambiental (Actualizaci\u00f3n 2025-26): <\/span><\/p>\n<table style=\"width: 60.597%\" border=\"0\">\n<tbody>\n<tr style=\"height: 20px\">\n<td style=\"height: 20px;width: 13.5447%\">Curso<\/td>\n<td style=\"text-align: center;height: 20px;width: 126.801%\">M\u00f3dulo<\/td>\n<\/tr>\n<tr style=\"height: 20px\">\n<td style=\"height: 120px;width: 13.5447%\" rowspan=\"8\">1<\/td>\n<td style=\"height: 20px;width: 126.801%\"><a href=\"https:\/\/blogsaverroes.juntadeandalucia.es\/ieslagranja\/files\/2025\/12\/CONTAMINACION-AMBIENTAL-Y-ATMOSFERICA.pdf\">Contaminaci\u00f3n ambiental y atmosf\u00e9rica<\/a>.<\/td>\n<\/tr>\n<tr style=\"height: 20px\">\n<td style=\"height: 20px;width: 126.801%\"><a href=\"https:\/\/blogsaverroes.juntadeandalucia.es\/ieslagranja\/files\/2025\/12\/CONTROL-DE-AGUAS.pdf\">Control de aguas<\/a>.<\/td>\n<\/tr>\n<tr style=\"height: 20px\">\n<td style=\"height: 20px;width: 126.801%\"><a href=\"https:\/\/blogsaverroes.juntadeandalucia.es\/ieslagranja\/files\/2025\/12\/CONTROL-DE-RESIDUOS.pdf\">Control de residuos<\/a>.<\/td>\n<\/tr>\n<tr style=\"height: 20px\">\n<td style=\"height: 20px;width: 126.801%\"><a href=\"https:\/\/blogsaverroes.juntadeandalucia.es\/ieslagranja\/files\/2025\/12\/DIGITALIZACION-QUISAMB.pdf\">Digitalizaci\u00f3n aplicada a los sectores productivos<\/a>.<\/td>\n<\/tr>\n<tr style=\"height: 20px\">\n<td style=\"height: 20px;width: 126.801%\"><a href=\"https:\/\/blogsaverroes.juntadeandalucia.es\/ieslagranja\/files\/2025\/12\/IPE-I-25-26-QUISAMB.pdf\">IPE I<\/a><\/td>\n<\/tr>\n<tr>\n<td style=\"width: 126.801%\"><a href=\"https:\/\/blogsaverroes.juntadeandalucia.es\/ieslagranja\/files\/2025\/12\/SISTEMAS-DE-GESTION-AMBIENTAL.pdf\">Sistemas de gesti\u00f3n ambiental<\/a>.<\/td>\n<\/tr>\n<tr>\n<td style=\"width: 126.801%\"><a href=\"https:\/\/blogsaverroes.juntadeandalucia.es\/ieslagranja\/files\/2025\/12\/SOSTENIBILIDAD-QUISAMB.pdf\">Sostenibilidad aplicada al sistema productivo<\/a>.<\/td>\n<\/tr>\n<tr style=\"height: 20px\">\n<td style=\"height: 20px;width: 126.801%\"><a href=\"https:\/\/blogsaverroes.juntadeandalucia.es\/ieslagranja\/files\/2026\/01\/UNIDAD-DE-SALUD-AMBIENTAL.pdf\">Unidad de salud ambiental<\/a>.<\/td>\n<\/tr>\n<\/tbody>\n<\/table>\n<p>&nbsp;<\/p>\n<table style=\"width: 60.5832%;height: 216px\" border=\"0\">\n<tbody>\n<tr style=\"height: 24px\">\n<td style=\"width: 12.2078%;height: 24px\">Curso<\/td>\n<td style=\"text-align: center;width: 103.587%;height: 24px\">M\u00f3dulo<\/td>\n<\/tr>\n<tr style=\"height: 24px\">\n<td style=\"width: 12.2078%;height: 168px\" rowspan=\"8\">2<\/td>\n<td style=\"width: 103.587%;height: 24px\"><a href=\"https:\/\/blogsaverroes.juntadeandalucia.es\/ieslagranja\/files\/2025\/12\/CONTROL-DE-ORGANISMOS-NOCIVOS.pdf\">Control de organismos nocivos<\/a>.<\/td>\n<\/tr>\n<tr style=\"height: 24px\">\n<td style=\"width: 103.587%;height: 24px\"><a href=\"https:\/\/blogsaverroes.juntadeandalucia.es\/ieslagranja\/files\/2025\/12\/CONTROL-Y-SEGURIDAD-ALIMENTARIA.pdf\">Control y seguridad alimentaria<\/a>.<\/td>\n<\/tr>\n<tr style=\"height: 24px\">\n<td style=\"width: 103.587%;height: 24px\"><a href=\"https:\/\/blogsaverroes.juntadeandalucia.es\/ieslagranja\/files\/2025\/12\/EDUCACION-PARA-LA-SALUD-Y-EL-MEDIO-AMBIENTE-CURSO.pdf\">Educaci\u00f3n para la salud y el medio ambiente<\/a>.<\/td>\n<\/tr>\n<tr style=\"height: 24px\">\n<td style=\"width: 103.587%;height: 24px\"><a href=\"https:\/\/blogsaverroes.juntadeandalucia.es\/ieslagranja\/files\/2025\/12\/INGLES-PROFESIONAL-QUIMICA-Y-SALUD-AMBIENTAL.pdf\">Ingl\u00e9s profesional<\/a>.<\/td>\n<\/tr>\n<tr style=\"height: 24px\">\n<td style=\"width: 103.587%;height: 24px\"><a href=\"https:\/\/blogsaverroes.juntadeandalucia.es\/ieslagranja\/files\/2025\/12\/IPE-II-25-26-QUISAMB.pdf\">IPE II<\/a>.<\/td>\n<\/tr>\n<tr style=\"height: 24px\">\n<td style=\"width: 103.587%;height: 24px\"><a href=\"https:\/\/blogsaverroes.juntadeandalucia.es\/ieslagranja\/files\/2025\/12\/PROYECTO-INTERMODULAR-QUISAMB.pdf\">Proyecto intermodular<\/a>.<\/td>\n<\/tr>\n<tr>\n<td style=\"width: 103.587%\"><a href=\"https:\/\/blogsaverroes.juntadeandalucia.es\/ieslagranja\/files\/2025\/12\/SALUD-Y-RIESGOS-DEL-MEDIO-CONSTRUIDO.pdf\">Salud y riesgos del medio construido<\/a>.<\/td>\n<\/tr>\n<tr style=\"height: 24px\">\n<td style=\"width: 103.587%;height: 24px\"><a href=\"https:\/\/blogsaverroes.juntadeandalucia.es\/ieslagranja\/files\/2025\/12\/OPTATIVA.-LEGIONELOSIS.pdf\">Optativa: Legionelosis<\/a>.<\/td>\n<\/tr>\n<\/tbody>\n<\/table>\n<p>&nbsp;<\/p>\n","protected":false},"excerpt":{"rendered":"<p>Criterios de Calificaci\u00f3n CFGS Qu\u00edmica y Salud Ambiental (Actualizaci\u00f3n 2025-26): Curso M\u00f3dulo 1 Contaminaci\u00f3n ambiental y atmosf\u00e9rica. Control de aguas. Control de residuos. Digitalizaci\u00f3n aplicada a los sectores productivos. IPE I Sistemas de gesti\u00f3n&#46;&#46;&#46;<\/p>\n","protected":false},"author":11116,"featured_media":0,"parent":0,"menu_order":0,"comment_status":"closed","ping_status":"closed","template":"","meta":{"ngg_post_thumbnail":0,"footnotes":"","_mc_calendar":[]},"aioseo_notices":[],"_links":{"self":[{"href":"https:\/\/blogsaverroes.juntadeandalucia.es\/ieslagranja\/wp-json\/wp\/v2\/pages\/2591"}],"collection":[{"href":"https:\/\/blogsaverroes.juntadeandalucia.es\/ieslagranja\/wp-json\/wp\/v2\/pages"}],"about":[{"href":"https:\/\/blogsaverroes.juntadeandalucia.es\/ieslagranja\/wp-json\/wp\/v2\/types\/page"}],"author":[{"embeddable":true,"href":"https:\/\/blogsaverroes.juntadeandalucia.es\/ieslagranja\/wp-json\/wp\/v2\/users\/11116"}],"replies":[{"embeddable":true,"href":"https:\/\/blogsaverroes.juntadeandalucia.es\/ieslagranja\/wp-json\/wp\/v2\/comments?post=2591"}],"version-history":[{"count":15,"href":"https:\/\/blogsaverroes.juntadeandalucia.es\/ieslagranja\/wp-json\/wp\/v2\/pages\/2591\/revisions"}],"predecessor-version":[{"id":12495,"href":"https:\/\/blogsaverroes.juntadeandalucia.es\/ieslagranja\/wp-json\/wp\/v2\/pages\/2591\/revisions\/12495"}],"wp:attachment":[{"href":"https:\/\/blogsaverroes.juntadeandalucia.es\/ieslagranja\/wp-json\/wp\/v2\/media?parent=2591"}],"curies":[{"name":"wp","href":"https:\/\/api.w.org\/{rel}","templated":true}]}}