{"id":2679,"date":"2021-02-01T14:45:30","date_gmt":"2021-02-01T12:45:30","guid":{"rendered":"https:\/\/blogsaverroes.juntadeandalucia.es\/ieslagranja\/?page_id=2679"},"modified":"2025-12-03T19:32:09","modified_gmt":"2025-12-03T17:32:09","slug":"criterios-de-evaluacion-1oeso","status":"publish","type":"page","link":"https:\/\/blogsaverroes.juntadeandalucia.es\/ieslagranja\/criterios-de-evaluacion-1oeso\/","title":{"rendered":"Criterios de evaluaci\u00f3n 1\u00ba ESO"},"content":{"rendered":"<p>En esta p\u00e1gina encontrar\u00e1s los criterios de evaluaci\u00f3n de las asignaturas de 1\u00ba ESO para el curso 2025\/26.<\/p>\n<p>Pulsa sobre cada enlace para verlas:<\/p>\n<p>&#8211;&nbsp;<a href=\"https:\/\/blogsaverroes.juntadeandalucia.es\/ieslagranja\/files\/2025\/12\/Criterios-Matematicas-1oESO-25-26.pdf\">Matem\u00e1ticas<\/a>.<\/p>\n<p>&#8211;&nbsp;<a href=\"https:\/\/blogsaverroes.juntadeandalucia.es\/ieslagranja\/files\/2025\/12\/COMPETENCIAS-CRITERIOS-1o-ESO.docx.pdf\">Lengua Castellana y Literatura<\/a>.<\/p>\n<p>&#8211;&nbsp;<a href=\"https:\/\/blogsaverroes.juntadeandalucia.es\/ieslagranja\/files\/2025\/12\/CRITERIOS-CALIFICACION-ByG-25_26.pdf\">Biolog\u00eda y Geolog\u00eda<\/a>.<\/p>\n<p>&#8211; <a href=\"https:\/\/blogsaverroes.juntadeandalucia.es\/ieslagranja\/files\/2025\/12\/Criterios-Calificacion-1o-2.odt\">Geograf\u00eda e Historia<\/a>.<\/p>\n<p>&#8211;&nbsp;<a href=\"https:\/\/blogsaverroes.juntadeandalucia.es\/ieslagranja\/files\/2025\/12\/1o-ESO-CRITERIOS-CALIFICACION-2025-2026.pdf\">Ingl\u00e9s<\/a>.<\/p>\n<p>&#8211;&nbsp;<a href=\"https:\/\/blogsaverroes.juntadeandalucia.es\/ieslagranja\/files\/2025\/12\/CRITERIOS-CALIFICACION-1oESO-25-26.pdf\">Franc\u00e9s<\/a>.<\/p>\n<p>&#8211;&nbsp;<a href=\"https:\/\/blogsaverroes.juntadeandalucia.es\/ieslagranja\/files\/2025\/12\/CRITERIOS-DE-CALIFICACION-ESO.pdf\">Educaci\u00f3n F\u00edsica<\/a>.<\/p>\n<p>&#8211;&nbsp;<a href=\"https:\/\/blogsaverroes.juntadeandalucia.es\/ieslagranja\/files\/2025\/12\/Musica-1o-ESO-2.pdf\">M\u00fasica<\/a>.<\/p>\n<p>&#8211;<a href=\"https:\/\/blogsaverroes.juntadeandalucia.es\/ieslagranja\/files\/2025\/12\/CRITERIOS-DE-CALIFICACION-25-26.docx\"> Computaci\u00f3n y Rob\u00f3tica<\/a>.<\/p>\n<p>&#8211; <a href=\"https:\/\/blogsaverroes.juntadeandalucia.es\/ieslagranja\/files\/2025\/12\/Criterios-de-calificacion-1o-ESO-Educacion-Plastica-Visual-y-Audiovisual-1o-ESO-1-1.pdf\">Educaci\u00f3n Pl\u00e1stica, Visual y Audiovisual.<\/a><\/p>\n<p>&#8211; <a href=\"https:\/\/blogsaverroes.juntadeandalucia.es\/ieslagranja\/files\/2025\/12\/Criterios-Economia-para-la-web.docx.pdf\">Taller de Ajedrez<\/a>.<\/p>\n<p>&nbsp;<\/p>\n","protected":false},"excerpt":{"rendered":"<p>En esta p\u00e1gina encontrar\u00e1s los criterios de evaluaci\u00f3n de las asignaturas de 1\u00ba ESO para el curso 2025\/26. Pulsa sobre cada enlace para verlas: &#8211;&nbsp;Matem\u00e1ticas. &#8211;&nbsp;Lengua Castellana y Literatura. &#8211;&nbsp;Biolog\u00eda y Geolog\u00eda. &#8211; Geograf\u00eda&#46;&#46;&#46;<\/p>\n","protected":false},"author":11116,"featured_media":0,"parent":0,"menu_order":0,"comment_status":"closed","ping_status":"closed","template":"","meta":{"ngg_post_thumbnail":0,"footnotes":"","_mc_calendar":[]},"aioseo_notices":[],"_links":{"self":[{"href":"https:\/\/blogsaverroes.juntadeandalucia.es\/ieslagranja\/wp-json\/wp\/v2\/pages\/2679"}],"collection":[{"href":"https:\/\/blogsaverroes.juntadeandalucia.es\/ieslagranja\/wp-json\/wp\/v2\/pages"}],"about":[{"href":"https:\/\/blogsaverroes.juntadeandalucia.es\/ieslagranja\/wp-json\/wp\/v2\/types\/page"}],"author":[{"embeddable":true,"href":"https:\/\/blogsaverroes.juntadeandalucia.es\/ieslagranja\/wp-json\/wp\/v2\/users\/11116"}],"replies":[{"embeddable":true,"href":"https:\/\/blogsaverroes.juntadeandalucia.es\/ieslagranja\/wp-json\/wp\/v2\/comments?post=2679"}],"version-history":[{"count":35,"href":"https:\/\/blogsaverroes.juntadeandalucia.es\/ieslagranja\/wp-json\/wp\/v2\/pages\/2679\/revisions"}],"predecessor-version":[{"id":12212,"href":"https:\/\/blogsaverroes.juntadeandalucia.es\/ieslagranja\/wp-json\/wp\/v2\/pages\/2679\/revisions\/12212"}],"wp:attachment":[{"href":"https:\/\/blogsaverroes.juntadeandalucia.es\/ieslagranja\/wp-json\/wp\/v2\/media?parent=2679"}],"curies":[{"name":"wp","href":"https:\/\/api.w.org\/{rel}","templated":true}]}}