{"id":2684,"date":"2021-02-02T09:48:26","date_gmt":"2021-02-02T07:48:26","guid":{"rendered":"https:\/\/blogsaverroes.juntadeandalucia.es\/ieslagranja\/?page_id=2684"},"modified":"2025-12-03T20:04:10","modified_gmt":"2025-12-03T18:04:10","slug":"criterios-de-evaluacion-2o-eso","status":"publish","type":"page","link":"https:\/\/blogsaverroes.juntadeandalucia.es\/ieslagranja\/criterios-de-evaluacion-2o-eso\/","title":{"rendered":"Criterios de evaluaci\u00f3n 2\u00ba ESO"},"content":{"rendered":"<p>En esta p\u00e1gina encontrar\u00e1s los criterios de evaluaci\u00f3n de las asignaturas de 2\u00ba ESO para el curso 2025\/26.<\/p>\n<p>Pulsa sobre cada enlace para verlas:<\/p>\n<p>&#8211; <a href=\"https:\/\/blogsaverroes.juntadeandalucia.es\/ieslagranja\/files\/2025\/12\/Criterios-Matematicas-2oESO-25-26.pdf\">Matem\u00e1ticas<\/a>.<\/p>\n<p>&#8211; <a href=\"https:\/\/blogsaverroes.juntadeandalucia.es\/ieslagranja\/files\/2025\/12\/Criterios-2o-ESO-1.odt\">Lengua Castellana y Literatura<\/a>.<\/p>\n<p>&#8211; <a href=\"https:\/\/blogsaverroes.juntadeandalucia.es\/ieslagranja\/files\/2025\/12\/CRITERIOS-CALIFICACION-FYQ-25-26.pdf\">F\u00edsica y Qu\u00edmica<\/a>.<\/p>\n<p>&#8211; <a href=\"https:\/\/blogsaverroes.juntadeandalucia.es\/ieslagranja\/files\/2025\/12\/Criterios-Calificacion-2o.odt\">Geograf\u00eda e Historia.<\/a><\/p>\n<p>&#8211; <a href=\"https:\/\/blogsaverroes.juntadeandalucia.es\/ieslagranja\/files\/2025\/12\/2o-ESO-CRITERIOS-CALIFICACION-2025-2026.pdf\">Ingl\u00e9s<\/a>.<\/p>\n<p>&#8211; <a href=\"https:\/\/blogsaverroes.juntadeandalucia.es\/ieslagranja\/files\/2025\/12\/CRITERIOS-CALIFICACION-2oESO-25-26.pdf\">Franc\u00e9s<\/a>.<\/p>\n<p>&#8211; <a href=\"https:\/\/blogsaverroes.juntadeandalucia.es\/ieslagranja\/files\/2025\/12\/CRITERIOS-DE-CALIFICACION-ESO.pdf\">Educaci\u00f3n F\u00edsica<\/a>.<\/p>\n<p>&#8211; <a href=\"https:\/\/blogsaverroes.juntadeandalucia.es\/ieslagranja\/files\/2025\/12\/musica-2o-ESO-1.pdf\">M\u00fasica<\/a>.<\/p>\n<p>&#8211; <a href=\"https:\/\/blogsaverroes.juntadeandalucia.es\/ieslagranja\/files\/2025\/12\/CRITERIOS-DE-CALIFICACION-25-26.docx\">Tecnolog\u00eda y Digitalizaci\u00f3n<\/a>.<\/p>\n<p>&#8211; <a href=\"https:\/\/blogsaverroes.juntadeandalucia.es\/ieslagranja\/files\/2024\/12\/Atencion-Educativa-2o-ESO.pdf\">Atenci\u00f3n Educativa<\/a>.<\/p>\n<p>&#8211; <a href=\"https:\/\/blogsaverroes.juntadeandalucia.es\/ieslagranja\/files\/2025\/12\/CRITERIOS-DE-CALIFICACION-25-26.docx\">Computaci\u00f3n y Rob\u00f3tica<\/a>.<\/p>\n<p>&#8211; <a href=\"https:\/\/blogsaverroes.juntadeandalucia.es\/ieslagranja\/files\/2025\/12\/Criterios-de-calificacion-Departamento-de-filosofia-25-26.pdf\">Oratoria y Debate<\/a>.<\/p>\n<p>&#8211; <a href=\"https:\/\/blogsaverroes.juntadeandalucia.es\/ieslagranja\/files\/2025\/12\/Criterios-de-calificacion-Departamento-de-filosofia-25-26.pdf\">Educaci\u00f3n en Valores C\u00edvicos y \u00c9ticos<\/a>.<\/p>\n","protected":false},"excerpt":{"rendered":"<p>En esta p\u00e1gina encontrar\u00e1s los criterios de evaluaci\u00f3n de las asignaturas de 2\u00ba ESO para el curso 2025\/26. Pulsa sobre cada enlace para verlas: &#8211; Matem\u00e1ticas. &#8211; Lengua Castellana y Literatura. &#8211; F\u00edsica y&#46;&#46;&#46;<\/p>\n","protected":false},"author":11116,"featured_media":0,"parent":0,"menu_order":0,"comment_status":"closed","ping_status":"closed","template":"","meta":{"ngg_post_thumbnail":0,"footnotes":"","_mc_calendar":[]},"aioseo_notices":[],"_links":{"self":[{"href":"https:\/\/blogsaverroes.juntadeandalucia.es\/ieslagranja\/wp-json\/wp\/v2\/pages\/2684"}],"collection":[{"href":"https:\/\/blogsaverroes.juntadeandalucia.es\/ieslagranja\/wp-json\/wp\/v2\/pages"}],"about":[{"href":"https:\/\/blogsaverroes.juntadeandalucia.es\/ieslagranja\/wp-json\/wp\/v2\/types\/page"}],"author":[{"embeddable":true,"href":"https:\/\/blogsaverroes.juntadeandalucia.es\/ieslagranja\/wp-json\/wp\/v2\/users\/11116"}],"replies":[{"embeddable":true,"href":"https:\/\/blogsaverroes.juntadeandalucia.es\/ieslagranja\/wp-json\/wp\/v2\/comments?post=2684"}],"version-history":[{"count":29,"href":"https:\/\/blogsaverroes.juntadeandalucia.es\/ieslagranja\/wp-json\/wp\/v2\/pages\/2684\/revisions"}],"predecessor-version":[{"id":12222,"href":"https:\/\/blogsaverroes.juntadeandalucia.es\/ieslagranja\/wp-json\/wp\/v2\/pages\/2684\/revisions\/12222"}],"wp:attachment":[{"href":"https:\/\/blogsaverroes.juntadeandalucia.es\/ieslagranja\/wp-json\/wp\/v2\/media?parent=2684"}],"curies":[{"name":"wp","href":"https:\/\/api.w.org\/{rel}","templated":true}]}}

Criterios de evaluación 2º ESO

<p>En esta página encontrarás los criterios de evaluación de las asignaturas de 2º ESO para el curso 2025/26.</p>
<p>Pulsa sobre cada enlace para verlas:</p>
<p>&#8211; <a href="https://blogsaverroes.juntadeandalucia.es/ieslagranja/files/2025/12/Criterios-Matematicas-2oESO-25-26.pdf">Matemáticas</a>.</p>
<p>&#8211; <a href="https://blogsaverroes.juntadeandalucia.es/ieslagranja/files/2025/12/Criterios-2o-ESO-1.odt">Lengua Castellana y Literatura</a>.</p>
<p>&#8211; <a href="https://blogsaverroes.juntadeandalucia.es/ieslagranja/files/2025/12/CRITERIOS-CALIFICACION-FYQ-25-26.pdf">Física y Química</a>.</p>
<p>&#8211; <a href="https://blogsaverroes.juntadeandalucia.es/ieslagranja/files/2025/12/Criterios-Calificacion-2o.odt">Geografía e Historia.</a></p>
<p>&#8211; <a href="https://blogsaverroes.juntadeandalucia.es/ieslagranja/files/2025/12/2o-ESO-CRITERIOS-CALIFICACION-2025-2026.pdf">Inglés</a>.</p>
<p>&#8211; <a href="https://blogsaverroes.juntadeandalucia.es/ieslagranja/files/2025/12/CRITERIOS-CALIFICACION-2oESO-25-26.pdf">Francés</a>.</p>
<p>&#8211; <a href="https://blogsaverroes.juntadeandalucia.es/ieslagranja/files/2025/12/CRITERIOS-DE-CALIFICACION-ESO.pdf">Educación Física</a>.</p>
<p>&#8211; <a href="https://blogsaverroes.juntadeandalucia.es/ieslagranja/files/2025/12/musica-2o-ESO-1.pdf">Música</a>.</p>
<p>&#8211; <a href="https://blogsaverroes.juntadeandalucia.es/ieslagranja/files/2025/12/CRITERIOS-DE-CALIFICACION-25-26.docx">Tecnología y Digitalización</a>.</p>
<p>&#8211; <a href="https://blogsaverroes.juntadeandalucia.es/ieslagranja/files/2024/12/Atencion-Educativa-2o-ESO.pdf">Atención Educativa</a>.</p>
<p>&#8211; <a href="https://blogsaverroes.juntadeandalucia.es/ieslagranja/files/2025/12/CRITERIOS-DE-CALIFICACION-25-26.docx">Computación y Robótica</a>.</p>
<p>&#8211; <a href="https://blogsaverroes.juntadeandalucia.es/ieslagranja/files/2025/12/Criterios-de-calificacion-Departamento-de-filosofia-25-26.pdf">Oratoria y Debate</a>.</p>
<p>&#8211; <a href="https://blogsaverroes.juntadeandalucia.es/ieslagranja/files/2025/12/Criterios-de-calificacion-Departamento-de-filosofia-25-26.pdf">Educación en Valores Cívicos y Éticos</a>.</p>

<p>En esta página encontrarás los criterios de evaluación de las asignaturas de 2º ESO para el curso 2025/26. Pulsa sobre cada enlace para verlas: &#8211; Matemáticas. &#8211; Lengua Castellana y Literatura. &#8211; Física y&#46;&#46;&#46;</p>
