{"id":2686,"date":"2021-02-02T09:49:11","date_gmt":"2021-02-02T07:49:11","guid":{"rendered":"https:\/\/blogsaverroes.juntadeandalucia.es\/ieslagranja\/?page_id=2686"},"modified":"2025-12-03T20:21:28","modified_gmt":"2025-12-03T18:21:28","slug":"criterios-de-evaluacion-3o-eso","status":"publish","type":"page","link":"https:\/\/blogsaverroes.juntadeandalucia.es\/ieslagranja\/criterios-de-evaluacion-3o-eso\/","title":{"rendered":"Criterios de evaluaci\u00f3n 3\u00ba ESO"},"content":{"rendered":"<p>En esta p\u00e1gina encontrar\u00e1s los criterios de evaluaci\u00f3n de las asignaturas de 3\u00ba ESO para el curso 2025\/26.<\/p>\n<p>Pulsa sobre cada enlace para verlas:<\/p>\n<p>&#8211; <a href=\"https:\/\/blogsaverroes.juntadeandalucia.es\/ieslagranja\/files\/2025\/12\/Criterios-Matematicas-3oESO-25-26.pdf\">Matem\u00e1ticas<\/a>.<\/p>\n<p>&#8211; <a href=\"https:\/\/blogsaverroes.juntadeandalucia.es\/ieslagranja\/files\/2025\/12\/Criterios-3o-ESO.odt\">Lengua Castellana y Literatura<\/a>.<\/p>\n<p>&#8211; <a href=\"https:\/\/blogsaverroes.juntadeandalucia.es\/ieslagranja\/files\/2025\/12\/CRITERIOS-CALIFICACION-ByG-25_26.pdf\">Biolog\u00eda y Geolog\u00eda<\/a>.<\/p>\n<p>&#8211; <a href=\"https:\/\/blogsaverroes.juntadeandalucia.es\/ieslagranja\/files\/2025\/12\/CRITERIOS-CALIFICACION-FYQ-25-26.pdf\">F\u00edsica y Qu\u00edmica<\/a>.<\/p>\n<p>&#8211; <a href=\"https:\/\/blogsaverroes.juntadeandalucia.es\/ieslagranja\/files\/2025\/12\/criterios-de-calificacion-geografia-3o.odt\">Geograf\u00eda e Historia<\/a>.<\/p>\n<p>&#8211; <a href=\"https:\/\/blogsaverroes.juntadeandalucia.es\/ieslagranja\/files\/2025\/12\/3o-ESO-Y-DIVER-CRITERIOS-CALIFICACION-2025-2026.pdf\">Ingl\u00e9s<\/a>.<\/p>\n<p>&#8211; <a href=\"https:\/\/blogsaverroes.juntadeandalucia.es\/ieslagranja\/files\/2025\/12\/CRITERIOS-CALIFICACION-3o-ESO-25-26.pdf\">Franc\u00e9s<\/a>.<\/p>\n<p>&#8211; <a href=\"https:\/\/blogsaverroes.juntadeandalucia.es\/ieslagranja\/files\/2025\/12\/CRITERIOS-DE-CALIFICACION-ESO.pdf\">Educaci\u00f3n F\u00edsica<\/a>.<\/p>\n<p>&#8211; <a href=\"https:\/\/blogsaverroes.juntadeandalucia.es\/ieslagranja\/files\/2025\/12\/Criterios-de-calificacion-3o-ESO-Educacion-Plastica-Visual-y-Audiovisual-2.pdf\">Educaci\u00f3n Pl\u00e1stica, Visual y Audiovisual<\/a>.<\/p>\n<p>&#8211; <a href=\"https:\/\/blogsaverroes.juntadeandalucia.es\/ieslagranja\/files\/2025\/12\/Musica-3o-ESO-3.docx\">M\u00fasica<\/a>.<\/p>\n<p>&#8211; <a href=\"https:\/\/blogsaverroes.juntadeandalucia.es\/ieslagranja\/files\/2025\/12\/CRITERIOS-DE-CALIFICACION-25-26.docx\">Tecnolog\u00eda y Digitalizaci\u00f3n<\/a>.<\/p>\n<p>&#8211; <a href=\"https:\/\/blogsaverroes.juntadeandalucia.es\/ieslagranja\/files\/2025\/12\/CRITERIOS-DE-CALIFICACION-25-26.docx\">Computaci\u00f3n y Rob\u00f3tica<\/a>.<\/p>\n<p>&#8211; <a href=\"https:\/\/blogsaverroes.juntadeandalucia.es\/ieslagranja\/files\/2025\/12\/CRITERIOS-CALIFICACION-ByG-25_26.pdf\">\u00c1mbito Cient\u00edfico-Tecnol\u00f3gico (Diversificaci\u00f3n)<\/a>.<\/p>\n<p>&#8211; <a href=\"https:\/\/blogsaverroes.juntadeandalucia.es\/ieslagranja\/files\/2025\/12\/3o-ESO-Y-DIVER-CRITERIOS-CALIFICACION-2025-2026.pdf\">\u00c1mbito Socio-Ling\u00fc\u00edstico (Diversificaci\u00f3n)<\/a>.<\/p>\n","protected":false},"excerpt":{"rendered":"<p>En esta p\u00e1gina encontrar\u00e1s los criterios de evaluaci\u00f3n de las asignaturas de 3\u00ba ESO para el curso 2025\/26. Pulsa sobre cada enlace para verlas: &#8211; Matem\u00e1ticas. &#8211; Lengua Castellana y Literatura. &#8211; Biolog\u00eda y&#46;&#46;&#46;<\/p>\n","protected":false},"author":11116,"featured_media":0,"parent":0,"menu_order":0,"comment_status":"closed","ping_status":"closed","template":"","meta":{"ngg_post_thumbnail":0,"footnotes":"","_mc_calendar":[]},"aioseo_notices":[],"_links":{"self":[{"href":"https:\/\/blogsaverroes.juntadeandalucia.es\/ieslagranja\/wp-json\/wp\/v2\/pages\/2686"}],"collection":[{"href":"https:\/\/blogsaverroes.juntadeandalucia.es\/ieslagranja\/wp-json\/wp\/v2\/pages"}],"about":[{"href":"https:\/\/blogsaverroes.juntadeandalucia.es\/ieslagranja\/wp-json\/wp\/v2\/types\/page"}],"author":[{"embeddable":true,"href":"https:\/\/blogsaverroes.juntadeandalucia.es\/ieslagranja\/wp-json\/wp\/v2\/users\/11116"}],"replies":[{"embeddable":true,"href":"https:\/\/blogsaverroes.juntadeandalucia.es\/ieslagranja\/wp-json\/wp\/v2\/comments?post=2686"}],"version-history":[{"count":42,"href":"https:\/\/blogsaverroes.juntadeandalucia.es\/ieslagranja\/wp-json\/wp\/v2\/pages\/2686\/revisions"}],"predecessor-version":[{"id":12228,"href":"https:\/\/blogsaverroes.juntadeandalucia.es\/ieslagranja\/wp-json\/wp\/v2\/pages\/2686\/revisions\/12228"}],"wp:attachment":[{"href":"https:\/\/blogsaverroes.juntadeandalucia.es\/ieslagranja\/wp-json\/wp\/v2\/media?parent=2686"}],"curies":[{"name":"wp","href":"https:\/\/api.w.org\/{rel}","templated":true}]}}

Criterios de evaluación 3º ESO

<p>En esta página encontrarás los criterios de evaluación de las asignaturas de 3º ESO para el curso 2025/26.</p>
<p>Pulsa sobre cada enlace para verlas:</p>
<p>&#8211; <a href="https://blogsaverroes.juntadeandalucia.es/ieslagranja/files/2025/12/Criterios-Matematicas-3oESO-25-26.pdf">Matemáticas</a>.</p>
<p>&#8211; <a href="https://blogsaverroes.juntadeandalucia.es/ieslagranja/files/2025/12/Criterios-3o-ESO.odt">Lengua Castellana y Literatura</a>.</p>
<p>&#8211; <a href="https://blogsaverroes.juntadeandalucia.es/ieslagranja/files/2025/12/CRITERIOS-CALIFICACION-ByG-25_26.pdf">Biología y Geología</a>.</p>
<p>&#8211; <a href="https://blogsaverroes.juntadeandalucia.es/ieslagranja/files/2025/12/CRITERIOS-CALIFICACION-FYQ-25-26.pdf">Física y Química</a>.</p>
<p>&#8211; <a href="https://blogsaverroes.juntadeandalucia.es/ieslagranja/files/2025/12/criterios-de-calificacion-geografia-3o.odt">Geografía e Historia</a>.</p>
<p>&#8211; <a href="https://blogsaverroes.juntadeandalucia.es/ieslagranja/files/2025/12/3o-ESO-Y-DIVER-CRITERIOS-CALIFICACION-2025-2026.pdf">Inglés</a>.</p>
<p>&#8211; <a href="https://blogsaverroes.juntadeandalucia.es/ieslagranja/files/2025/12/CRITERIOS-CALIFICACION-3o-ESO-25-26.pdf">Francés</a>.</p>
<p>&#8211; <a href="https://blogsaverroes.juntadeandalucia.es/ieslagranja/files/2025/12/CRITERIOS-DE-CALIFICACION-ESO.pdf">Educación Física</a>.</p>
<p>&#8211; <a href="https://blogsaverroes.juntadeandalucia.es/ieslagranja/files/2025/12/Criterios-de-calificacion-3o-ESO-Educacion-Plastica-Visual-y-Audiovisual-2.pdf">Educación Plástica, Visual y Audiovisual</a>.</p>
<p>&#8211; <a href="https://blogsaverroes.juntadeandalucia.es/ieslagranja/files/2025/12/Musica-3o-ESO-3.docx">Música</a>.</p>
<p>&#8211; <a href="https://blogsaverroes.juntadeandalucia.es/ieslagranja/files/2025/12/CRITERIOS-DE-CALIFICACION-25-26.docx">Tecnología y Digitalización</a>.</p>
<p>&#8211; <a href="https://blogsaverroes.juntadeandalucia.es/ieslagranja/files/2025/12/CRITERIOS-DE-CALIFICACION-25-26.docx">Computación y Robótica</a>.</p>
<p>&#8211; <a href="https://blogsaverroes.juntadeandalucia.es/ieslagranja/files/2025/12/CRITERIOS-CALIFICACION-ByG-25_26.pdf">Ámbito Científico-Tecnológico (Diversificación)</a>.</p>
<p>&#8211; <a href="https://blogsaverroes.juntadeandalucia.es/ieslagranja/files/2025/12/3o-ESO-Y-DIVER-CRITERIOS-CALIFICACION-2025-2026.pdf">Ámbito Socio-Lingüístico (Diversificación)</a>.</p>

<p>En esta página encontrarás los criterios de evaluación de las asignaturas de 3º ESO para el curso 2025/26. Pulsa sobre cada enlace para verlas: &#8211; Matemáticas. &#8211; Lengua Castellana y Literatura. &#8211; Biología y&#46;&#46;&#46;</p>
