{"id":2740,"date":"2021-02-02T14:33:55","date_gmt":"2021-02-02T12:33:55","guid":{"rendered":"https:\/\/blogsaverroes.juntadeandalucia.es\/ieslagranja\/?page_id=2740"},"modified":"2026-02-09T10:10:32","modified_gmt":"2026-02-09T08:10:32","slug":"criterios-de-evaluacion-iluminacion","status":"publish","type":"page","link":"https:\/\/blogsaverroes.juntadeandalucia.es\/ieslagranja\/criterios-de-evaluacion-iluminacion\/","title":{"rendered":"Criterios de evaluaci\u00f3n Iluminaci\u00f3n"},"content":{"rendered":"<p>CFGS Iluminaci\u00f3n y Captaci\u00f3n de la Imagen (Actualizado Curso 2025-26).<\/p>\n<table style=\"width: 49.055%;height: 312px\" border=\"0\">\n<tbody>\n<tr style=\"height: 24px\">\n<td style=\"height: 24px;width: 11.6049%\">Curso<\/td>\n<td style=\"height: 24px;width: 86.4198%\">M\u00f3dulo<\/td>\n<\/tr>\n<tr style=\"height: 24px\">\n<td style=\"height: 168px;width: 11.6049%\" rowspan=\"9\">1\u00ba<\/td>\n<td style=\"height: 24px;width: 86.4198%\"><a href=\"https:\/\/blogsaverroes.juntadeandalucia.es\/ieslagranja\/files\/2026\/02\/CONTROL-DE-ILUMINACION.pdf\">Control de la iluminaci\u00f3n<\/a>.<\/td>\n<\/tr>\n<tr style=\"height: 24px\">\n<td style=\"height: 24px;width: 86.4198%\"><a href=\"https:\/\/blogsaverroes.juntadeandalucia.es\/ieslagranja\/files\/2025\/12\/DIGITALIAZACION-ILUMINACION.pdf\">Digitalizaci\u00f3n<\/a><\/td>\n<\/tr>\n<tr style=\"height: 24px\">\n<td style=\"height: 24px;width: 86.4198%\"><a href=\"https:\/\/blogsaverroes.juntadeandalucia.es\/ieslagranja\/files\/2026\/02\/GRABACION-Y-EDICION-REPORTAJES-AUDIOVISUALES.pdf\">Grabaci\u00f3n y edici\u00f3n de reportajes audiovisuales<\/a>.<\/td>\n<\/tr>\n<tr style=\"height: 24px\">\n<td style=\"height: 24px;width: 86.4198%\"><a href=\"https:\/\/blogsaverroes.juntadeandalucia.es\/ieslagranja\/files\/2025\/12\/IPE-I-25-26-ILUMINACION.pdf\">IPE I<\/a>.<\/td>\n<\/tr>\n<tr style=\"height: 24px\">\n<td style=\"height: 24px;width: 86.4198%\"><a href=\"https:\/\/blogsaverroes.juntadeandalucia.es\/ieslagranja\/files\/2025\/12\/LUMINOTECNIA.pdf\">Luminotecnia<\/a>.<\/td>\n<\/tr>\n<tr style=\"height: 24px\">\n<td style=\"height: 24px;width: 86.4198%\"><a href=\"https:\/\/blogsaverroes.juntadeandalucia.es\/ieslagranja\/files\/2025\/12\/PLANIFICACION-DE-CAMARA-EN-AUDIOVISUALES.pdf\">Planificaci\u00f3n de c\u00e1mara en audiovisuales.&nbsp;<\/a><\/td>\n<\/tr>\n<tr>\n<td style=\"width: 86.4198%\"><a href=\"https:\/\/blogsaverroes.juntadeandalucia.es\/ieslagranja\/files\/2025\/12\/PROYECTOS-FOTOGRAFICOS.pdf\">Proyectos fotogr\u00e1ficos.<\/a><\/td>\n<\/tr>\n<tr>\n<td style=\"width: 86.4198%\"><a href=\"https:\/\/blogsaverroes.juntadeandalucia.es\/ieslagranja\/files\/2026\/02\/SOSTENIBILIDAD-ILUMINACION.pdf\">Sostenibilidad aplicada al sistema productivo<\/a>.<\/td>\n<\/tr>\n<tr style=\"height: 24px\">\n<td style=\"height: 24px;width: 86.4198%\"><a href=\"https:\/\/blogsaverroes.juntadeandalucia.es\/ieslagranja\/files\/2026\/01\/TRATAMIENTO-FOTOGRAFICO-DIGITAL.pdf\">Tratamiento fotogr\u00e1fico digital<\/a>.<\/td>\n<\/tr>\n<tr style=\"height: 24px\">\n<td style=\"height: 120px;width: 11.6049%\" rowspan=\"8\">2\u00ba<\/td>\n<td style=\"height: 24px;width: 86.4198%\"><a href=\"https:\/\/blogsaverroes.juntadeandalucia.es\/ieslagranja\/files\/2025\/12\/INGLES-PROFESIONAL-ILUMINACION.pdf\">Ingl\u00e9s profesional<\/a>.<\/td>\n<\/tr>\n<tr style=\"height: 24px\">\n<td style=\"height: 24px;width: 86.4198%\"><a href=\"https:\/\/blogsaverroes.juntadeandalucia.es\/ieslagranja\/files\/2025\/12\/IPE-II-25-26-ILUMINACION.pdf\">IPE II<\/a>.<\/td>\n<\/tr>\n<tr>\n<td style=\"width: 86.4198%\"><a href=\"https:\/\/blogsaverroes.juntadeandalucia.es\/ieslagranja\/files\/2025\/12\/PROYECTO-INTERMODULAR-1.pdf\">Proyecto intermodular<\/a><\/td>\n<\/tr>\n<tr>\n<td style=\"width: 86.4198%\"><a href=\"https:\/\/blogsaverroes.juntadeandalucia.es\/ieslagranja\/files\/2025\/12\/TECNICAS-AVANZADAS-DE-ESCRITURA-DE-GUION.pdf\">T\u00e9cnicas avanzadas de escritura de guion<\/a>.<\/td>\n<\/tr>\n<tr style=\"height: 24px\">\n<td style=\"height: 24px;width: 86.4198%\"><a href=\"https:\/\/blogsaverroes.juntadeandalucia.es\/ieslagranja\/files\/2025\/12\/PROCESOS-FINALES-FOTOGRAFICOS.pdf\">Procesos fotogr\u00e1ficos finales<\/a>.<\/td>\n<\/tr>\n<tr style=\"height: 24px\">\n<td style=\"height: 24px;width: 86.4198%\"><a href=\"https:\/\/blogsaverroes.juntadeandalucia.es\/ieslagranja\/files\/2025\/12\/PROYECTOS-DE-ILUMINACION.pdf\">Proyectos de iluminaci\u00f3n<\/a>.<\/td>\n<\/tr>\n<tr>\n<td style=\"width: 86.4198%\"><a href=\"https:\/\/blogsaverroes.juntadeandalucia.es\/ieslagranja\/files\/2025\/12\/TOMA-DE-IMAGEN-AUDIOVISUAL.pdf\">Toma de imagen audiovisual<\/a>.<\/td>\n<\/tr>\n<tr style=\"height: 24px\">\n<td style=\"height: 24px;width: 86.4198%\"><a href=\"https:\/\/blogsaverroes.juntadeandalucia.es\/ieslagranja\/files\/2025\/12\/TOMA-FOTOGRAFICA.pdf\">Toma fotogr\u00e1fica<\/a>.<\/td>\n<\/tr>\n<\/tbody>\n<\/table>\n","protected":false},"excerpt":{"rendered":"<p>CFGS Iluminaci\u00f3n y Captaci\u00f3n de la Imagen (Actualizado Curso 2025-26). Curso M\u00f3dulo 1\u00ba Control de la iluminaci\u00f3n. Digitalizaci\u00f3n Grabaci\u00f3n y edici\u00f3n de reportajes audiovisuales. IPE I. Luminotecnia. Planificaci\u00f3n de c\u00e1mara en audiovisuales.&nbsp; Proyectos fotogr\u00e1ficos.&#46;&#46;&#46;<\/p>\n","protected":false},"author":11116,"featured_media":0,"parent":0,"menu_order":0,"comment_status":"closed","ping_status":"closed","template":"","meta":{"ngg_post_thumbnail":0,"footnotes":"","_mc_calendar":[]},"aioseo_notices":[],"_links":{"self":[{"href":"https:\/\/blogsaverroes.juntadeandalucia.es\/ieslagranja\/wp-json\/wp\/v2\/pages\/2740"}],"collection":[{"href":"https:\/\/blogsaverroes.juntadeandalucia.es\/ieslagranja\/wp-json\/wp\/v2\/pages"}],"about":[{"href":"https:\/\/blogsaverroes.juntadeandalucia.es\/ieslagranja\/wp-json\/wp\/v2\/types\/page"}],"author":[{"embeddable":true,"href":"https:\/\/blogsaverroes.juntadeandalucia.es\/ieslagranja\/wp-json\/wp\/v2\/users\/11116"}],"replies":[{"embeddable":true,"href":"https:\/\/blogsaverroes.juntadeandalucia.es\/ieslagranja\/wp-json\/wp\/v2\/comments?post=2740"}],"version-history":[{"count":15,"href":"https:\/\/blogsaverroes.juntadeandalucia.es\/ieslagranja\/wp-json\/wp\/v2\/pages\/2740\/revisions"}],"predecessor-version":[{"id":12604,"href":"https:\/\/blogsaverroes.juntadeandalucia.es\/ieslagranja\/wp-json\/wp\/v2\/pages\/2740\/revisions\/12604"}],"wp:attachment":[{"href":"https:\/\/blogsaverroes.juntadeandalucia.es\/ieslagranja\/wp-json\/wp\/v2\/media?parent=2740"}],"curies":[{"name":"wp","href":"https:\/\/api.w.org\/{rel}","templated":true}]}}

Criterios de evaluación Iluminación

<p>CFGS Iluminación y Captación de la Imagen (Actualizado Curso 2025-26).</p>
<table style="width: 49.055%;height: 312px" border="0">
<tbody>
<tr style="height: 24px">
<td style="height: 24px;width: 11.6049%">Curso</td>
<td style="height: 24px;width: 86.4198%">Módulo</td>
</tr>
<tr style="height: 24px">
<td style="height: 168px;width: 11.6049%" rowspan="9">1º</td>
<td style="height: 24px;width: 86.4198%"><a href="https://blogsaverroes.juntadeandalucia.es/ieslagranja/files/2026/02/CONTROL-DE-ILUMINACION.pdf">Control de la iluminación</a>.</td>
</tr>
<tr style="height: 24px">
<td style="height: 24px;width: 86.4198%"><a href="https://blogsaverroes.juntadeandalucia.es/ieslagranja/files/2025/12/DIGITALIAZACION-ILUMINACION.pdf">Digitalización</a></td>
</tr>
<tr style="height: 24px">
<td style="height: 24px;width: 86.4198%"><a href="https://blogsaverroes.juntadeandalucia.es/ieslagranja/files/2026/02/GRABACION-Y-EDICION-REPORTAJES-AUDIOVISUALES.pdf">Grabación y edición de reportajes audiovisuales</a>.</td>
</tr>
<tr style="height: 24px">
<td style="height: 24px;width: 86.4198%"><a href="https://blogsaverroes.juntadeandalucia.es/ieslagranja/files/2025/12/IPE-I-25-26-ILUMINACION.pdf">IPE I</a>.</td>
</tr>
<tr style="height: 24px">
<td style="height: 24px;width: 86.4198%"><a href="https://blogsaverroes.juntadeandalucia.es/ieslagranja/files/2025/12/LUMINOTECNIA.pdf">Luminotecnia</a>.</td>
</tr>
<tr style="height: 24px">
<td style="height: 24px;width: 86.4198%"><a href="https://blogsaverroes.juntadeandalucia.es/ieslagranja/files/2025/12/PLANIFICACION-DE-CAMARA-EN-AUDIOVISUALES.pdf">Planificación de cámara en audiovisuales.&nbsp;</a></td>
</tr>
<tr>
<td style="width: 86.4198%"><a href="https://blogsaverroes.juntadeandalucia.es/ieslagranja/files/2025/12/PROYECTOS-FOTOGRAFICOS.pdf">Proyectos fotográficos.</a></td>
</tr>
<tr>
<td style="width: 86.4198%"><a href="https://blogsaverroes.juntadeandalucia.es/ieslagranja/files/2026/02/SOSTENIBILIDAD-ILUMINACION.pdf">Sostenibilidad aplicada al sistema productivo</a>.</td>
</tr>
<tr style="height: 24px">
<td style="height: 24px;width: 86.4198%"><a href="https://blogsaverroes.juntadeandalucia.es/ieslagranja/files/2026/01/TRATAMIENTO-FOTOGRAFICO-DIGITAL.pdf">Tratamiento fotográfico digital</a>.</td>
</tr>
<tr style="height: 24px">
<td style="height: 120px;width: 11.6049%" rowspan="8">2º</td>
<td style="height: 24px;width: 86.4198%"><a href="https://blogsaverroes.juntadeandalucia.es/ieslagranja/files/2025/12/INGLES-PROFESIONAL-ILUMINACION.pdf">Inglés profesional</a>.</td>
</tr>
<tr style="height: 24px">
<td style="height: 24px;width: 86.4198%"><a href="https://blogsaverroes.juntadeandalucia.es/ieslagranja/files/2025/12/IPE-II-25-26-ILUMINACION.pdf">IPE II</a>.</td>
</tr>
<tr>
<td style="width: 86.4198%"><a href="https://blogsaverroes.juntadeandalucia.es/ieslagranja/files/2025/12/PROYECTO-INTERMODULAR-1.pdf">Proyecto intermodular</a></td>
</tr>
<tr>
<td style="width: 86.4198%"><a href="https://blogsaverroes.juntadeandalucia.es/ieslagranja/files/2025/12/TECNICAS-AVANZADAS-DE-ESCRITURA-DE-GUION.pdf">Técnicas avanzadas de escritura de guion</a>.</td>
</tr>
<tr style="height: 24px">
<td style="height: 24px;width: 86.4198%"><a href="https://blogsaverroes.juntadeandalucia.es/ieslagranja/files/2025/12/PROCESOS-FINALES-FOTOGRAFICOS.pdf">Procesos fotográficos finales</a>.</td>
</tr>
<tr style="height: 24px">
<td style="height: 24px;width: 86.4198%"><a href="https://blogsaverroes.juntadeandalucia.es/ieslagranja/files/2025/12/PROYECTOS-DE-ILUMINACION.pdf">Proyectos de iluminación</a>.</td>
</tr>
<tr>
<td style="width: 86.4198%"><a href="https://blogsaverroes.juntadeandalucia.es/ieslagranja/files/2025/12/TOMA-DE-IMAGEN-AUDIOVISUAL.pdf">Toma de imagen audiovisual</a>.</td>
</tr>
<tr style="height: 24px">
<td style="height: 24px;width: 86.4198%"><a href="https://blogsaverroes.juntadeandalucia.es/ieslagranja/files/2025/12/TOMA-FOTOGRAFICA.pdf">Toma fotográfica</a>.</td>
</tr>
</tbody>
</table>

<p>CFGS Iluminación y Captación de la Imagen (Actualizado Curso 2025-26). Curso Módulo 1º Control de la iluminación. Digitalización Grabación y edición de reportajes audiovisuales. IPE I. Luminotecnia. Planificación de cámara en audiovisuales.&nbsp; Proyectos fotográficos.&#46;&#46;&#46;</p>
